{"id":62,"date":"2019-11-19T14:19:56","date_gmt":"2019-11-19T17:19:56","guid":{"rendered":"https:\/\/www.ufmg.br\/saudemental\/?page_id=62"},"modified":"2020-01-08T18:33:06","modified_gmt":"2020-01-08T20:33:06","slug":"para-servidores","status":"publish","type":"page","link":"https:\/\/www.ufmg.br\/saudemental\/para-servidores\/","title":{"rendered":"Para Servidores"},"content":{"rendered":"<p>Existem muitos fatores &#8211; subjetivos e coletivos &#8211; que interferem na qualidade de vida e na promo\u00e7\u00e3o da sa\u00fade no ambiente de trabalho. Imagine colocar, numa mesma balan\u00e7a, responsabilidades, prazos, interesses e condi\u00e7\u00f5es diversas num espa\u00e7o t\u00e3o grande e m\u00faltiplo como a UFMG! \u00c9 uma realidade que acaba impactando diretamente no modo como funcion\u00e1rios sentem e se relacionam com as pessoas e com a atividade que exercem.<\/p>\n<p>Nessa se\u00e7\u00e3o, o servidor, seja ele docente ou t\u00e9cnico-administrativo, encontra algumas reflex\u00f5es que enquadram o tema da promo\u00e7\u00e3o da sa\u00fade mental no ambiente universit\u00e1rio. Por isso, para al\u00e9m de divulgar algumas iniciativas existentes na UFMG, os conte\u00fados apresentados colaboram com algumas dicas para a constru\u00e7\u00e3o de um ambiente de trabalho prazeroso e acolhedor.<\/p>\n","protected":false},"excerpt":{"rendered":"<p>Existem muitos fatores &#8211; subjetivos e coletivos &#8211; que interferem na qualidade de vida e na promo\u00e7\u00e3o da sa\u00fade no ambiente de trabalho. Imagine colocar, numa mesma balan\u00e7a, responsabilidades, prazos, interesses e condi\u00e7\u00f5es diversas num [&#8230;]<\/p>\n","protected":false},"author":1,"featured_media":343,"parent":0,"menu_order":0,"comment_status":"closed","ping_status":"closed","template":"","meta":{"_acf_changed":false,"footnotes":""},"class_list":["post-62","page","type-page","status-publish","has-post-thumbnail","hentry"],"acf":[],"_links":{"self":[{"href":"https:\/\/www.ufmg.br\/saudemental\/wp-json\/wp\/v2\/pages\/62","targetHints":{"allow":["GET"]}}],"collection":[{"href":"https:\/\/www.ufmg.br\/saudemental\/wp-json\/wp\/v2\/pages"}],"about":[{"href":"https:\/\/www.ufmg.br\/saudemental\/wp-json\/wp\/v2\/types\/page"}],"author":[{"embeddable":true,"href":"https:\/\/www.ufmg.br\/saudemental\/wp-json\/wp\/v2\/users\/1"}],"replies":[{"embeddable":true,"href":"https:\/\/www.ufmg.br\/saudemental\/wp-json\/wp\/v2\/comments?post=62"}],"version-history":[{"count":2,"href":"https:\/\/www.ufmg.br\/saudemental\/wp-json\/wp\/v2\/pages\/62\/revisions"}],"predecessor-version":[{"id":379,"href":"https:\/\/www.ufmg.br\/saudemental\/wp-json\/wp\/v2\/pages\/62\/revisions\/379"}],"wp:featuredmedia":[{"embeddable":true,"href":"https:\/\/www.ufmg.br\/saudemental\/wp-json\/wp\/v2\/media\/343"}],"wp:attachment":[{"href":"https:\/\/www.ufmg.br\/saudemental\/wp-json\/wp\/v2\/media?parent=62"}],"curies":[{"name":"wp","href":"https:\/\/api.w.org\/{rel}","templated":true}]}}

<p>Existem muitos fatores &#8211; subjetivos e coletivos &#8211; que interferem na qualidade de vida e na promoção da saúde no ambiente de trabalho. Imagine colocar, numa mesma balança, responsabilidades, prazos, interesses e condições diversas num espaço tão grande e múltiplo como a UFMG! É uma realidade que acaba impactando diretamente no modo como funcionários sentem e se relacionam com as pessoas e com a atividade que exercem.</p>
<p>Nessa seção, o servidor, seja ele docente ou técnico-administrativo, encontra algumas reflexões que enquadram o tema da promoção da saúde mental no ambiente universitário. Por isso, para além de divulgar algumas iniciativas existentes na UFMG, os conteúdos apresentados colaboram com algumas dicas para a construção de um ambiente de trabalho prazeroso e acolhedor.</p>

<p>Existem muitos fatores &#8211; subjetivos e coletivos &#8211; que interferem na qualidade de vida e na promoção da saúde no ambiente de trabalho. Imagine colocar, numa mesma balança, responsabilidades, prazos, interesses e condições diversas num [&#8230;]</p>
