{"id":741,"date":"2020-11-12T11:42:23","date_gmt":"2020-11-12T13:42:23","guid":{"rendered":"https:\/\/www.ufmg.br\/saudemental\/?page_id=741"},"modified":"2025-01-21T09:55:47","modified_gmt":"2025-01-21T12:55:47","slug":"acolhimento","status":"publish","type":"page","link":"https:\/\/www.ufmg.br\/saudemental\/rede-de-apoio\/acolhimento\/","title":{"rendered":"Canais de acolhimento"},"content":{"rendered":"<p>Abaixo, confira a listagem dos canais de acolhimento nas unidades acad\u00eamicas.<\/p>\n<p>&nbsp;<\/p>\n<h3><a href=\"https:\/\/www.coltec.ufmg.br\/coltec-ufmg\/?page_id=8863\">Coltec-UFMG <b>\/ Se\u00e7\u00e3o de Acompanhamento Psicossocial (SEAP)<\/b><\/a><\/h3>\n<p><strong><b>Respons\u00e1veis: <\/b><\/strong>Diogo Ferreira do Nascimento, Gisele Duarte Santos e Simone Pinto Vasconcelos<strong><b><br \/>\n<\/b><\/strong><strong>Contatos: <\/strong>(31) 3409-4939\u00a0\/ (31) 98689-2052 | (31) 98689-2059\u00a0<em><br \/>\n<\/em><strong>Hor\u00e1rios<\/strong><strong>:\u00a0<\/strong>das 09h \u00e0s 22h<\/p>\n<p>&nbsp;<\/p>\n<h3><a href=\"https:\/\/www.instagram.com\/naeeng.ufmg\/\">Escola de Engenharia \/ N\u00facleo de Acolhimento da Escola de Engenharia &#8211; NAAENG<\/a><\/h3>\n<p><strong><b>Respons\u00e1veis:<\/b><\/strong> Maria Aparecida Rodrigues da Rocha e Renan Fernandes Kozan<br \/>\n<strong>Contatos: <\/strong>3409-1891<em>\/ acolhimento@eng.ufmg.br<\/em><br \/>\n<strong>Hor\u00e1rio: <\/strong>De segunda \u00e0 sexta, das 10h \u00e0s 17h (mediante agendamento)\u00a0<span style=\"font-weight: 400;\"><br \/>\n<\/span><\/p>\n<p>&nbsp;<\/p>\n<h3>Faculdade de Ci\u00eancias Econ\u00f4micas \/ Escuta Integrada Face &#8211; EI Face<\/h3>\n<p><strong><b>Respons\u00e1vel: <\/b><\/strong>Etel Rossi<strong><br \/>\n<\/strong><strong>Contatos:<\/strong> 3409-7064 \/ <em>eiface@face.ufmg.br<\/em><br \/>\n<strong>Hor\u00e1rio:<\/strong> das 9h \u00e0s 12h e das 14h \u00e0s 16h<\/p>\n<p>&nbsp;<\/p>\n<h3>Faculdade de Farm\u00e1cia\u00a0\/ Escuta Fafar<\/h3>\n<p><strong><b>Respons\u00e1vel: <\/b><\/strong>Aid\u00ea Cristina Silva Teixeira (Assessoria Educacional)<strong><br \/>\n<\/strong><strong>Contatos:<\/strong> (31) 3409-6741 \/ <em>assessoriaeducacional@farmacia.ufmg.br<\/em><\/p>\n<p>&nbsp;<\/p>\n<h3><a href=\"https:\/\/www.fafich.ufmg.br\/nad-2\/\">Faculdade de Filosofia e Ci\u00eancias Humanas \/ FAFICH &#8211; N\u00facleo de Acolhimento e Di\u00e1logo (NAD)<\/a><\/h3>\n<p><strong><b>Respons\u00e1vel: <\/b><\/strong>Janaina Mara Soares Ferreira\u00a0<strong><br \/>\n<\/strong><strong>Contatos: <\/strong>(31) 3409-5049 | <em>nad@fafich.ufmg.br\u00a0<\/em><br \/>\n<strong>Hor\u00e1rio:<\/strong> de segunda \u00e0 sexta, das 9h \u00e0s 16h<\/p>\n<p>&nbsp;<\/p>\n<h3><a href=\"http:\/\/www.letras.ufmg.br\/sael\/\">Faculdade de Letras \/ SAEL &#8211; Servi\u00e7o de Acolhimento e Escuta<\/a><\/h3>\n<p><strong><b>Respons\u00e1veis: <\/b><\/strong>Profa. Maralice de Souza Neves (Coordenadora) e Josie Helen Martins (Secret\u00e1ria)<strong><b><br \/>\n<\/b><\/strong><strong>Contatos: <\/strong>(31) 3409-7475<em>\u00a0\/\u00a0sael@letras.ufmg.br<br \/>\n<\/em><strong>Hor\u00e1rios<\/strong><strong>:\u00a0<\/strong>das 10h \u00e0s 12h, das 14h \u00e0s 17h e das 18h \u00e0s 19h<em><br \/>\n<\/em><\/p>\n<p>&nbsp;<\/p>\n<h3><a href=\"https:\/\/www.medicina.ufmg.br\/cegrad\/escuta-academica\/\">Faculdade de Medicina <b>\/ <\/b>Assessoria de Escuta Acad\u00eamica do Cegrad<\/a><\/h3>\n<p><strong><b>Respons\u00e1veis: <\/b><\/strong>Caroline Stumpf Buaes, Jordan Diego Costa Melo e Maria das Gra\u00e7as Santos Ribeiro\u00a0<strong><br \/>\n<\/strong><strong>Contatos:<\/strong> 3409-9659 \/ 3409-9664 <strong>\/ <\/strong><em>escutaacademica@medicina.ufmg.br<\/em><br \/>\n<strong>Hor\u00e1rio:<\/strong> das 10h \u00e0s 12h30 e das 13h30 \u00e0s 16h<\/p>\n<p>&nbsp;<\/p>\n<h3><a href=\"https:\/\/www.ica.ufmg.br\/?ica=secao-saude-do-trabalhador\">Instituto de Ci\u00eancias Agr\u00e1rias (Montes Claros) &#8211; Se\u00e7\u00e3o de Sa\u00fade do Trabalhador<\/a><\/h3>\n<p><strong><b>Respons\u00e1veis:<\/b>\u00a0<\/strong>Amanda Rodrigues, Arley Erivelton, Lusiane Santos e Renata Di Pietro<br \/>\n<strong>Contato:<\/strong>(38) 2101-7979<br \/>\n<strong>Hor\u00e1rios:<\/strong> de segunda \u00e0 quinta, das 7h \u00e0s 21h. \u00c0s sextas, das 7h \u00e0s 19h<\/p>\n<p>&nbsp;<\/p>\n<h3>Instituto de Ci\u00eancias Agr\u00e1rias (Montes Claros) &#8211; Se\u00e7\u00e3o de Psicologia e Assist\u00eancia Social<\/h3>\n<p><strong><b>Respons\u00e1veis: <\/b><\/strong>Elaine Barreto (Psicologia) e Michely Gon\u00e7alves (Assistente Social)<strong><br \/>\n<\/strong><strong>Contatos: <\/strong>Psicologia | (38) 2101-7709 \/ Servi\u00e7o Social | (38) 2101-7784<br \/>\n<strong>Hor\u00e1rios:<\/strong> de segunda \u00e0 sexta, das 7h30 \u00e0s 16h30<\/p>\n<p>&nbsp;<\/p>\n<h3><a href=\"https:\/\/projetoescutaufmg.wixsite.com\/projetoescuta\"><b>Instituto de Ci\u00eancias Biol\u00f3gicas (ICB) \/ Projeto Escuta<\/b><\/a><\/h3>\n<p><strong>Respons\u00e1veis:\u00a0<\/strong>Janaina Soares<br \/>\n<strong>Contatos: <\/strong>projetoescutaufmg@gmail.com<br \/>\n<strong>Hor\u00e1rios:<\/strong> \u00e0s segundas, das 15h \u00e0s 18h. \u00c0s ter\u00e7as, das 14h \u00e0s 16h e das 19h \u00e0s 20h. \u00c0s quartas, das 13h \u00e0s 15h e das 17h \u00e0s 20h. \u00c0s quintas, das 9h \u00e0s 11h, das 13h \u00e0s 15h e das 16h \u00e0s 18h<\/p>\n<p>&nbsp;<\/p>\n<h3><a href=\"https:\/\/www.ufmg.br\/prae\/setor-de-orientacao-e-acolhimento\/\"><b>Setor de Acolhimento e Orienta\u00e7\u00e3o a Estudantes \/ PRAE<\/b><\/a><\/h3>\n<p><strong>Contatos:<\/strong> (31) 3409-3862 \/ 3122 \/ 4178 | orientacaoestudantes@prae.ufmg.br<br \/>\n<strong>Hor\u00e1rio:<\/strong> Segunda a sexta: 9h \u00e0s 17h. \u00c0s segundas e quartas, atendimento 18h30.<b><span style=\"font-weight: 400;\"><br \/>\n<\/span><\/b><\/p>\n<p>&nbsp;<\/p>\n<h3><a href=\"https:\/\/www.icex.ufmg.br\/icex_novo\/acolhimento\/\"><b>Espa\u00e7o de Acolhimento e Promo\u00e7\u00e3o da Sa\u00fade Mental do ICEx &#8211; <\/b>Espa\u00e7AMente<\/a><\/h3>\n<p><strong><b>Respons\u00e1vel: <\/b><\/strong>Luana Giarola Contiero<br \/>\n<strong>Contatos:<\/strong> <em>acolhimento@icex.ufmg.br<\/em><br \/>\n<strong>Hor\u00e1rio:<\/strong> de segunda \u00e0 quarta e sextas, das 07h30 \u00e0s 16h30. \u00c0s quintas, das 10h30 \u00e0s 19h30<br \/>\n<strong>Atendimento: <\/strong>Presencial ou remoto, com ou sem agendamento pr\u00e9vio<\/p>\n<p>&nbsp;<\/p>\n<h3>Faculdade de Educa\u00e7\u00e3o \/ N\u00facleo de Escuta FAE<\/h3>\n<p><strong><b>Respons\u00e1vel: <\/b><\/strong>Paula Maia Nogueira<strong><br \/>\n<\/strong><strong>Contatos: <\/strong>(31) 3409-7477 \/ ouvidoria@fae.ufmg.br<br \/>\n<strong>Atendimento:<\/strong> Presencial ou remoto, com agendamento pr\u00e9vio<\/p>\n<p>&nbsp;<\/p>\n","protected":false},"excerpt":{"rendered":"<p>Abaixo, confira a listagem dos canais de acolhimento nas unidades acad\u00eamicas. &nbsp; Coltec-UFMG \/ Se\u00e7\u00e3o de Acompanhamento Psicossocial (SEAP) Respons\u00e1veis: Diogo Ferreira do Nascimento, Gisele Duarte Santos e Simone Pinto Vasconcelos Contatos: (31) 3409-4939\u00a0\/ (31) [&#8230;]<\/p>\n","protected":false},"author":2,"featured_media":341,"parent":36,"menu_order":0,"comment_status":"closed","ping_status":"closed","template":"","meta":{"_acf_changed":false,"footnotes":""},"class_list":["post-741","page","type-page","status-publish","has-post-thumbnail","hentry"],"acf":[],"_links":{"self":[{"href":"https:\/\/www.ufmg.br\/saudemental\/wp-json\/wp\/v2\/pages\/741","targetHints":{"allow":["GET"]}}],"collection":[{"href":"https:\/\/www.ufmg.br\/saudemental\/wp-json\/wp\/v2\/pages"}],"about":[{"href":"https:\/\/www.ufmg.br\/saudemental\/wp-json\/wp\/v2\/types\/page"}],"author":[{"embeddable":true,"href":"https:\/\/www.ufmg.br\/saudemental\/wp-json\/wp\/v2\/users\/2"}],"replies":[{"embeddable":true,"href":"https:\/\/www.ufmg.br\/saudemental\/wp-json\/wp\/v2\/comments?post=741"}],"version-history":[{"count":22,"href":"https:\/\/www.ufmg.br\/saudemental\/wp-json\/wp\/v2\/pages\/741\/revisions"}],"predecessor-version":[{"id":1024,"href":"https:\/\/www.ufmg.br\/saudemental\/wp-json\/wp\/v2\/pages\/741\/revisions\/1024"}],"up":[{"embeddable":true,"href":"https:\/\/www.ufmg.br\/saudemental\/wp-json\/wp\/v2\/pages\/36"}],"wp:featuredmedia":[{"embeddable":true,"href":"https:\/\/www.ufmg.br\/saudemental\/wp-json\/wp\/v2\/media\/341"}],"wp:attachment":[{"href":"https:\/\/www.ufmg.br\/saudemental\/wp-json\/wp\/v2\/media?parent=741"}],"curies":[{"name":"wp","href":"https:\/\/api.w.org\/{rel}","templated":true}]}}