{"id":80,"date":"2019-11-19T14:23:16","date_gmt":"2019-11-19T17:23:16","guid":{"rendered":"https:\/\/www.ufmg.br\/saudemental\/?page_id=80"},"modified":"2020-05-25T17:33:14","modified_gmt":"2020-05-25T20:33:14","slug":"familia-e-amigos","status":"publish","type":"page","link":"https:\/\/www.ufmg.br\/saudemental\/familia-e-amigos\/","title":{"rendered":"Fam\u00edlia e amigos"},"content":{"rendered":"<p>Os familiares s\u00e3o sempre muito lembrados quando se est\u00e1 diante de uma pessoa em risco, em crise ou com dificuldades &#8211; seja pelos profissionais e gestores dos servi\u00e7os de sa\u00fade, pelos vizinhos, pelos amigos ou mesmo pela sociedade em geral. Questionamentos recorrentes s\u00e3o: voc\u00eas chamaram a fam\u00edlia? Mas cad\u00ea a fam\u00edlia? Os familiares est\u00e3o tomando provid\u00eancias? O que os familiares falaram?<\/p>\n<p>Tais questionamentos, muitas das vezes, est\u00e3o sustentados por algumas certezas:<\/p>\n<ol>\n<li>A responsabilidade do cuidado \u00e9 da fam\u00edlia.<\/li>\n<li>A fam\u00edlia \u00e9 o lugar do afeto incondicional.<\/li>\n<li>A fam\u00edlia \u2018fala por ou sabe por\u2019 essa pessoa que, estando em crise, n\u00e3o fala ou sabe por si s\u00f3.<\/li>\n<\/ol>\n<p>Vale pensar que, talvez, essas certezas, t\u00e3o entranhadas em nosso cotidiano e nosso modo de ver a fam\u00edlia e a loucura, pudessem ser apenas <strong>meias certezas<\/strong>, ou mesmo, <strong>incertezas<\/strong>.<\/p>\n<p>Nesse sentido, a responsabilidade do cuidado poderia tamb\u00e9m significar que a fam\u00edlia fosse correspons\u00e1vel com tantos outros e outras que tamb\u00e9m funcionassem como fam\u00edlia para a pessoa em quest\u00e3o. E que, por vezes, essa fam\u00edlia poderia estar sofrendo tanto ou t\u00e3o \u2018desorganizada\u2019 em seus afetos e modos de ser fam\u00edlia, quanto a pessoa que est\u00e1 em crise. Dessa forma, o afeto incondicional estaria condicionado ao momento presente, ao aqui e agora dessas pessoas, mas tamb\u00e9m \u00e0 toda hist\u00f3ria, de fatos e afetos, que essa fam\u00edlia j\u00e1 viveu.<\/p>\n<blockquote><p>E de tanto viver, assim, juntos, lado a lado, em momentos t\u00e3o diversos, intensos em amores, tens\u00f5es, conflitos&#8230;. ou de tanto viver, assim, na mesma rua, mesmo n\u00famero, mesmo apartamento ou casa, numa proximidade geogr\u00e1fica, mas uma geografia sem encontros&#8230;<\/p><\/blockquote>\n<p>Que esses tantos jeitos e modos &#8211; e outros tantos que nem imaginamos &#8211; que cabem nesse universo que chamamos de fam\u00edlia, poderiam sinalizar para todos que uma fam\u00edlia poderia falar por ou saber por seu familiar em crise ou grande sofrimento, mas tamb\u00e9m que essa fala ou saberes ser\u00e3o sempre a fala e saberes de outros, ainda que familiares, ainda que amigos, ainda que amores.<\/p>\n","protected":false},"excerpt":{"rendered":"<p>Os familiares s\u00e3o sempre muito lembrados quando se est\u00e1 diante de uma pessoa em risco, em crise ou com dificuldades &#8211; seja pelos profissionais e gestores dos servi\u00e7os de sa\u00fade, pelos vizinhos, pelos amigos ou [&#8230;]<\/p>\n","protected":false},"author":1,"featured_media":419,"parent":0,"menu_order":0,"comment_status":"closed","ping_status":"closed","template":"","meta":{"_acf_changed":false,"footnotes":""},"class_list":["post-80","page","type-page","status-publish","has-post-thumbnail","hentry"],"acf":[],"_links":{"self":[{"href":"https:\/\/www.ufmg.br\/saudemental\/wp-json\/wp\/v2\/pages\/80","targetHints":{"allow":["GET"]}}],"collection":[{"href":"https:\/\/www.ufmg.br\/saudemental\/wp-json\/wp\/v2\/pages"}],"about":[{"href":"https:\/\/www.ufmg.br\/saudemental\/wp-json\/wp\/v2\/types\/page"}],"author":[{"embeddable":true,"href":"https:\/\/www.ufmg.br\/saudemental\/wp-json\/wp\/v2\/users\/1"}],"replies":[{"embeddable":true,"href":"https:\/\/www.ufmg.br\/saudemental\/wp-json\/wp\/v2\/comments?post=80"}],"version-history":[{"count":3,"href":"https:\/\/www.ufmg.br\/saudemental\/wp-json\/wp\/v2\/pages\/80\/revisions"}],"predecessor-version":[{"id":511,"href":"https:\/\/www.ufmg.br\/saudemental\/wp-json\/wp\/v2\/pages\/80\/revisions\/511"}],"wp:featuredmedia":[{"embeddable":true,"href":"https:\/\/www.ufmg.br\/saudemental\/wp-json\/wp\/v2\/media\/419"}],"wp:attachment":[{"href":"https:\/\/www.ufmg.br\/saudemental\/wp-json\/wp\/v2\/media?parent=80"}],"curies":[{"name":"wp","href":"https:\/\/api.w.org\/{rel}","templated":true}]}}