{"id":445,"date":"2023-10-23T15:26:50","date_gmt":"2023-10-23T18:26:50","guid":{"rendered":"https:\/\/www.ufmg.br\/semanadoconhecimento\/2023\/?page_id=445"},"modified":"2023-10-23T15:26:51","modified_gmt":"2023-10-23T18:26:51","slug":"mostras","status":"publish","type":"page","link":"https:\/\/www.ufmg.br\/semanadoconhecimento\/2023\/mostras\/","title":{"rendered":"Mostras"},"content":{"rendered":"<div id=\"sp-ea-443\" class=\"sp-ea-one sp-easy-accordion\" data-ex-icon=\"fa-minus\" data-col-icon=\"fa-plus\"  data-ea-active=\"ea-click\"  data-ea-mode=\"vertical\" data-preloader=\"\"><div class=\"ea-card ea-expand sp-ea-single\"><h3 class=\"ea-header\"><a class=\"collapsed\" data-sptoggle=\"spcollapse\" data-sptarget=#collapse4430 href=\"javascript:void(0)\" aria-expanded=\"true\"><i class=\"ea-expand-icon fa fa-minus\"><\/i> DRI - UFMG - Encontro de Mobilidade Internacional<\/a><\/h3><div class=\"sp-collapse spcollapse collapsed show\" id=\"collapse4430\" data-parent=#sp-ea-443><div class=\"ea-body\"><div><b>VI Encontro de Mobilidade Internacional<\/b><\/div>\n<div><\/div>\n<div>\n<div>O VI Encontro de Mobilidade Internacional da UFMG ocorrer\u00e1 durante a Semana do Conhecimento, entre os dias 24 e 25 de outubro de 2023, com a finalidade de divulgar \u00e0 comunidade acad\u00eamica as diversas atividades de internacionaliza\u00e7\u00e3o realizadas pelos discentes brasileiros e internacionais da nossa Universidade. O encontro ser\u00e1 promovido pela Diretoria de Rela\u00e7\u00f5es Internacionais (DRI) com a colabora\u00e7\u00e3o de estudantes que participam\/participaram de mobilidades internacionais. No evento, s\u00e3o apresentados trabalhos que relatam as experi\u00eancias vivenciadas durante o per\u00edodo de interc\u00e2mbio. Considera-se aqui como experi\u00eancia qualquer atividade de estudos ou ensino, pesquisa, extens\u00e3o, de est\u00e1gio profissional e acad\u00eamico, de desenvolvimento lingu\u00edstico ou art\u00edstico-cultural, desenvolvida durante o per\u00edodo de interc\u00e2mbio.<\/div>\n<\/div>\n<div><\/div>\n<div><strong>Local: CAD 3<\/strong><\/div>\n<div><strong>Dia 24\/10\/2023 - Manh\u00e3 e Tarde e 25\/10\/2023 - Manh\u00e3<\/strong><\/div>\n<\/div><\/div><\/div><div class=\"ea-card  sp-ea-single\"><h3 class=\"ea-header\"><a class=\"collapsed\" data-sptoggle=\"spcollapse\" data-sptarget=#collapse4431 href=\"javascript:void(0)\" aria-expanded=\"false\"><i class=\"ea-expand-icon fa fa-plus\"><\/i> NAI - UFMG - VIII Semin\u00e1rio do Programa de Apoio \u00e0 Inclus\u00e3o e Promo\u00e7\u00e3o da Acessibilidade<\/a><\/h3><div class=\"sp-collapse spcollapse \" id=\"collapse4431\" data-parent=#sp-ea-443><div class=\"ea-body\"><p><strong>VIII Semin\u00e1rio do Programa de Apoio \u00e0 Inclus\u00e3o e Promo\u00e7\u00e3o da Acessibilidade (PIPA)<\/strong><\/p>\n<p>Como parte da Semana do Conhecimento 2023, o N\u00facleo de Acessibilidade e Inclus\u00e3o (NAI) da Universidade Federal de Minas Gerais realizar\u00e1 o VIII Semin\u00e1rio do Programa de Apoio \u00e0 Inclus\u00e3o e Promo\u00e7\u00e3o da Acessibilidade (PIPA).<\/p>\n<p>Este evento tem como objetivo a apresenta\u00e7\u00e3o dos trabalhos desenvolvidos pelos projetos apoiados pelo PIPA, bem como oferecer oportunidade para a discuss\u00e3o sobre a tem\u00e1tica da acessibilidade e inclus\u00e3o com a comunidade acad\u00eamica.<\/p>\n<p>O VIII Semin\u00e1rio do Programa de Apoio \u00e0 Inclus\u00e3o e Promo\u00e7\u00e3o \u00e0 Acessibilidade (PIPA) ocorrer\u00e1 no dia 25\/10\/2022, por meio da exposi\u00e7\u00e3o de p\u00f4steres dos projetos no sagu\u00e3o do CAD 1, nos per\u00edodos da manh\u00e3 e da tarde.<\/p>\n<div><strong>Local: CAD 1<\/strong><\/div>\n<div><strong>Dia 25\/10\/2023 - Manh\u00e3 e Tarde<\/strong><\/div>\n<\/div><\/div><\/div><div class=\"ea-card  sp-ea-single\"><h3 class=\"ea-header\"><a class=\"collapsed\" data-sptoggle=\"spcollapse\" data-sptarget=#collapse4432 href=\"javascript:void(0)\" aria-expanded=\"false\"><i class=\"ea-expand-icon fa fa-plus\"><\/i> PRAE - UFMG - Mostra PRAE de Apoio a Projetos de Perman\u00eancia de Estudantes<\/a><\/h3><div class=\"sp-collapse spcollapse \" id=\"collapse4432\" data-parent=#sp-ea-443><div class=\"ea-body\"><p>A Mostra Prae de Projetos de Perman\u00eancia de Estudantes \u00e9 um evento criado para divulgar projetos estudantis que proporcionaram a amplia\u00e7\u00e3o de experi\u00eancias formativas e o fortalecimento do protagonismo estudantil na UFMG.<\/p>\n<p>Neste evento ser\u00e3o apresentados os trabalhos selecionados no \u00e2mbito das Chamadas Prae de apoio a Projetos de Perman\u00eancia de Estudantes \u2013 edi\u00e7\u00e3o 2023. Os trabalhos apoiados pela Prae, nas modalidades individual ou coletiva, prop\u00f5em reflex\u00f5es sobre o mundo e sugerem transforma\u00e7\u00f5es, por meio da produ\u00e7\u00e3o de atividades e a\u00e7\u00f5es de impacto social, art\u00edstico, cultural, cient\u00edfico e educacional. A Mostra ser\u00e1 realizada presencialmente, e os trabalhos ser\u00e3o apresentados pelos(as) coordenadores(as) dos projetos.<\/p>\n<p>Os trabalhos apresentados em edi\u00e7\u00f5es anteriores est\u00e3o reunidos na Mostra Prae de Projetos de Estudantes e podem ser visualizados em > Site da Prae > Item de menu Publica\u00e7\u00f5es. Acesse o endere\u00e7o <a href=\"https:\/\/www.ufmg.br\/prae\/mostra-virtual-de-videos-chamadas-prae-edicao-2022\/\" target=\"_blank\" rel=\"noopener\">https:\/\/www.ufmg.br\/prae\/mostra-virtual-de-videos-chamadas-prae-edicao-2022\/<\/a><\/p>\n<div><strong>Local: CAD 1<\/strong><\/div>\n<div><strong>Dia 26\/10\/2023 - Tarde e Noite<\/strong><\/div>\n<p>\u00a0<\/p>\n<\/div><\/div><\/div><div class=\"ea-card  sp-ea-single\"><h3 class=\"ea-header\"><a class=\"collapsed\" data-sptoggle=\"spcollapse\" data-sptarget=#collapse4433 href=\"javascript:void(0)\" aria-expanded=\"false\"><i class=\"ea-expand-icon fa fa-plus\"><\/i> PROEX - UFMG - 26\u00b0 Encontro de Extens\u00e3o<\/a><\/h3><div class=\"sp-collapse spcollapse \" id=\"collapse4433\" data-parent=#sp-ea-443><div class=\"ea-body\"><p>O <strong>2<\/strong><strong><b>6<\/b><\/strong><strong><b>\u00ba Encontro de Extens\u00e3o<\/b><\/strong><b> <\/b>tem o objetivo de divulgar as atividades de extens\u00e3o desenvolvidas na UFMG.<\/p>\n<p>Os trabalhos dever\u00e3o atender \u00e0s diretrizes de extens\u00e3o: indissociabilidade entre ensino, pesquisa e extens\u00e3o; interdisciplinaridade; impacto e transforma\u00e7\u00e3o; impacto na forma\u00e7\u00e3o do discente e intera\u00e7\u00e3o dial\u00f3gica com a sociedade.<\/p>\n<div><strong>Local: CAD 3<\/strong><\/div>\n<div><strong>Dia 25\/10\/2023 - Tarde<\/strong><\/div>\n<p>\u00a0<\/p>\n<\/div><\/div><\/div><div class=\"ea-card  sp-ea-single\"><h3 class=\"ea-header\"><a class=\"collapsed\" data-sptoggle=\"spcollapse\" data-sptarget=#collapse4434 href=\"javascript:void(0)\" aria-expanded=\"false\"><i class=\"ea-expand-icon fa fa-plus\"><\/i> PROEX - UFMG - Mostra Virtual \u201cPesquisa e Extens\u00e3o na Rede de Museus\u201d<\/a><\/h3><div class=\"sp-collapse spcollapse \" id=\"collapse4434\" data-parent=#sp-ea-443><div class=\"ea-body\"><div>A Mostra Virtual \u201cPesquisa e Extens\u00e3o na Rede de Museus\u201d integra, pela nona vez, a programa\u00e7\u00e3o oficial da Semana do Conhecimento da UFMG. O objetivo do evento \u00e9 possibilitar que a comunidade acad\u00eamica e o p\u00fablico em geral conhe\u00e7am os trabalhos realizados pela Rede de Museus, al\u00e9m de fomentar a forma\u00e7\u00e3o de redes colaborativas ao permitir a inser\u00e7\u00e3o de coment\u00e1rios dirigidos aos autores dos projetos. As edi\u00e7\u00f5es anteriores tamb\u00e9m est\u00e3o dispon\u00edveis para consulta, formando um grande portf\u00f3lio de trabalhos de extens\u00e3o e inicia\u00e7\u00e3o cient\u00edfica realizados desde 2015 pela Rede de Museus e seus espa\u00e7os integrantes.<\/div>\n<div><\/div>\n<\/div><\/div><\/div><div class=\"ea-card  sp-ea-single\"><h3 class=\"ea-header\"><a class=\"collapsed\" data-sptoggle=\"spcollapse\" data-sptarget=#collapse4435 href=\"javascript:void(0)\" aria-expanded=\"false\"><i class=\"ea-expand-icon fa fa-plus\"><\/i> PROGRAD - UFMG - 27\u00aa Semana da Gradua\u00e7\u00e3o<\/a><\/h3><div class=\"sp-collapse spcollapse \" id=\"collapse4435\" data-parent=#sp-ea-443><div class=\"ea-body\"><p align=\"justify\"><b>32<sup>a<\/sup> edi\u00e7\u00e3o da Semana do Conhecimento<\/b><\/p>\n<p align=\"justify\"><b>27<\/b><sup><b>a<\/b><\/sup><b> Semana da Gradua\u00e7\u00e3o \u2013 Prograd UFMG<\/b><\/p>\n<p align=\"justify\"><b>Sucessos do Of\u00edcio<\/b><\/p>\n<p align=\"justify\">Prezados docentes e discentes dos cursos de gradua\u00e7\u00e3o da UFMG,<\/p>\n<p align=\"justify\">Realizaremos a 27<sup>a<\/sup> Semana da Gradua\u00e7\u00e3o no per\u00edodo de 23 a 27 de outubro de 2023. Contamos com a participa\u00e7\u00e3o significativa de nossa comunidade para a exposi\u00e7\u00e3o dos projetos desenvolvidos nos programas de bolsas acad\u00eamicas, vinculados \u00e0 Pr\u00f3-reitoria de Gradua\u00e7\u00e3o, institucionais e governamentais, voltados ao aprimoramento do ensino nos cursos de nossa institui\u00e7\u00e3o. Para que a comunidade acad\u00eamica e o p\u00fablico em geral conhe\u00e7am a qualidade e inova\u00e7\u00e3o das iniciativas que v\u00eam sendo propostas por voc\u00eas \u00e9 importante a mobiliza\u00e7\u00e3o de todos os envolvidos.<\/p>\n<div><a href=\"https:\/\/www.ufmg.br\/semanadoconhecimento\/2023\/wp-content\/uploads\/2023\/10\/Programacao-Geral-27a-Semana-da-Graduacao.pdf\" target=\"_blank\" rel=\"noopener\">Programa\u00e7\u00e3o Completa<\/a><\/div>\n<div><\/div>\n<div><strong>Local: CAD 3<\/strong><\/div>\n<div><strong>Dia 25\/10\/2023 - Manh\u00e3 e Tarde<\/strong><\/div>\n<\/div><\/div><\/div><div class=\"ea-card  sp-ea-single\"><h3 class=\"ea-header\"><a class=\"collapsed\" data-sptoggle=\"spcollapse\" data-sptarget=#collapse4436 href=\"javascript:void(0)\" aria-expanded=\"false\"><i class=\"ea-expand-icon fa fa-plus\"><\/i> PRORH - UFMG - 13\u00aa Jornada de Apresenta\u00e7\u00e3o do Conhecimento Produzido pelos Servidores  T\u00e9cnico-Administrativos em Educa\u00e7\u00e3o<\/a><\/h3><div class=\"sp-collapse spcollapse \" id=\"collapse4436\" data-parent=#sp-ea-443><div class=\"ea-body\"><p align=\"justify\"><b>13\u00aa Jornada de<\/b><b> <\/b><b>Apresenta\u00e7\u00e3o do Conhecimento Produzido pelos Servidores <\/b><\/p>\n<p align=\"justify\"><b>T\u00e9cnico-Administrativos em Educa\u00e7\u00e3o<\/b><\/p>\n<p align=\"justify\">A Pr\u00f3-reitoria de Recursos Humanos (PRORH) se integra \u00e0 Semana do Conhecimento UFMG 2023 por meio da 13\u00aa Jornada de Apresenta\u00e7\u00e3o do Conhecimento Produzido pelos Servidores T\u00e9cnico-Administrativos em Educa\u00e7\u00e3o (TAE).<\/p>\n<p align=\"justify\">O evento tem como objetivo divulgar o conhecimento produzido pelos servidores TAE desta Universidade, possibilitando que outros servidores tenham acesso e se beneficiem desse conhecimento utilizando-o em suas a\u00e7\u00f5es. Poder\u00e3o ser inscritos trabalhos acad\u00eamicos ou experi\u00eancias de boas pr\u00e1ticas realizadas pelos servidores aplicadas em seu ambiente de trabalho.<\/p>\n<div><strong>Local: CAD 3<\/strong><\/div>\n<div><strong>Dia 24\/10\/2023 - Manh\u00e3 e Tarde<\/strong><\/div>\n<\/div><\/div><\/div><div class=\"ea-card  sp-ea-single\"><h3 class=\"ea-header\"><a class=\"collapsed\" data-sptoggle=\"spcollapse\" data-sptarget=#collapse4437 href=\"javascript:void(0)\" aria-expanded=\"false\"><i class=\"ea-expand-icon fa fa-plus\"><\/i> PRPQ - UFMG - Semana de Inicia\u00e7\u00e3o Cient\u00edfica e Inicia\u00e7\u00e3o Cient\u00edfica J\u00fanior<\/a><\/h3><div class=\"sp-collapse spcollapse \" id=\"collapse4437\" data-parent=#sp-ea-443><div class=\"ea-body\"><p><strong><a href=\"https:\/\/www.ufmg.br\/prpq\/semana-do-conhecimento-da-ufmg\/\">Semana de Inicia\u00e7\u00e3o Cient\u00edfica e Inicia\u00e7\u00e3o Cient\u00edfica J\u00fanior<\/a><\/strong><\/p>\n<div><strong>Local: CAD 3<\/strong><\/div>\n<div><strong>Dia 25\/10\/2023 - Manh\u00e3 e Tarde<\/strong><\/div>\n<\/div><\/div><\/div><\/div>\n","protected":false},"excerpt":{"rendered":"","protected":false},"author":3,"featured_media":0,"parent":0,"menu_order":0,"comment_status":"closed","ping_status":"closed","template":"","meta":[],"acf":[],"_links":{"self":[{"href":"https:\/\/www.ufmg.br\/semanadoconhecimento\/2023\/wp-json\/wp\/v2\/pages\/445"}],"collection":[{"href":"https:\/\/www.ufmg.br\/semanadoconhecimento\/2023\/wp-json\/wp\/v2\/pages"}],"about":[{"href":"https:\/\/www.ufmg.br\/semanadoconhecimento\/2023\/wp-json\/wp\/v2\/types\/page"}],"author":[{"embeddable":true,"href":"https:\/\/www.ufmg.br\/semanadoconhecimento\/2023\/wp-json\/wp\/v2\/users\/3"}],"replies":[{"embeddable":true,"href":"https:\/\/www.ufmg.br\/semanadoconhecimento\/2023\/wp-json\/wp\/v2\/comments?post=445"}],"version-history":[{"count":1,"href":"https:\/\/www.ufmg.br\/semanadoconhecimento\/2023\/wp-json\/wp\/v2\/pages\/445\/revisions"}],"predecessor-version":[{"id":446,"href":"https:\/\/www.ufmg.br\/semanadoconhecimento\/2023\/wp-json\/wp\/v2\/pages\/445\/revisions\/446"}],"wp:attachment":[{"href":"https:\/\/www.ufmg.br\/semanadoconhecimento\/2023\/wp-json\/wp\/v2\/media?parent=445"}],"curies":[{"name":"wp","href":"https:\/\/api.w.org\/{rel}","templated":true}]}}