{"id":153,"date":"2024-08-02T15:16:52","date_gmt":"2024-08-02T18:16:52","guid":{"rendered":"https:\/\/www.ufmg.br\/semanadoconhecimento\/\/?page_id=153"},"modified":"2025-07-23T13:20:23","modified_gmt":"2025-07-23T16:20:23","slug":"apresentacao","status":"publish","type":"page","link":"https:\/\/www.ufmg.br\/semanadoconhecimento\/apresentacao\/","title":{"rendered":"Apresenta\u00e7\u00e3o"},"content":{"rendered":"\r\n<p>A Semana do Conhecimento re\u00fane trabalhos produzidos por estudantes, docentes e servidores t\u00e9cnico-administrativos. O evento ser\u00e1 realizado de 13 a 17 de outubro de 2025. Fa\u00e7a sua inscri\u00e7\u00e3o e mostre o que voc\u00ea faz na UFMG!<\/p>\r\n<p>\r\n\r\n<\/p>\r\n","protected":false},"excerpt":{"rendered":"<p>A Semana do Conhecimento re\u00fane trabalhos produzidos por estudantes, docentes e servidores t\u00e9cnico-administrativos. O evento ser\u00e1 realizado de 13 a 17 de outubro de 2025. Fa\u00e7a sua inscri\u00e7\u00e3o e mostre o que voc\u00ea faz na UFMG!<\/p>\n","protected":false},"author":1,"featured_media":0,"parent":0,"menu_order":0,"comment_status":"closed","ping_status":"closed","template":"","meta":{"_acf_changed":false,"footnotes":""},"class_list":["post-153","page","type-page","status-publish","hentry"],"acf":[],"_links":{"self":[{"href":"https:\/\/www.ufmg.br\/semanadoconhecimento\/wp-json\/wp\/v2\/pages\/153"}],"collection":[{"href":"https:\/\/www.ufmg.br\/semanadoconhecimento\/wp-json\/wp\/v2\/pages"}],"about":[{"href":"https:\/\/www.ufmg.br\/semanadoconhecimento\/wp-json\/wp\/v2\/types\/page"}],"author":[{"embeddable":true,"href":"https:\/\/www.ufmg.br\/semanadoconhecimento\/wp-json\/wp\/v2\/users\/1"}],"replies":[{"embeddable":true,"href":"https:\/\/www.ufmg.br\/semanadoconhecimento\/wp-json\/wp\/v2\/comments?post=153"}],"version-history":[{"count":2,"href":"https:\/\/www.ufmg.br\/semanadoconhecimento\/wp-json\/wp\/v2\/pages\/153\/revisions"}],"predecessor-version":[{"id":196,"href":"https:\/\/www.ufmg.br\/semanadoconhecimento\/wp-json\/wp\/v2\/pages\/153\/revisions\/196"}],"wp:attachment":[{"href":"https:\/\/www.ufmg.br\/semanadoconhecimento\/wp-json\/wp\/v2\/media?parent=153"}],"curies":[{"name":"wp","href":"https:\/\/api.w.org\/{rel}","templated":true}]}}