{"id":296,"date":"2025-10-07T16:39:24","date_gmt":"2025-10-07T19:39:24","guid":{"rendered":"https:\/\/www.ufmg.br\/semanadoconhecimento\/?page_id=296"},"modified":"2025-10-08T15:28:49","modified_gmt":"2025-10-08T18:28:49","slug":"visitas-guiadas","status":"publish","type":"page","link":"https:\/\/www.ufmg.br\/semanadoconhecimento\/visitas-guiadas\/","title":{"rendered":"Visitas Guiadas"},"content":{"rendered":"<p>Sa\u00edda da UFMG (em frente \u00e0 Reitoria) com 1h de anteced\u00eancia em rela\u00e7\u00e3o a cada evento.<\/p>\n<div id=\"sp-ea-295\" class=\"sp-ea-one sp-easy-accordion\" data-ex-icon=\"fa-minus\" data-col-icon=\"fa-plus\"  data-ea-active=\"ea-click\"  data-ea-mode=\"vertical\" data-preloader=\"\"><div class=\"ea-card ea-expand sp-ea-single\"><h3 class=\"ea-header\"><a class=\"collapsed\" data-sptoggle=\"spcollapse\" data-sptarget=#collapse2950 href=\"javascript:void(0)\" aria-expanded=\"true\"><i class=\"ea-expand-icon fa fa-minus\"><\/i> Visita Guiada ao BH-TEC<\/a><\/h3><div class=\"sp-collapse spcollapse collapsed show\" id=\"collapse2950\" data-parent=#sp-ea-295><div class=\"ea-body\"><p><b>14 de outubro (ter\u00e7a-feira) \u2013 14h<\/b><b><br \/>\n<\/b> <b>Vagas:<\/b><span style=\"font-weight: 400;\"> 40<\/span><\/p>\n<p><b>INSCRI\u00c7\u00d5ES: <\/b><a href=\"https:\/\/docs.google.com\/forms\/d\/e\/1FAIpQLSeCc6Lg5C6ESseBtQKb1MD7Rw9do3a8oJ77YJLdjlR7kTSiaQ\/viewform?usp=header\" target=\"_blank\" rel=\"noopener\">Clique aqui.<\/a><b><\/b><\/p>\n<\/div><\/div><\/div><div class=\"ea-card  sp-ea-single\"><h3 class=\"ea-header\"><a class=\"collapsed\" data-sptoggle=\"spcollapse\" data-sptarget=#collapse2951 href=\"javascript:void(0)\" aria-expanded=\"false\"><i class=\"ea-expand-icon fa fa-plus\"><\/i> Visita Guiada \u00e0 Esta\u00e7\u00e3o Ecol\u00f3gica da UFMG<\/a><\/h3><div class=\"sp-collapse spcollapse \" id=\"collapse2951\" data-parent=#sp-ea-295><div class=\"ea-body\"><p><b>15 de outubro (quarta-feira) \u2013 10h<\/b><br \/>\n<b>Vagas:<\/b><span style=\"font-weight: 400;\"> 40<\/span><\/p>\n<p><b>INSCRI\u00c7\u00d5ES: <\/b><a href=\"https:\/\/docs.google.com\/forms\/d\/e\/1FAIpQLSdJVEnlr68T9dNntVPauY11Bg7budfpcpNp0GhhHqJ2tufqSw\/viewform?usp=header\" target=\"_blank\" rel=\"noopener\">Clique aqui.<\/a><\/p>\n<\/div><\/div><\/div><div class=\"ea-card  sp-ea-single\"><h3 class=\"ea-header\"><a class=\"collapsed\" data-sptoggle=\"spcollapse\" data-sptarget=#collapse2952 href=\"javascript:void(0)\" aria-expanded=\"false\"><i class=\"ea-expand-icon fa fa-plus\"><\/i> Visita Guiada ao Centro de Microscopia da UFMG<\/a><\/h3><div class=\"sp-collapse spcollapse \" id=\"collapse2952\" data-parent=#sp-ea-295><div class=\"ea-body\"><p><b>15 de outubro (quarta-feira) \u2013 14h<\/b><b><br \/>\n<\/b><b>Vagas:<\/b><span style=\"font-weight: 400;\"> 40<\/span><\/p>\n<p><b>INSCRI\u00c7\u00d5ES: <\/b><a href=\"https:\/\/docs.google.com\/forms\/d\/e\/1FAIpQLSe3Uy_k4_sL0exthKicZwsy_ktgIkuzVq9a3GPEyR6fsX9hDg\/viewform?usp=header\" target=\"_blank\" rel=\"noopener\">Clique aqui.<\/a><\/p>\n<\/div><\/div><\/div><div class=\"ea-card  sp-ea-single\"><h3 class=\"ea-header\"><a class=\"collapsed\" data-sptoggle=\"spcollapse\" data-sptarget=#collapse2953 href=\"javascript:void(0)\" aria-expanded=\"false\"><i class=\"ea-expand-icon fa fa-plus\"><\/i> Visita Guiada ao Museu de Hist\u00f3ria Natural e Jardim Bot\u00e2nico da UFMG - Circuito Trilha Jardim Bot\u00e2nico<\/a><\/h3><div class=\"sp-collapse spcollapse \" id=\"collapse2953\" data-parent=#sp-ea-295><div class=\"ea-body\"><p><b>16 de outubro (quinta-feira) - 13h30 <\/b><b><br \/>\n<\/b><b>Vagas:<\/b><span style=\"font-weight: 400;\"> 40<\/span><\/p>\n<p><b>INSCRI\u00c7\u00d5ES: <\/b><a href=\"https:\/\/docs.google.com\/forms\/d\/e\/1FAIpQLSffcbVrNe8oBiMDonGNPJF6hhbFHy6G9cVNRW1dtVHzoshfKQ\/viewform?usp=header\" target=\"_blank\" rel=\"noopener\">Clique aqui.<\/a><\/p>\n<\/div><\/div><\/div><\/div>\n","protected":false},"excerpt":{"rendered":"<p>Sa\u00edda da UFMG (em frente \u00e0 Reitoria) com 1h de anteced\u00eancia em rela\u00e7\u00e3o a cada evento.<\/p>\n","protected":false},"author":4,"featured_media":0,"parent":0,"menu_order":0,"comment_status":"closed","ping_status":"closed","template":"","meta":{"_acf_changed":false,"footnotes":""},"class_list":["post-296","page","type-page","status-publish","hentry"],"acf":[],"_links":{"self":[{"href":"https:\/\/www.ufmg.br\/semanadoconhecimento\/wp-json\/wp\/v2\/pages\/296"}],"collection":[{"href":"https:\/\/www.ufmg.br\/semanadoconhecimento\/wp-json\/wp\/v2\/pages"}],"about":[{"href":"https:\/\/www.ufmg.br\/semanadoconhecimento\/wp-json\/wp\/v2\/types\/page"}],"author":[{"embeddable":true,"href":"https:\/\/www.ufmg.br\/semanadoconhecimento\/wp-json\/wp\/v2\/users\/4"}],"replies":[{"embeddable":true,"href":"https:\/\/www.ufmg.br\/semanadoconhecimento\/wp-json\/wp\/v2\/comments?post=296"}],"version-history":[{"count":4,"href":"https:\/\/www.ufmg.br\/semanadoconhecimento\/wp-json\/wp\/v2\/pages\/296\/revisions"}],"predecessor-version":[{"id":317,"href":"https:\/\/www.ufmg.br\/semanadoconhecimento\/wp-json\/wp\/v2\/pages\/296\/revisions\/317"}],"wp:attachment":[{"href":"https:\/\/www.ufmg.br\/semanadoconhecimento\/wp-json\/wp\/v2\/media?parent=296"}],"curies":[{"name":"wp","href":"https:\/\/api.w.org\/{rel}","templated":true}]}}