{"id":83,"date":"2024-08-02T09:37:52","date_gmt":"2024-08-02T12:37:52","guid":{"rendered":"https:\/\/www.ufmg.br\/semanadoconhecimento\/\/?page_id=83"},"modified":"2025-07-23T13:19:00","modified_gmt":"2025-07-23T16:19:00","slug":"programacao","status":"publish","type":"page","link":"https:\/\/www.ufmg.br\/semanadoconhecimento\/programacao\/","title":{"rendered":"Programa\u00e7\u00e3o"},"content":{"rendered":"\r\n<p>A Semana do Conhecimento re\u00fane trabalhos produzidos por estudantes, docentes e servidores t\u00e9cnico-administrativos. O evento ser\u00e1 realizado de 13 a 17 de outubro de 2025. Fa\u00e7a sua inscri\u00e7\u00e3o e mostre o que voc\u00ea faz na UFMG!<\/p>\r\n\r\n\r\n\r\n<p>&nbsp;<\/p>\r\n","protected":false},"excerpt":{"rendered":"<p>A Semana do Conhecimento re\u00fane trabalhos produzidos por estudantes, docentes e servidores t\u00e9cnico-administrativos. O evento ser\u00e1 realizado de 13 a 17 de outubro de 2025. Fa\u00e7a sua inscri\u00e7\u00e3o e mostre o que voc\u00ea faz na UFMG! &nbsp;<\/p>\n","protected":false},"author":1,"featured_media":0,"parent":0,"menu_order":0,"comment_status":"closed","ping_status":"closed","template":"page-templates\/page-programming.php","meta":{"_acf_changed":false,"footnotes":""},"class_list":["post-83","page","type-page","status-publish","hentry"],"acf":[],"_links":{"self":[{"href":"https:\/\/www.ufmg.br\/semanadoconhecimento\/wp-json\/wp\/v2\/pages\/83"}],"collection":[{"href":"https:\/\/www.ufmg.br\/semanadoconhecimento\/wp-json\/wp\/v2\/pages"}],"about":[{"href":"https:\/\/www.ufmg.br\/semanadoconhecimento\/wp-json\/wp\/v2\/types\/page"}],"author":[{"embeddable":true,"href":"https:\/\/www.ufmg.br\/semanadoconhecimento\/wp-json\/wp\/v2\/users\/1"}],"replies":[{"embeddable":true,"href":"https:\/\/www.ufmg.br\/semanadoconhecimento\/wp-json\/wp\/v2\/comments?post=83"}],"version-history":[{"count":2,"href":"https:\/\/www.ufmg.br\/semanadoconhecimento\/wp-json\/wp\/v2\/pages\/83\/revisions"}],"predecessor-version":[{"id":195,"href":"https:\/\/www.ufmg.br\/semanadoconhecimento\/wp-json\/wp\/v2\/pages\/83\/revisions\/195"}],"wp:attachment":[{"href":"https:\/\/www.ufmg.br\/semanadoconhecimento\/wp-json\/wp\/v2\/media?parent=83"}],"curies":[{"name":"wp","href":"https:\/\/api.w.org\/{rel}","templated":true}]}}