{"id":1414,"date":"2023-03-01T12:16:30","date_gmt":"2023-03-01T15:16:30","guid":{"rendered":"https:\/\/www.ufmg.br\/sisu\/?page_id=1414"},"modified":"2023-03-16T10:04:32","modified_gmt":"2023-03-16T13:04:32","slug":"chamada-regular-sisu-ufmg-2023","status":"publish","type":"page","link":"https:\/\/www.ufmg.br\/sisu\/chamada-regular-sisu-ufmg-2023\/","title":{"rendered":"Chamada Regular &#8211; SiSU\/UFMG 2023"},"content":{"rendered":"\n<p><a href=\"https:\/\/www.ufmg.br\/sisu\/instrucoes-para-interposicao-de-recurso-sisu-ufmg-2023\/\" data-type=\"URL\" data-id=\"https:\/\/www.ufmg.br\/sisu\/instrucoes-para-interposicao-de-recurso-sisu-ufmg-2023\/\" target=\"_blank\" rel=\"noreferrer noopener\">Instru\u00e7\u00f5es para interposi\u00e7\u00e3o de recurso<\/a>.<\/p>\n\n\n\n<p><a href=\"https:\/\/www.ufmg.br\/sisu\/wp-content\/uploads\/2023\/03\/Matriculas-Confirmadas-Ampla-Concorrencia-Chamada-Regular.pdf\" data-type=\"URL\" data-id=\"https:\/\/www.ufmg.br\/sisu\/wp-content\/uploads\/2023\/03\/Matriculas-Confirmadas-Ampla-Concorrencia-Chamada-Regular.pdf\" target=\"_blank\" rel=\"noreferrer noopener\">Matr\u00edculas confirmadas (Ampla concorr\u00eancia)<\/a>.<\/p>\n\n\n\n<p><a href=\"https:\/\/www.ufmg.br\/sisu\/wp-content\/uploads\/2023\/03\/Matriculas-Indeferidas-Ampla-Concorrencia-Chamada-Regular.pdf\" data-type=\"URL\" data-id=\"https:\/\/www.ufmg.br\/sisu\/wp-content\/uploads\/2023\/03\/Matriculas-Indeferidas-Ampla-Concorrencia-Chamada-Regular.pdf\" target=\"_blank\" rel=\"noreferrer noopener\">Matr\u00edculas indeferidas (Ampla concorr\u00eancia)<\/a>.<\/p>\n\n\n\n<p><a href=\"https:\/\/www.ufmg.br\/sisu\/wp-content\/uploads\/2023\/03\/Matriculas-Confirmadas-Reserva-de-vagas-Chamada-Regular.pdf\" data-type=\"URL\" data-id=\"https:\/\/www.ufmg.br\/sisu\/wp-content\/uploads\/2023\/03\/Matriculas-Confirmadas-Reserva-de-vagas-Chamada-Regular.pdf\" target=\"_blank\" rel=\"noreferrer noopener\">Matr\u00edculas confirmadas (Reserva de vagas)<\/a> &#8211; Atualizado em 16\/03\/2023, \u00e0s 10:03.<\/p>\n\n\n\n<p><a href=\"https:\/\/www.ufmg.br\/sisu\/wp-content\/uploads\/2023\/03\/Matriculas-Indeferidas-Reserva-de-vagas-Chamada-Regular.pdf\" data-type=\"URL\" data-id=\"https:\/\/www.ufmg.br\/sisu\/wp-content\/uploads\/2023\/03\/Matriculas-Indeferidas-Reserva-de-vagas-Chamada-Regular.pdf\" target=\"_blank\" rel=\"noreferrer noopener\">Matr\u00edculas indeferidas (Reserva de vagas)<\/a> &#8211; Atualizado em 16\/03\/2023, \u00e0s 10:03.<\/p>\n\n\n\n<p><a rel=\"noreferrer noopener\" href=\"https:\/\/www.ufmg.br\/sisu\/escala-de-atendimento-dos-procedimentos-presenciais\/\" data-type=\"URL\" data-id=\"https:\/\/www.ufmg.br\/sisu\/escala-de-atendimento-dos-procedimentos-presenciais\/\" target=\"_blank\">Escala de atendimento dos procedimentos presenciais<\/a> &#8211; Atualizado em 09\/03\/2023.<\/p>\n\n\n\n<p><a rel=\"noreferrer noopener\" href=\"https:\/\/www.ufmg.br\/sisu\/registro-academico-via-internet-com-upload-da-documentacao-obrigatoria-chamada-regular\/\" data-type=\"URL\" data-id=\"https:\/\/www.ufmg.br\/sisu\/registro-academico-via-internet-com-upload-da-documentacao-obrigatoria-chamada-regular\/\" target=\"_blank\">Clique aqui para acessar o Registro Acad\u00eamico, via internet, com upload da documenta\u00e7\u00e3o obrigat\u00f3ria<\/a>.<\/p>\n\n\n\n<p><a rel=\"noreferrer noopener\" href=\"https:\/\/www.ufmg.br\/sisu\/wp-content\/uploads\/2023\/03\/SISU-2023-Chamada-Regular-2023.pdf\" data-type=\"URL\" data-id=\"https:\/\/www.ufmg.br\/sisu\/wp-content\/uploads\/2023\/03\/SISU-2023-Chamada-Regular-2023.pdf\" target=\"_blank\">Consulte aqui a rela\u00e7\u00e3o dos candidatos convocados<\/a>.<\/p>\n\n\n\n<p><a href=\"https:\/\/www.ufmg.br\/sisu\/chamada-regular-2023\/?preview=true\" data-type=\"URL\" data-id=\"https:\/\/www.ufmg.br\/sisu\/chamada-regular-2023\/?preview=true\" target=\"_blank\" rel=\"noreferrer noopener\">Instru\u00e7\u00f5es para os candidatos convocados<\/a>.<\/p>\n","protected":false},"excerpt":{"rendered":"<p>Instru\u00e7\u00f5es para interposi\u00e7\u00e3o de recurso. Matr\u00edculas confirmadas (Ampla concorr\u00eancia). Matr\u00edculas indeferidas (Ampla concorr\u00eancia). Matr\u00edculas confirmadas (Reserva de vagas) &#8211; Atualizado em 16\/03\/2023, \u00e0s 10:03. Matr\u00edculas indeferidas (Reserva de vagas) &#8211; Atualizado em 16\/03\/2023, \u00e0s 10:03. Escala de atendimento dos procedimentos presenciais &#8211; Atualizado em 09\/03\/2023. Clique aqui para acessar o Registro Acad\u00eamico, via internet, com [&hellip;]<\/p>\n","protected":false},"author":5,"featured_media":0,"parent":0,"menu_order":0,"comment_status":"closed","ping_status":"closed","template":"","meta":[],"acf":[],"_links":{"self":[{"href":"https:\/\/www.ufmg.br\/sisu\/wp-json\/wp\/v2\/pages\/1414"}],"collection":[{"href":"https:\/\/www.ufmg.br\/sisu\/wp-json\/wp\/v2\/pages"}],"about":[{"href":"https:\/\/www.ufmg.br\/sisu\/wp-json\/wp\/v2\/types\/page"}],"author":[{"embeddable":true,"href":"https:\/\/www.ufmg.br\/sisu\/wp-json\/wp\/v2\/users\/5"}],"replies":[{"embeddable":true,"href":"https:\/\/www.ufmg.br\/sisu\/wp-json\/wp\/v2\/comments?post=1414"}],"version-history":[{"count":13,"href":"https:\/\/www.ufmg.br\/sisu\/wp-json\/wp\/v2\/pages\/1414\/revisions"}],"predecessor-version":[{"id":1820,"href":"https:\/\/www.ufmg.br\/sisu\/wp-json\/wp\/v2\/pages\/1414\/revisions\/1820"}],"wp:attachment":[{"href":"https:\/\/www.ufmg.br\/sisu\/wp-json\/wp\/v2\/media?parent=1414"}],"curies":[{"name":"wp","href":"https:\/\/api.w.org\/{rel}","templated":true}]}}

<p><a href="https://www.ufmg.br/sisu/instrucoes-para-interposicao-de-recurso-sisu-ufmg-2023/" data-type="URL" data-id="https://www.ufmg.br/sisu/instrucoes-para-interposicao-de-recurso-sisu-ufmg-2023/" target="_blank" rel="noreferrer noopener">Instruções para interposição de recurso</a>.</p>



<p><a href="https://www.ufmg.br/sisu/wp-content/uploads/2023/03/Matriculas-Confirmadas-Ampla-Concorrencia-Chamada-Regular.pdf" data-type="URL" data-id="https://www.ufmg.br/sisu/wp-content/uploads/2023/03/Matriculas-Confirmadas-Ampla-Concorrencia-Chamada-Regular.pdf" target="_blank" rel="noreferrer noopener">Matrículas confirmadas (Ampla concorrência)</a>.</p>



<p><a href="https://www.ufmg.br/sisu/wp-content/uploads/2023/03/Matriculas-Indeferidas-Ampla-Concorrencia-Chamada-Regular.pdf" data-type="URL" data-id="https://www.ufmg.br/sisu/wp-content/uploads/2023/03/Matriculas-Indeferidas-Ampla-Concorrencia-Chamada-Regular.pdf" target="_blank" rel="noreferrer noopener">Matrículas indeferidas (Ampla concorrência)</a>.</p>



<p><a href="https://www.ufmg.br/sisu/wp-content/uploads/2023/03/Matriculas-Confirmadas-Reserva-de-vagas-Chamada-Regular.pdf" data-type="URL" data-id="https://www.ufmg.br/sisu/wp-content/uploads/2023/03/Matriculas-Confirmadas-Reserva-de-vagas-Chamada-Regular.pdf" target="_blank" rel="noreferrer noopener">Matrículas confirmadas (Reserva de vagas)</a> &#8211; Atualizado em 16/03/2023, às 10:03.</p>



<p><a href="https://www.ufmg.br/sisu/wp-content/uploads/2023/03/Matriculas-Indeferidas-Reserva-de-vagas-Chamada-Regular.pdf" data-type="URL" data-id="https://www.ufmg.br/sisu/wp-content/uploads/2023/03/Matriculas-Indeferidas-Reserva-de-vagas-Chamada-Regular.pdf" target="_blank" rel="noreferrer noopener">Matrículas indeferidas (Reserva de vagas)</a> &#8211; Atualizado em 16/03/2023, às 10:03.</p>



<p><a rel="noreferrer noopener" href="https://www.ufmg.br/sisu/escala-de-atendimento-dos-procedimentos-presenciais/" data-type="URL" data-id="https://www.ufmg.br/sisu/escala-de-atendimento-dos-procedimentos-presenciais/" target="_blank">Escala de atendimento dos procedimentos presenciais</a> &#8211; Atualizado em 09/03/2023.</p>



<p><a rel="noreferrer noopener" href="https://www.ufmg.br/sisu/registro-academico-via-internet-com-upload-da-documentacao-obrigatoria-chamada-regular/" data-type="URL" data-id="https://www.ufmg.br/sisu/registro-academico-via-internet-com-upload-da-documentacao-obrigatoria-chamada-regular/" target="_blank">Clique aqui para acessar o Registro Acadêmico, via internet, com upload da documentação obrigatória</a>.</p>



<p><a rel="noreferrer noopener" href="https://www.ufmg.br/sisu/wp-content/uploads/2023/03/SISU-2023-Chamada-Regular-2023.pdf" data-type="URL" data-id="https://www.ufmg.br/sisu/wp-content/uploads/2023/03/SISU-2023-Chamada-Regular-2023.pdf" target="_blank">Consulte aqui a relação dos candidatos convocados</a>.</p>



<p><a href="https://www.ufmg.br/sisu/chamada-regular-2023/?preview=true" data-type="URL" data-id="https://www.ufmg.br/sisu/chamada-regular-2023/?preview=true" target="_blank" rel="noreferrer noopener">Instruções para os candidatos convocados</a>.</p>

<p>Instruções para interposição de recurso. Matrículas confirmadas (Ampla concorrência). Matrículas indeferidas (Ampla concorrência). Matrículas confirmadas (Reserva de vagas) &#8211; Atualizado em 16/03/2023, às 10:03. Matrículas indeferidas (Reserva de vagas) &#8211; Atualizado em 16/03/2023, às 10:03. Escala de atendimento dos procedimentos presenciais &#8211; Atualizado em 09/03/2023. Clique aqui para acessar o Registro Acadêmico, via internet, com [&hellip;]</p>
