{"id":1441,"date":"2023-03-01T15:34:50","date_gmt":"2023-03-01T18:34:50","guid":{"rendered":"https:\/\/www.ufmg.br\/sisu\/?page_id=1441"},"modified":"2025-07-31T12:59:33","modified_gmt":"2025-07-31T15:59:33","slug":"carteira-da-ufmg","status":"publish","type":"page","link":"https:\/\/www.ufmg.br\/sisu\/carteira-da-ufmg\/","title":{"rendered":"Carteira da UFMG"},"content":{"rendered":"<div class=\"wp-block-image\">\n<figure class=\"alignleft size-full\"><img decoding=\"async\" loading=\"lazy\" width=\"285\" height=\"273\" src=\"https:\/\/www.ufmg.br\/sisu\/wp-content\/uploads\/2023\/02\/Ilustra-5-Ca\u0302nio-Ca\u0302ndino-e-Ca\u0302nfredo-FAQ.png\" alt=\"\" class=\"wp-image-1065\"\/><\/figure><\/div>\n\n\n<p>A Pr\u00f3-reitoria de Administra\u00e7\u00e3o (<a rel=\"noreferrer noopener\" href=\"https:\/\/www2.ufmg.br\/pra\/\" target=\"_blank\">PRA<\/a>) emite a carteira de identifica\u00e7\u00e3o estudantil, tamb\u00e9m chamada de carteira de identifica\u00e7\u00e3o da UFMG. Com ela o usu\u00e1rio poder\u00e1 ter acesso a diversos servi\u00e7os na Universidade, como&nbsp;<a rel=\"noreferrer noopener\" href=\"https:\/\/www.bu.ufmg.br\/\" target=\"_blank\">bibliotecas<\/a>,&nbsp;<a href=\"https:\/\/fump.ufmg.br\/programa-de-alimentacao\/\" data-type=\"URL\" data-id=\"https:\/\/fump.ufmg.br\/programa-de-alimentacao\/\" target=\"_blank\" rel=\"noreferrer noopener\">restaurantes universit\u00e1rios<\/a>,&nbsp;<a href=\"https:\/\/www.ufmg.br\/ceu\/app\/site\/home\" data-type=\"URL\" data-id=\"https:\/\/www.ufmg.br\/ceu\/app\/site\/home\" target=\"_blank\" rel=\"noreferrer noopener\">Centro Esportivo Universit\u00e1rio (CEU)<\/a>&nbsp;e a entrada em alguns&nbsp;<a rel=\"noreferrer noopener\" href=\"https:\/\/ufmg.br\/cursos\/unidades-academicas\" target=\"_blank\">pr\u00e9dios<\/a>&nbsp;dos campi.<\/p>\n\n\n\n<p><\/p>\n\n\n\n<p>Ap\u00f3s os candidatos receberem o comprovante de registro acad\u00eamico, o crach\u00e1 de identifica\u00e7\u00e3o interno dos alunos da UFMG ser\u00e1 emitido, presencialmente no per\u00edodo de <strong>12 a 14 de agosto de 2025<\/strong>, <a rel=\"noreferrer noopener\" href=\"https:\/\/goo.gl\/maps\/a7HERUmi8Lc8vVjb8\" data-type=\"URL\" data-id=\"https:\/\/goo.gl\/maps\/a7HERUmi8Lc8vVjb8\" target=\"_blank\">no Camarim da Pra\u00e7a de Servi\u00e7os<\/a>.<\/p>\n\n\n\n<div class=\"is-layout-flex wp-container-4 wp-block-columns\">\n<div class=\"is-layout-flow wp-block-column\" style=\"flex-basis:100%\">\n<div class=\"is-layout-flex wp-container-2 wp-block-columns\">\n<div class=\"is-layout-flow wp-block-column\">\n<h5>Campus Belo Horizonte<\/h5>\n\n\n\n<p><strong>Hor\u00e1rio de funcionamento:<\/strong> a ser divulgado.<br><\/p>\n\n\n\n<p><strong>Documentos obrigat\u00f3rios para emiss\u00e3o da 1\u00aa via:<\/strong><\/p>\n\n\n\n<ul>\n<li>Documento de identifica\u00e7\u00e3o com foto (carteira de identidade, CNH, passaporte ou carteira de trabalho)<\/li>\n\n\n\n<li>N\u00famero de matr\u00edcula UFMG.<\/li>\n<\/ul>\n\n\n\n<div style=\"height:15px\" aria-hidden=\"true\" class=\"wp-block-spacer\"><\/div>\n\n\n\n<p class=\"has-text-align-center\"><strong>ATEN\u00c7\u00c3O!<\/strong><\/p>\n\n\n\n<p>A foto \u00e9 tirada no ato da confec\u00e7\u00e3o do crach\u00e1, sendo assim, n\u00e3o \u00e9 necess\u00e1rio lev\u00e1-la em formato 3&#215;4.<\/p>\n<\/div>\n<\/div>\n<\/div>\n<\/div>\n\n\n\n<div class=\"is-layout-flex wp-container-6 wp-block-columns\">\n<div class=\"is-layout-flow wp-block-column has-background\" style=\"background-color:#abb7c20d;flex-basis:110%\">\n<ul>\n<li><a rel=\"noreferrer noopener\" href=\"https:\/\/www.ufmg.br\/viverufmg\/\" target=\"_blank\">Para mais informa\u00e7\u00f5es acesse o portal do Viver UFMG<\/a>.<\/li>\n<\/ul>\n<\/div>\n<\/div>\n","protected":false},"excerpt":{"rendered":"<p>A Pr\u00f3-reitoria de Administra\u00e7\u00e3o (PRA) emite a carteira de identifica\u00e7\u00e3o estudantil, tamb\u00e9m chamada de carteira de identifica\u00e7\u00e3o da UFMG. Com ela o usu\u00e1rio poder\u00e1 ter acesso a diversos servi\u00e7os na Universidade, como&nbsp;bibliotecas,&nbsp;restaurantes universit\u00e1rios,&nbsp;Centro Esportivo Universit\u00e1rio (CEU)&nbsp;e a entrada em alguns&nbsp;pr\u00e9dios&nbsp;dos campi. Ap\u00f3s os candidatos receberem o comprovante de registro acad\u00eamico, o crach\u00e1 de identifica\u00e7\u00e3o interno [&hellip;]<\/p>\n","protected":false},"author":5,"featured_media":0,"parent":0,"menu_order":0,"comment_status":"closed","ping_status":"closed","template":"","meta":[],"acf":[],"_links":{"self":[{"href":"https:\/\/www.ufmg.br\/sisu\/wp-json\/wp\/v2\/pages\/1441"}],"collection":[{"href":"https:\/\/www.ufmg.br\/sisu\/wp-json\/wp\/v2\/pages"}],"about":[{"href":"https:\/\/www.ufmg.br\/sisu\/wp-json\/wp\/v2\/types\/page"}],"author":[{"embeddable":true,"href":"https:\/\/www.ufmg.br\/sisu\/wp-json\/wp\/v2\/users\/5"}],"replies":[{"embeddable":true,"href":"https:\/\/www.ufmg.br\/sisu\/wp-json\/wp\/v2\/comments?post=1441"}],"version-history":[{"count":30,"href":"https:\/\/www.ufmg.br\/sisu\/wp-json\/wp\/v2\/pages\/1441\/revisions"}],"predecessor-version":[{"id":5174,"href":"https:\/\/www.ufmg.br\/sisu\/wp-json\/wp\/v2\/pages\/1441\/revisions\/5174"}],"wp:attachment":[{"href":"https:\/\/www.ufmg.br\/sisu\/wp-json\/wp\/v2\/media?parent=1441"}],"curies":[{"name":"wp","href":"https:\/\/api.w.org\/{rel}","templated":true}]}}