{"id":1757,"date":"2023-03-14T11:40:51","date_gmt":"2023-03-14T14:40:51","guid":{"rendered":"https:\/\/www.ufmg.br\/sisu\/?page_id=1757"},"modified":"2023-08-25T13:14:54","modified_gmt":"2023-08-25T16:14:54","slug":"convocacoes-sisu-ufmg-2023","status":"publish","type":"page","link":"https:\/\/www.ufmg.br\/sisu\/convocacoes-sisu-ufmg-2023\/","title":{"rendered":"SiSU\/UFMG 2023 &#8211; CHAMADAS"},"content":{"rendered":"\n<p><a href=\"https:\/\/www.ufmg.br\/sisu\/19a-chamada-da-lista-de-espera\/\" data-type=\"URL\" data-id=\"https:\/\/www.ufmg.br\/sisu\/19a-chamada-da-lista-de-espera\/\" target=\"_blank\" rel=\"noreferrer noopener\">19\u00aa Chamada da Lista de Espera<\/a>.<\/p>\n\n\n\n<p><a rel=\"noreferrer noopener\" href=\"https:\/\/www.ufmg.br\/sisu\/18a-chamada-da-lista-de-espera\/\" data-type=\"URL\" data-id=\"https:\/\/www.ufmg.br\/sisu\/18a-chamada-da-lista-de-espera\/\" target=\"_blank\">18\u00aa Chamada da Lista de Espera<\/a>.<\/p>\n\n\n\n<p><a rel=\"noreferrer noopener\" href=\"https:\/\/www.ufmg.br\/sisu\/17a-chamada-da-lista-de-espera\/\" data-type=\"URL\" data-id=\"https:\/\/www.ufmg.br\/sisu\/17a-chamada-da-lista-de-espera\/\" target=\"_blank\">17\u00aa Chamada da Lista de Espera<\/a>.<\/p>\n\n\n\n<p><a rel=\"noreferrer noopener\" href=\"https:\/\/www.ufmg.br\/sisu\/16a-chamada-da-lista-de-espera\/\" data-type=\"URL\" data-id=\"https:\/\/www.ufmg.br\/sisu\/16a-chamada-da-lista-de-espera\/\" target=\"_blank\">16\u00aa Chamada da Lista de Espera<\/a>.<\/p>\n\n\n\n<p><a rel=\"noreferrer noopener\" href=\"https:\/\/www.ufmg.br\/sisu\/15a-chamada-da-lista-de-espera\/\" data-type=\"URL\" data-id=\"https:\/\/www.ufmg.br\/sisu\/15a-chamada-da-lista-de-espera\/\" target=\"_blank\">15\u00aa Chamada da Lista de Espera<\/a>.<\/p>\n\n\n\n<p><a rel=\"noreferrer noopener\" href=\"https:\/\/www.ufmg.br\/sisu\/14a-chamada-da-lista-de-espera\/\" data-type=\"URL\" data-id=\"https:\/\/www.ufmg.br\/sisu\/14a-chamada-da-lista-de-espera\/\" target=\"_blank\">14\u00aa Chamada da Lista de Espera<\/a>.<\/p>\n\n\n\n<p><a rel=\"noreferrer noopener\" href=\"https:\/\/www.ufmg.br\/sisu\/13a-chamada-da-lista-de-espera\/\" target=\"_blank\">13\u00aa Chamada da Lista de Espera<\/a>.<\/p>\n\n\n\n<p><a rel=\"noreferrer noopener\" href=\"https:\/\/www.ufmg.br\/sisu\/12a-chamada-da-lista-de-espera\/\" target=\"_blank\">12\u00aa Chamada da Lista de Espera<\/a>.<\/p>\n\n\n\n<p><a rel=\"noreferrer noopener\" href=\"https:\/\/www.ufmg.br\/sisu\/11a-chamada-da-lista-de-espera-2\/\" data-type=\"URL\" data-id=\"https:\/\/www.ufmg.br\/sisu\/11a-chamada-da-lista-de-espera-2\/\" target=\"_blank\">11\u00aa Chamada da Lista de Espera<\/a>.<\/p>\n\n\n\n<p><a href=\"https:\/\/www.ufmg.br\/sisu\/10a-chamada-da-lista-de-espera\/\">10\u00aa Chamada da Lista de Espera<\/a>.<\/p>\n\n\n\n<p><a href=\"https:\/\/www.ufmg.br\/sisu\/9a-chamada-da-lista-de-espera\/\">9\u00aa Chamada da Lista de Espera<\/a>.<\/p>\n\n\n\n<p><a href=\"https:\/\/www.ufmg.br\/sisu\/8a-chamada-da-lista-de-espera\/\">8\u00aa Chamada da Lista de Espera<\/a>.<\/p>\n\n\n\n<p><a href=\"https:\/\/www.ufmg.br\/sisu\/2a-entrada\/\" data-type=\"URL\" data-id=\"https:\/\/www.ufmg.br\/sisu\/2a-entrada\/\">2\u00aa Entrada<\/a><\/p>\n\n\n\n<p><a href=\"https:\/\/www.ufmg.br\/sisu\/7a-chamada-da-lista-de-espera\/\" data-type=\"URL\" data-id=\"https:\/\/www.ufmg.br\/sisu\/7a-chamada-da-lista-de-espera\/\">7\u00aa Chamada da Lista de Espera<\/a>.<\/p>\n\n\n\n<p><a href=\"https:\/\/www.ufmg.br\/sisu\/6a-chamada-da-lista-de-espera\/\" data-type=\"URL\" data-id=\"https:\/\/www.ufmg.br\/sisu\/6a-chamada-da-lista-de-espera\/\">6\u00aa Chamada da Lista de Espera<\/a>.<\/p>\n\n\n\n<p><a href=\"https:\/\/www.ufmg.br\/sisu\/5a-chamada-da-lista-de-espera-e-5a-antecipacao-de-entrada-do-sisu-ufmg-2023\/\" data-type=\"URL\" data-id=\"https:\/\/www.ufmg.br\/sisu\/5a-chamada-da-lista-de-espera-e-5a-antecipacao-de-entrada-do-sisu-ufmg-2023\/\">5\u00aa Chamada da Lista de Espera e 5\u00aa Antecipa\u00e7\u00e3o de Entrada<\/a>.<\/p>\n\n\n\n<p><a href=\"https:\/\/www.ufmg.br\/sisu\/4a-chamada-da-lista-de-espera-e-4a-antecipacao-de-entrada-do-sisu-ufmg-2023\/\" data-type=\"URL\" data-id=\"https:\/\/www.ufmg.br\/sisu\/4a-chamada-da-lista-de-espera-e-4a-antecipacao-de-entrada-do-sisu-ufmg-2023\/\">4\u00aa Chamada da Lista de Espera e 4\u00aa Antecipa\u00e7\u00e3o de Entrada<\/a>.<\/p>\n\n\n\n<p><a href=\"https:\/\/www.ufmg.br\/sisu\/3a-chamada-da-lista-de-espera-e-3a-antecipacao-de-entrada-do-sisu-ufmg-2023\/\" data-type=\"URL\" data-id=\"https:\/\/www.ufmg.br\/sisu\/3a-chamada-da-lista-de-espera-e-3a-antecipacao-de-entrada-do-sisu-ufmg-2023\/\">3\u00aa Chamada da Lista de Espera e 3\u00aa Antecipa\u00e7\u00e3o de Entrada<\/a>.<\/p>\n\n\n\n<p><a href=\"https:\/\/www.ufmg.br\/sisu\/2a-chamada-da-lista-de-espera-e-2a-antecipacao-de-entrada-do-sisu-ufmg-2023\/\" data-type=\"URL\" data-id=\"https:\/\/www.ufmg.br\/sisu\/2a-chamada-da-lista-de-espera-e-2a-antecipacao-de-entrada-do-sisu-ufmg-2023\/\">2\u00aa Chamada da Lista de Espera e 2\u00aa Antecipa\u00e7\u00e3o de Entrada<\/a>.<\/p>\n\n\n\n<p><a href=\"https:\/\/www.ufmg.br\/sisu\/1a-chamada-da-lista-de-espera-e-1a-antecipacao-de-entrada-do-sisu-ufmg-2023\/\" data-type=\"URL\" data-id=\"https:\/\/www.ufmg.br\/sisu\/1a-chamada-da-lista-de-espera-e-1a-antecipacao-de-entrada-do-sisu-ufmg-2023\/\">1\u00aa Chamada da Lista de Espera e 1\u00aa Antecipa\u00e7\u00e3o de Entrada<\/a>.<\/p>\n\n\n\n<p><a href=\"https:\/\/www.ufmg.br\/sisu\/chamada-regular-sisu-ufmg-2023\/\" data-type=\"URL\" data-id=\"https:\/\/www.ufmg.br\/sisu\/chamada-regular-sisu-ufmg-2023\/\">Chamada Regular<\/a>.<\/p>\n\n\n\n<p><a rel=\"noreferrer noopener\" href=\"https:\/\/sistemas.ufmg.br\/manifestacaointeresse\/home.seam\" data-type=\"URL\" data-id=\"https:\/\/sistemas.ufmg.br\/manifestacaointeresse\/home.seam\" target=\"_blank\">Consulta da classifica\u00e7\u00e3o geral\/posi\u00e7\u00e3o de excedente ap\u00f3s confirma\u00e7\u00e3o de interesse em continuar participando da Lista de Espera<\/a>.<\/p>\n\n\n\n<p><a href=\"https:\/\/www.ufmg.br\/sisu\/wp-content\/uploads\/2023\/03\/SISU-UFMG-2023-Posicao-na-Lista-de-Espera-APOS-Confirmacao-de-Interesse-DIVULGACAO.pdf\" data-type=\"URL\" data-id=\"https:\/\/www.ufmg.br\/sisu\/wp-content\/uploads\/2023\/03\/SISU-UFMG-2023-Posicao-na-Lista-de-Espera-APOS-Confirmacao-de-Interesse-DIVULGACAO.pdf\" target=\"_blank\" rel=\"noreferrer noopener\">Classifica\u00e7\u00e3o geral\/posi\u00e7\u00e3o de excedente ap\u00f3s confirma\u00e7\u00e3o de interesse em continuar participando da Lista de Espera<\/a>.<\/p>\n\n\n\n<p><a href=\"https:\/\/www.ufmg.br\/sisu\/wp-content\/uploads\/2023\/03\/SISU-UFMG-2023-Relacao-por-Classificacao-dos-Candidatos-na-Lista-de-Espera-SEM-Notas-DIVULGACAO-para-DRCA.pdf\" data-type=\"URL\" data-id=\"https:\/\/www.ufmg.br\/sisu\/wp-content\/uploads\/2023\/03\/SISU-UFMG-2023-Relacao-por-Classificacao-dos-Candidatos-na-Lista-de-Espera-SEM-Notas-DIVULGACAO-para-DRCA.pdf\" target=\"_blank\" rel=\"noreferrer noopener\">Classifica\u00e7\u00e3o geral\/posi\u00e7\u00e3o de excedente da Lista de Espera<\/a>.<\/p>\n","protected":false},"excerpt":{"rendered":"<p>19\u00aa Chamada da Lista de Espera. 18\u00aa Chamada da Lista de Espera. 17\u00aa Chamada da Lista de Espera. 16\u00aa Chamada da Lista de Espera. 15\u00aa Chamada da Lista de Espera. 14\u00aa Chamada da Lista de Espera. 13\u00aa Chamada da Lista de Espera. 12\u00aa Chamada da Lista de Espera. 11\u00aa Chamada da Lista de Espera. 10\u00aa [&hellip;]<\/p>\n","protected":false},"author":5,"featured_media":0,"parent":0,"menu_order":0,"comment_status":"closed","ping_status":"closed","template":"","meta":[],"acf":[],"_links":{"self":[{"href":"https:\/\/www.ufmg.br\/sisu\/wp-json\/wp\/v2\/pages\/1757"}],"collection":[{"href":"https:\/\/www.ufmg.br\/sisu\/wp-json\/wp\/v2\/pages"}],"about":[{"href":"https:\/\/www.ufmg.br\/sisu\/wp-json\/wp\/v2\/types\/page"}],"author":[{"embeddable":true,"href":"https:\/\/www.ufmg.br\/sisu\/wp-json\/wp\/v2\/users\/5"}],"replies":[{"embeddable":true,"href":"https:\/\/www.ufmg.br\/sisu\/wp-json\/wp\/v2\/comments?post=1757"}],"version-history":[{"count":33,"href":"https:\/\/www.ufmg.br\/sisu\/wp-json\/wp\/v2\/pages\/1757\/revisions"}],"predecessor-version":[{"id":2815,"href":"https:\/\/www.ufmg.br\/sisu\/wp-json\/wp\/v2\/pages\/1757\/revisions\/2815"}],"wp:attachment":[{"href":"https:\/\/www.ufmg.br\/sisu\/wp-json\/wp\/v2\/media?parent=1757"}],"curies":[{"name":"wp","href":"https:\/\/api.w.org\/{rel}","templated":true}]}}