{"id":2113,"date":"2023-05-19T15:43:06","date_gmt":"2023-05-19T18:43:06","guid":{"rendered":"https:\/\/www.ufmg.br\/sisu\/?page_id=2113"},"modified":"2023-07-13T15:02:51","modified_gmt":"2023-07-13T18:02:51","slug":"2a-entrada","status":"publish","type":"page","link":"https:\/\/www.ufmg.br\/sisu\/2a-entrada\/","title":{"rendered":"2\u00aa Entrada."},"content":{"rendered":"\n<p><a rel=\"noreferrer noopener\" href=\"https:\/\/www.ufmg.br\/sisu\/wp-content\/uploads\/2023\/07\/2a-Entrada-SISU-2023-Resultado-dos-Recursos.pdf\" target=\"_blank\">Resultado dos recursos<\/a>. (Atualizado em 13\/07\/2023)<\/p>\n\n\n\n<p><a href=\"https:\/\/www.ufmg.br\/sisu\/instrucoes-para-interposicao-de-recurso-2aentrada-sisu-ufmg-2023\/\">Instru\u00e7\u00f5es para interposi\u00e7\u00e3o de recurso.<\/a><\/p>\n\n\n\n<p><a href=\"https:\/\/www.ufmg.br\/sisu\/wp-content\/uploads\/2023\/06\/2a-Entrada-SISU-2023-Matriculas-Confirmadas-Ampla-Concorrencia.pdf\">Matr\u00edculas confirmadas (Ampla concorr\u00eancia).<\/a><\/p>\n\n\n\n<p><a href=\"https:\/\/www.ufmg.br\/sisu\/wp-content\/uploads\/2023\/06\/2a-Entrada-SISU-2023-Matriculas-Indeferidas-Ampla-Concorrencia.pdf\">Matr\u00edculas indeferidas (Ampla concorr\u00eancia).<\/a><\/p>\n\n\n\n<p><a href=\"https:\/\/www.ufmg.br\/sisu\/wp-content\/uploads\/2023\/06\/2a-Entrada-SISU-2023-Matriculas-Confirmadas-Reserva-de-vagas.pdf\">Matr\u00edculas confirmadas (Reserva de vagas).<\/a><\/p>\n\n\n\n<p><a href=\"https:\/\/www.ufmg.br\/sisu\/wp-content\/uploads\/2023\/06\/2a-Entrada-SISU-2023-Matriculas-Indeferidas-Reserva-de-vagas.pdf\">Matr\u00edculas indeferidas (Reserva de vagas).<\/a><\/p>\n\n\n\n<p><a href=\"https:\/\/www.ufmg.br\/sisu\/escala-de-atendimento-dos-procedimentos-presenciais-2a-entrada\/\" data-type=\"URL\" data-id=\"https:\/\/www.ufmg.br\/sisu\/wp-content\/uploads\/2023\/05\/ESCALA-DE-ATENDIMENTO-SISU-2023-2a-Entrada.pdf\">Escala de atendimento dos procedimentos presenciai<\/a><a href=\"https:\/\/www.ufmg.br\/sisu\/wp-content\/uploads\/2023\/05\/ESCALA-DE-ATENDIMENTO-SISU-2023-2a-Entrada.pdf\" data-type=\"URL\" data-id=\"https:\/\/www.ufmg.br\/sisu\/wp-content\/uploads\/2023\/05\/ESCALA-DE-ATENDIMENTO-SISU-2023-2a-Entrada.pdf\">s<\/a>.&nbsp;<\/p>\n\n\n\n<p><\/p>\n","protected":false},"excerpt":{"rendered":"<p>Resultado dos recursos. (Atualizado em 13\/07\/2023) Instru\u00e7\u00f5es para interposi\u00e7\u00e3o de recurso. Matr\u00edculas confirmadas (Ampla concorr\u00eancia). Matr\u00edculas indeferidas (Ampla concorr\u00eancia). Matr\u00edculas confirmadas (Reserva de vagas). Matr\u00edculas indeferidas (Reserva de vagas). Escala de atendimento dos procedimentos presenciais.&nbsp;<\/p>\n","protected":false},"author":4,"featured_media":0,"parent":0,"menu_order":0,"comment_status":"closed","ping_status":"closed","template":"","meta":[],"acf":[],"_links":{"self":[{"href":"https:\/\/www.ufmg.br\/sisu\/wp-json\/wp\/v2\/pages\/2113"}],"collection":[{"href":"https:\/\/www.ufmg.br\/sisu\/wp-json\/wp\/v2\/pages"}],"about":[{"href":"https:\/\/www.ufmg.br\/sisu\/wp-json\/wp\/v2\/types\/page"}],"author":[{"embeddable":true,"href":"https:\/\/www.ufmg.br\/sisu\/wp-json\/wp\/v2\/users\/4"}],"replies":[{"embeddable":true,"href":"https:\/\/www.ufmg.br\/sisu\/wp-json\/wp\/v2\/comments?post=2113"}],"version-history":[{"count":7,"href":"https:\/\/www.ufmg.br\/sisu\/wp-json\/wp\/v2\/pages\/2113\/revisions"}],"predecessor-version":[{"id":2507,"href":"https:\/\/www.ufmg.br\/sisu\/wp-json\/wp\/v2\/pages\/2113\/revisions\/2507"}],"wp:attachment":[{"href":"https:\/\/www.ufmg.br\/sisu\/wp-json\/wp\/v2\/media?parent=2113"}],"curies":[{"name":"wp","href":"https:\/\/api.w.org\/{rel}","templated":true}]}}