{"id":3681,"date":"2024-06-28T13:06:16","date_gmt":"2024-06-28T16:06:16","guid":{"rendered":"https:\/\/www.ufmg.br\/sisu\/?page_id=3681"},"modified":"2024-07-02T13:13:45","modified_gmt":"2024-07-02T16:13:45","slug":"escala-de-atendimento-dos-procedimentos-presenciais-8a-chamada-da-lista-de-espera-do-sisu-ufmg-2024","status":"publish","type":"page","link":"https:\/\/www.ufmg.br\/sisu\/escala-de-atendimento-dos-procedimentos-presenciais-8a-chamada-da-lista-de-espera-do-sisu-ufmg-2024\/","title":{"rendered":"Escala de atendimento dos procedimentos presenciais \u2013 8\u00aa Chamada da Lista de Espera do SISU\/UFMG 2024"},"content":{"rendered":"\n<h5>Aten\u00e7\u00e3o:<\/h5>\n\n\n\n<ul>\n<li><a href=\"https:\/\/www.ufmg.br\/sisu\/wp-content\/uploads\/2024\/06\/ESCALA-DE-ATENDIMENTO-PROCEDIMENTOS-PRESENCIAIS-8a-Chamada.pdf\" data-type=\"URL\" data-id=\"https:\/\/www.ufmg.br\/sisu\/wp-content\/uploads\/2024\/06\/ESCALA-DE-ATENDIMENTO-PROCEDIMENTOS-PRESENCIAIS-8a-Chamada.pdf\" target=\"_blank\" rel=\"noreferrer noopener\">Rela\u00e7\u00e3o dos candidatos convocados para os procedimentos presenciais<\/a>.<\/li>\n\n\n\n<li>Nos termos do item 8.6 do Edital do Processo Seletivo SiSU\/UFMG 1\u00aa Edi\u00e7\u00e3o de 2024, os candidatos que j\u00e1 tenham passado por avalia\u00e7\u00e3o da banca de heteroidentifica\u00e7\u00e3o na UFMG, a partir do ano de 2019, n\u00e3o ser\u00e3o convocados para novo procedimento, sendo que sua avalia\u00e7\u00e3o anterior ser\u00e1 considerada para definir aptid\u00e3o ou n\u00e3o a ocupar uma vaga destinada a pessoas negras (pretas ou pardas).<\/li>\n<\/ul>\n\n\n\n<p><\/p>\n\n\n\n<h5 id=\"locais-de-atendimento-dos-procedimentos-presenciais\">Locais de atendimento dos procedimentos presenciais:<\/h5>\n\n\n\n<p><em><strong>Banca de Heteroidentifica\u00e7\u00e3o&nbsp;<\/strong><\/em><\/p>\n\n\n\n<p><a rel=\"noreferrer noopener\" href=\"https:\/\/www.google.com\/maps?q=cad+iii&amp;rlz=1C1GCEU_pt-BRBR885BR885&amp;um=1&amp;ie=UTF-8&amp;sa=X&amp;ved=2ahUKEwiJ7O7kn5r9AhXrJbkGHTLLCXsQ_AUoAHoECAEQCg\" target=\"_blank\">Centro de Atividades Did\u00e1ticas III \u2013 Avenida Ant\u00f4nio Carlos, 6627 \u2013 Campus Pampulha \u2013 Belo Horizonte \u2013 Minas Gerais<\/a><\/p>\n\n\n\n<p><em><strong>Banca de Verifica\u00e7\u00e3o e Valida\u00e7\u00e3o de Pessoa com Defici\u00eancia<\/strong><\/em><\/p>\n\n\n\n<p><a rel=\"noreferrer noopener\" href=\"https:\/\/www.google.com\/maps?sca_esv=bb6fb22019ea88f6&amp;rlz=1C1GCEU_pt-BRBR888BR888&amp;output=search&amp;q=unidade+administrativa+iii+ufmg&amp;source=lnms&amp;fbs=AEQNm0AuaLfhdrtx2b9ODfK0pnmiw5nSZwNlVfEzuxKLWTKEHXt5IY2W8nQL2YIQAPJugdjnyungMiDacVc1U-cdjtDc-41tMD6P0rkTK_d0IegjWr-VtDW7y1o75Md8d4UGw__3kUeoiw8QdNd51sU3FAVFvXZ-Tg4emguFhCq0qeCrfu-3Ad0c6-vZGkQUBoptSZVDjSqA6TDMjLGq2Vk118T0-8zPDQ&amp;entry=mc&amp;ved=1t:200715&amp;ictx=111\" target=\"_blank\">Unidade Administrativa III\u00a0 \u2013 Avenida Ant\u00f4nio Carlos, 6627 \u2013 Campus Pampulha \u2013 Belo Horizonte \u2013 Minas Gerais<\/a><\/p>\n","protected":false},"excerpt":{"rendered":"<p>Aten\u00e7\u00e3o: Locais de atendimento dos procedimentos presenciais: Banca de Heteroidentifica\u00e7\u00e3o&nbsp; Centro de Atividades Did\u00e1ticas III \u2013 Avenida Ant\u00f4nio Carlos, 6627 \u2013 Campus Pampulha \u2013 Belo Horizonte \u2013 Minas Gerais Banca de Verifica\u00e7\u00e3o e Valida\u00e7\u00e3o de Pessoa com Defici\u00eancia Unidade Administrativa III\u00a0 \u2013 Avenida Ant\u00f4nio Carlos, 6627 \u2013 Campus Pampulha \u2013 Belo Horizonte \u2013 Minas Gerais<\/p>\n","protected":false},"author":4,"featured_media":0,"parent":0,"menu_order":0,"comment_status":"closed","ping_status":"closed","template":"","meta":[],"acf":[],"_links":{"self":[{"href":"https:\/\/www.ufmg.br\/sisu\/wp-json\/wp\/v2\/pages\/3681"}],"collection":[{"href":"https:\/\/www.ufmg.br\/sisu\/wp-json\/wp\/v2\/pages"}],"about":[{"href":"https:\/\/www.ufmg.br\/sisu\/wp-json\/wp\/v2\/types\/page"}],"author":[{"embeddable":true,"href":"https:\/\/www.ufmg.br\/sisu\/wp-json\/wp\/v2\/users\/4"}],"replies":[{"embeddable":true,"href":"https:\/\/www.ufmg.br\/sisu\/wp-json\/wp\/v2\/comments?post=3681"}],"version-history":[{"count":7,"href":"https:\/\/www.ufmg.br\/sisu\/wp-json\/wp\/v2\/pages\/3681\/revisions"}],"predecessor-version":[{"id":3697,"href":"https:\/\/www.ufmg.br\/sisu\/wp-json\/wp\/v2\/pages\/3681\/revisions\/3697"}],"wp:attachment":[{"href":"https:\/\/www.ufmg.br\/sisu\/wp-json\/wp\/v2\/media?parent=3681"}],"curies":[{"name":"wp","href":"https:\/\/api.w.org\/{rel}","templated":true}]}}