{"id":3750,"date":"2024-07-17T14:21:32","date_gmt":"2024-07-17T17:21:32","guid":{"rendered":"https:\/\/www.ufmg.br\/sisu\/?page_id=3750"},"modified":"2024-08-02T09:53:07","modified_gmt":"2024-08-02T12:53:07","slug":"2a-entrada-2","status":"publish","type":"page","link":"https:\/\/www.ufmg.br\/sisu\/2a-entrada-2\/","title":{"rendered":"2\u00aa Entrada"},"content":{"rendered":"\n<p><a href=\"https:\/\/www.ufmg.br\/sisu\/wp-content\/uploads\/2024\/08\/2a-Entrada-SISU-2024-Resultado-dos-Recursos.pdf\" data-type=\"URL\" data-id=\"https:\/\/www.ufmg.br\/sisu\/wp-content\/uploads\/2024\/08\/2a-Entrada-SISU-2024-Resultado-dos-Recursos.pdf\" target=\"_blank\" rel=\"noreferrer noopener\">Resultado dos recursos<\/a>.<\/p>\n\n\n\n<p><a rel=\"noreferrer noopener\" href=\"https:\/\/www.ufmg.br\/sisu\/instrucoes-para-interposicao-de-recurso-sisu-ufmg-2024-7\/\" data-type=\"URL\" data-id=\"https:\/\/www.ufmg.br\/sisu\/instrucoes-para-interposicao-de-recurso-sisu-ufmg-2024-7\/\" target=\"_blank\">Instru\u00e7\u00f5es para interposi\u00e7\u00e3o de recurso<\/a>.<\/p>\n\n\n\n<p><a href=\"https:\/\/www.ufmg.br\/sisu\/wp-content\/uploads\/2024\/07\/2a-Entrada-SISU-2024-Matriculas-Confirmadas-Ampla-Concorrencia.pdf\" data-type=\"URL\" data-id=\"https:\/\/www.ufmg.br\/sisu\/wp-content\/uploads\/2024\/07\/2a-Entrada-SISU-2024-Matriculas-Confirmadas-Ampla-Concorrencia.pdf\" target=\"_blank\" rel=\"noreferrer noopener\">Matr\u00edculas confirmadas (Ampla concorr\u00eancia)<\/a>.<\/p>\n\n\n\n<p><a href=\"https:\/\/www.ufmg.br\/sisu\/wp-content\/uploads\/2024\/07\/2a-Entrada-SISU-2024-Matriculas-Indeferidas-Ampla-Concorrencia.pdf\" data-type=\"URL\" data-id=\"https:\/\/www.ufmg.br\/sisu\/wp-content\/uploads\/2024\/07\/2a-Entrada-SISU-2024-Matriculas-Indeferidas-Ampla-Concorrencia.pdf\" target=\"_blank\" rel=\"noreferrer noopener\">Matr\u00edculas indeferidas (Ampla concorr\u00eancia)<\/a>.<\/p>\n\n\n\n<p><a href=\"https:\/\/www.ufmg.br\/sisu\/wp-content\/uploads\/2024\/07\/2a-Entrada-SISU-2024-Matriculas-Confirmadas-Reserva-de-vagas.pdf\" data-type=\"URL\" data-id=\"https:\/\/www.ufmg.br\/sisu\/wp-content\/uploads\/2024\/07\/2a-Entrada-SISU-2024-Matriculas-Confirmadas-Reserva-de-vagas.pdf\" target=\"_blank\" rel=\"noreferrer noopener\">Matr\u00edculas confirmadas (Reserva de vagas)<\/a>.<\/p>\n\n\n\n<p><a href=\"https:\/\/www.ufmg.br\/sisu\/wp-content\/uploads\/2024\/07\/2a-Entrada-SISU-2024-Matriculas-Indeferidas-Reserva-de-vagas.pdf\" data-type=\"URL\" data-id=\"https:\/\/www.ufmg.br\/sisu\/wp-content\/uploads\/2024\/07\/2a-Entrada-SISU-2024-Matriculas-Indeferidas-Reserva-de-vagas.pdf\" target=\"_blank\" rel=\"noreferrer noopener\">Matr\u00edculas indeferidas (Reserva de vagas)<\/a>.<\/p>\n\n\n\n<p><a href=\"https:\/\/www.ufmg.br\/sisu\/escala-de-atendimento-dos-procedimentos-presenciais-sisu-ufmg-2024-2a-entrada\/\" data-type=\"URL\" data-id=\"https:\/\/www.ufmg.br\/sisu\/escala-de-atendimento-dos-procedimentos-presenciais-sisu-ufmg-2024-2a-entrada\/\" target=\"_blank\" rel=\"noreferrer noopener\">Escala de atendimento dos procedimentos presenciais<\/a>.&nbsp;<\/p>\n","protected":false},"excerpt":{"rendered":"<p>Resultado dos recursos. Instru\u00e7\u00f5es para interposi\u00e7\u00e3o de recurso. Matr\u00edculas confirmadas (Ampla concorr\u00eancia). Matr\u00edculas indeferidas (Ampla concorr\u00eancia). Matr\u00edculas confirmadas (Reserva de vagas). Matr\u00edculas indeferidas (Reserva de vagas). Escala de atendimento dos procedimentos presenciais.&nbsp;<\/p>\n","protected":false},"author":4,"featured_media":0,"parent":0,"menu_order":0,"comment_status":"closed","ping_status":"closed","template":"","meta":[],"acf":[],"_links":{"self":[{"href":"https:\/\/www.ufmg.br\/sisu\/wp-json\/wp\/v2\/pages\/3750"}],"collection":[{"href":"https:\/\/www.ufmg.br\/sisu\/wp-json\/wp\/v2\/pages"}],"about":[{"href":"https:\/\/www.ufmg.br\/sisu\/wp-json\/wp\/v2\/types\/page"}],"author":[{"embeddable":true,"href":"https:\/\/www.ufmg.br\/sisu\/wp-json\/wp\/v2\/users\/4"}],"replies":[{"embeddable":true,"href":"https:\/\/www.ufmg.br\/sisu\/wp-json\/wp\/v2\/comments?post=3750"}],"version-history":[{"count":3,"href":"https:\/\/www.ufmg.br\/sisu\/wp-json\/wp\/v2\/pages\/3750\/revisions"}],"predecessor-version":[{"id":3914,"href":"https:\/\/www.ufmg.br\/sisu\/wp-json\/wp\/v2\/pages\/3750\/revisions\/3914"}],"wp:attachment":[{"href":"https:\/\/www.ufmg.br\/sisu\/wp-json\/wp\/v2\/media?parent=3750"}],"curies":[{"name":"wp","href":"https:\/\/api.w.org\/{rel}","templated":true}]}}