{"id":379,"date":"2022-10-18T15:20:17","date_gmt":"2022-10-18T18:20:17","guid":{"rendered":"https:\/\/www.ufmg.br\/sisu\/?page_id=379"},"modified":"2026-01-07T15:26:07","modified_gmt":"2026-01-07T18:26:07","slug":"normas","status":"publish","type":"page","link":"https:\/\/www.ufmg.br\/sisu\/sisu\/normas\/","title":{"rendered":"Editais e Normas"},"content":{"rendered":"\n<p><a href=\"https:\/\/www.ufmg.br\/sisu\/wp-content\/uploads\/2026\/01\/1-Edital-SiSU-MEC-2026.pdf\" data-type=\"URL\" data-id=\"https:\/\/www.ufmg.br\/sisu\/wp-content\/uploads\/2026\/01\/1-Edital-SiSU-MEC-2026.pdf\" target=\"_blank\" rel=\"noreferrer noopener\">Edital Sisu\/MEC \u2013 2026<\/a><\/p>\n\n\n\n<p><a href=\"https:\/\/www.ufmg.br\/sisu\/wp-content\/uploads\/2026\/01\/termo_adesao_575_UFMG-16-ASSINADO.pdf\" data-type=\"URL\" data-id=\"https:\/\/www.ufmg.br\/sisu\/wp-content\/uploads\/2026\/01\/termo_adesao_575_UFMG-16-ASSINADO.pdf\" target=\"_blank\" rel=\"noreferrer noopener\">Termo de Ades\u00e3o da UFMG ao SiSU \u2013 2026<\/a><\/p>\n\n\n\n<p><a href=\"https:\/\/www.ufmg.br\/sisu\/wp-content\/uploads\/2025\/11\/Retificacao-Informativo-Sisu-2026.pdf\" data-type=\"URL\" data-id=\"https:\/\/www.ufmg.br\/sisu\/wp-content\/uploads\/2025\/11\/Retificacao-Informativo-Sisu-2026.pdf\" target=\"_blank\" rel=\"noreferrer noopener\">Retifica\u00e7\u00e3o &#8211; Informativo Sisu-UFMG \u2013 2026<\/a><\/p>\n\n\n\n<p><a rel=\"noreferrer noopener\" href=\"https:\/\/www.ufmg.br\/sisu\/wp-content\/uploads\/2025\/05\/Informativo-Sisu-2026.pdf\" data-type=\"URL\" data-id=\"https:\/\/www.ufmg.br\/sisu\/wp-content\/uploads\/2025\/05\/Informativo-Sisu-2026.pdf\" target=\"_blank\">Informativo Sisu-UFMG \u2013 2026<\/a><\/p>\n\n\n\n<hr class=\"wp-block-separator has-alpha-channel-opacity is-style-wide\"\/>\n\n\n\n<ul>\n<li><a rel=\"noreferrer noopener\" href=\"https:\/\/www.ufmg.br\/sisu\/wp-content\/uploads\/2026\/01\/01res2025-Formasdeingressonoscursosdegraduacao.pdf\" data-type=\"URL\" data-id=\"https:\/\/www.ufmg.br\/sisu\/wp-content\/uploads\/2026\/01\/01res2025-Formasdeingressonoscursosdegraduacao.pdf\" target=\"_blank\">Resolu\u00e7\u00e3o UFMG n\u00ba 01\/2025<\/a><\/li>\n\n\n\n<li><a rel=\"noreferrer noopener\" href=\"https:\/\/www.ufmg.br\/sisu\/wp-content\/uploads\/2023\/01\/PORTARIA-NORMATIVA-NAo-21-DE-5-DE-NOVEMBRO-DE-2012-Alterada-pela-Portaria-nAo-1.117-2018.pdf\" target=\"_blank\">Portaria Normativa MEC n\u00ba 21\/2012 (Sobre o SiSU)<\/a><\/li>\n\n\n\n<li><a href=\"https:\/\/www.ufmg.br\/sisu\/wp-content\/uploads\/2023\/01\/lei-12711-2012rv.pdf\" data-type=\"URL\" data-id=\"https:\/\/www.ufmg.br\/sisu\/wp-content\/uploads\/2023\/01\/lei-12711-2012rv.pdf\" target=\"_blank\" rel=\"noreferrer noopener\">Lei 12.711\/2012 (Sobre o ingresso nas universidades federais)<\/a><\/li>\n\n\n\n<li><a rel=\"noreferrer noopener\" href=\"https:\/\/www.ufmg.br\/sisu\/wp-content\/uploads\/2023\/01\/PORTARIA-NORMATIVA-NAo-18-DE-11-DE-OUTUBRO-DE-2012-Alterada-pela-Portaria-nAo-1.117-2018.pdf\" data-type=\"URL\" data-id=\"https:\/\/www.ufmg.br\/sisu\/wp-content\/uploads\/2023\/01\/PORTARIA-NORMATIVA-NAo-18-DE-11-DE-OUTUBRO-DE-2012-Alterada-pela-Portaria-nAo-1.117-2018.pdf\" target=\"_blank\">Portaria Normativa MEC n\u00ba 18\/2012 (Sobre as reservas de vaga)<\/a><\/li>\n\n\n\n<li><a href=\"https:\/\/www.ufmg.br\/sisu\/wp-content\/uploads\/2023\/01\/decreto-7824-regulamenta-a-lei-12711.pdf\" data-type=\"URL\" data-id=\"https:\/\/www.ufmg.br\/sisu\/wp-content\/uploads\/2023\/01\/decreto-7824-regulamenta-a-lei-12711.pdf\" target=\"_blank\" rel=\"noreferrer noopener\">Decreto n\u00ba 7824\/2012 (Regulamenta a Lei 12.711\/2012)<\/a><\/li>\n\n\n\n<li><a rel=\"noreferrer noopener\" href=\"https:\/\/www.ufmg.br\/sisu\/wp-content\/uploads\/2023\/01\/SISU-PORTARIA-No-19-DE-06-DE-NOVEMBRO-DE-2014.pdf\" target=\"_blank\">Portaria Normativa MEC n\u00ba 19\/2014 (Altera as portarias: 21 e 18)<\/a><\/li>\n\n\n\n<li><a href=\"http:\/\/www.planalto.gov.br\/ccivil_03\/_ato2015-2018\/2015\/lei\/l13146.htm\" data-type=\"URL\" data-id=\"http:\/\/www.planalto.gov.br\/ccivil_03\/_ato2015-2018\/2015\/lei\/l13146.htm\" target=\"_blank\" rel=\"noreferrer noopener\">Lei n\u00ba 13.146, de 6 de julho de 2015 \u2013 Lei Brasileira de Inclus\u00e3o da Pessoa com Defici\u00eancia (Estatuto da Pessoa com Defici\u00eancia)<\/a><\/li>\n\n\n\n<li><a rel=\"noreferrer noopener\" href=\"http:\/\/www.planalto.gov.br\/ccivil_03\/_ato2015-2018\/2016\/lei\/L13409.htm\" target=\"_blank\">Lei 13.409\/2016 (Sobre a reserva de vagas para deficientes)<\/a><\/li>\n\n\n\n<li><a rel=\"noreferrer noopener\" href=\"https:\/\/www.ufmg.br\/sisu\/wp-content\/uploads\/2023\/01\/portariaN9.pdf\" target=\"_blank\">Portaria Normativa MEC n\u00ba 09, de 05 de maio de 2017<\/a><\/li>\n\n\n\n<li><a rel=\"noreferrer noopener\" href=\"https:\/\/www.ufmg.br\/sisu\/wp-content\/uploads\/2023\/01\/DOU_PORTARIA-NAo-1.117-DE-1Ao-DE-NOVEMBRO-DE-2018.pdf\" target=\"_blank\">Portaria n\u00ba 1.117\/2018 (Altera as portarias: 21 e 18)<\/a><\/li>\n\n\n\n<li><a rel=\"noreferrer noopener\" href=\"https:\/\/www.ufmg.br\/sisu\/wp-content\/uploads\/2024\/01\/Portaria-2027-de-16-de-nov-de-2023.pdf\" target=\"_blank\">Portaria MEC 2027, de 16 de novembro de 2023<\/a><\/li>\n\n\n\n<li><a rel=\"noreferrer noopener\" href=\"https:\/\/www.ufmg.br\/sisu\/wp-content\/uploads\/2024\/01\/LEI-No-14.723-DE-13-DE-NOVEMBRO-DE-2023.pdf\" target=\"_blank\">Lei n\u00ba 14.723, de 13 de novembro de 2023<\/a><\/li>\n\n\n\n<li><a rel=\"noreferrer noopener\" href=\"https:\/\/www.ufmg.br\/sisu\/wp-content\/uploads\/2025\/01\/Decreto-no-11781-de-14-de-novembro-de-2023.pdf\" target=\"_blank\">Decreto n\u00ba 11.781\/2023 (Altera o Decreto n\u00ba 7.824\/2012, que regulamenta a Lei n\u00ba 12.711\/2012)<\/a><\/li>\n\n\n\n<li><a rel=\"noreferrer noopener\" href=\"https:\/\/www.ufmg.br\/sisu\/wp-content\/uploads\/2025\/01\/PORTARIA-No-1.127-DE-22-DE-NOVEMBRO-DE-2024-PORTARIA-No-1.127-DE-22-DE-NOVEMBRO-DE-2024-DOU-Imprensa-Nacional.pdf\" data-type=\"URL\" data-id=\"https:\/\/www.ufmg.br\/sisu\/wp-content\/uploads\/2025\/01\/PORTARIA-No-1.127-DE-22-DE-NOVEMBRO-DE-2024-PORTARIA-No-1.127-DE-22-DE-NOVEMBRO-DE-2024-DOU-Imprensa-Nacional.pdf\" target=\"_blank\">Portaria n\u00ba 1.127\/2024 (Altera a Portaria Normativa MEC n\u00ba 18\/2012)<\/a><\/li>\n\n\n\n<li><a href=\"https:\/\/www.ufmg.br\/sisu\/wp-content\/uploads\/2026\/01\/PORTARIA-MEC-No-704-DE-17-DE-OUTUBRO-DE-2025.pdf\" data-type=\"URL\" data-id=\"https:\/\/www.ufmg.br\/sisu\/wp-content\/uploads\/2026\/01\/PORTARIA-MEC-No-704-DE-17-DE-OUTUBRO-DE-2025.pdf\" target=\"_blank\" rel=\"noreferrer noopener\">Portaria MEC n\u00ba 704, de 17 de outubro de 2025<\/a><\/li>\n\n\n\n<li><a href=\"https:\/\/www.ufmg.br\/sisu\/wp-content\/uploads\/2026\/01\/8-instrucao-normativa-mgi-no-23-de-25-de-julho-de-2023-instrucao-normativa-mgi-no-23-de-25-de-julho-de-2023-dou-imprensa-nacional.pdf\" data-type=\"URL\" data-id=\"https:\/\/www.ufmg.br\/sisu\/wp-content\/uploads\/2026\/01\/8-instrucao-normativa-mgi-no-23-de-25-de-julho-de-2023-instrucao-normativa-mgi-no-23-de-25-de-julho-de-2023-dou-imprensa-nacional.pdf\" target=\"_blank\" rel=\"noreferrer noopener\">Instru\u00e7\u00e3o Normativa MGI N\u00ba 23, de 25 de julho de 2023<\/a><\/li>\n\n\n\n<li><a href=\"https:\/\/www.ufmg.br\/sisu\/wp-content\/uploads\/2026\/01\/Oficio-Circular-No-3.2025.GAB_.SESU_.SESu-MEC.pdf\" data-type=\"URL\" data-id=\"https:\/\/www.ufmg.br\/sisu\/wp-content\/uploads\/2026\/01\/Oficio-Circular-No-3.2025.GAB_.SESU_.SESu-MEC.pdf\" target=\"_blank\" rel=\"noreferrer noopener\">Of\u00edcio Circular N\u00ba 3\/2025\/GAB\/SESU\/SESu-MEC<\/a><\/li>\n<\/ul>\n","protected":false},"excerpt":{"rendered":"<p>Edital Sisu\/MEC \u2013 2026 Termo de Ades\u00e3o da UFMG ao SiSU \u2013 2026 Retifica\u00e7\u00e3o &#8211; Informativo Sisu-UFMG \u2013 2026 Informativo Sisu-UFMG \u2013 2026<\/p>\n","protected":false},"author":1,"featured_media":0,"parent":373,"menu_order":0,"comment_status":"closed","ping_status":"closed","template":"","meta":[],"acf":[],"_links":{"self":[{"href":"https:\/\/www.ufmg.br\/sisu\/wp-json\/wp\/v2\/pages\/379"}],"collection":[{"href":"https:\/\/www.ufmg.br\/sisu\/wp-json\/wp\/v2\/pages"}],"about":[{"href":"https:\/\/www.ufmg.br\/sisu\/wp-json\/wp\/v2\/types\/page"}],"author":[{"embeddable":true,"href":"https:\/\/www.ufmg.br\/sisu\/wp-json\/wp\/v2\/users\/1"}],"replies":[{"embeddable":true,"href":"https:\/\/www.ufmg.br\/sisu\/wp-json\/wp\/v2\/comments?post=379"}],"version-history":[{"count":38,"href":"https:\/\/www.ufmg.br\/sisu\/wp-json\/wp\/v2\/pages\/379\/revisions"}],"predecessor-version":[{"id":5643,"href":"https:\/\/www.ufmg.br\/sisu\/wp-json\/wp\/v2\/pages\/379\/revisions\/5643"}],"up":[{"embeddable":true,"href":"https:\/\/www.ufmg.br\/sisu\/wp-json\/wp\/v2\/pages\/373"}],"wp:attachment":[{"href":"https:\/\/www.ufmg.br\/sisu\/wp-json\/wp\/v2\/media?parent=379"}],"curies":[{"name":"wp","href":"https:\/\/api.w.org\/{rel}","templated":true}]}}