{"id":487,"date":"2022-12-14T09:39:40","date_gmt":"2022-12-14T12:39:40","guid":{"rendered":"https:\/\/www.ufmg.br\/sisu\/?page_id=487"},"modified":"2026-01-29T10:05:00","modified_gmt":"2026-01-29T13:05:00","slug":"contato","status":"publish","type":"page","link":"https:\/\/www.ufmg.br\/sisu\/contato\/","title":{"rendered":"Contato"},"content":{"rendered":"\n<p class=\"has-cyan-bluish-gray-background-color has-background\"><strong><a rel=\"noreferrer noopener\" href=\"https:\/\/www.ufmg.br\/sisu\/wp-content\/uploads\/2026\/01\/ESCALA-DE-ATENDIMENTO-1.pdf\" target=\"_blank\">Clique aqui<\/a> para acessar a escala de atendimento para d\u00favidas.<\/strong><\/p>\n\n\n\n<p class=\"has-text-color\" style=\"color:#2f5d7e\"><strong>DRCA &#8211; Unidade Administrativa III (t\u00e9rreo)<\/strong><\/p>\n\n\n\n<p>Av. Ant\u00f4nio Carlos 6627 \u2013 Bairro Pampulha. Belo Horizonte\/MG<\/p>\n\n\n\n<p class=\"has-text-color\" style=\"color:#2f5d7e\"><strong>E-mails:<\/strong><\/p>\n\n\n\n<p><strong>duvidaregistro@drca.ufmg.br<\/strong><\/p>\n\n\n\n<p><strong>sisurenda@prae.ufmg.br<\/strong><br>(Exclusivo para informa\u00e7\u00e3o sobre reserva de vagas para comprova\u00e7\u00e3o da <strong>condi\u00e7\u00e3o de renda<\/strong>)<\/p>\n\n\n\n<p><strong>nai@drca.ufmg.br<\/strong><br>(Exclusivo para informa\u00e7\u00e3o sobre reserva de vagas para <strong>Pessoas Com Defici\u00eancia<\/strong>)<\/p>\n\n\n\n<p class=\"has-text-color\" style=\"color:#2f5d7e\"><\/p>\n","protected":false},"excerpt":{"rendered":"<p>Clique aqui para acessar a escala de atendimento para d\u00favidas. DRCA &#8211; Unidade Administrativa III (t\u00e9rreo) Av. Ant\u00f4nio Carlos 6627 \u2013 Bairro Pampulha. Belo Horizonte\/MG E-mails: duvidaregistro@drca.ufmg.br sisurenda@prae.ufmg.br(Exclusivo para informa\u00e7\u00e3o sobre reserva de vagas para comprova\u00e7\u00e3o da condi\u00e7\u00e3o de renda) nai@drca.ufmg.br(Exclusivo para informa\u00e7\u00e3o sobre reserva de vagas para Pessoas Com Defici\u00eancia)<\/p>\n","protected":false},"author":1,"featured_media":0,"parent":0,"menu_order":0,"comment_status":"closed","ping_status":"closed","template":"","meta":[],"acf":[],"_links":{"self":[{"href":"https:\/\/www.ufmg.br\/sisu\/wp-json\/wp\/v2\/pages\/487"}],"collection":[{"href":"https:\/\/www.ufmg.br\/sisu\/wp-json\/wp\/v2\/pages"}],"about":[{"href":"https:\/\/www.ufmg.br\/sisu\/wp-json\/wp\/v2\/types\/page"}],"author":[{"embeddable":true,"href":"https:\/\/www.ufmg.br\/sisu\/wp-json\/wp\/v2\/users\/1"}],"replies":[{"embeddable":true,"href":"https:\/\/www.ufmg.br\/sisu\/wp-json\/wp\/v2\/comments?post=487"}],"version-history":[{"count":18,"href":"https:\/\/www.ufmg.br\/sisu\/wp-json\/wp\/v2\/pages\/487\/revisions"}],"predecessor-version":[{"id":5878,"href":"https:\/\/www.ufmg.br\/sisu\/wp-json\/wp\/v2\/pages\/487\/revisions\/5878"}],"wp:attachment":[{"href":"https:\/\/www.ufmg.br\/sisu\/wp-json\/wp\/v2\/media?parent=487"}],"curies":[{"name":"wp","href":"https:\/\/api.w.org\/{rel}","templated":true}]}}

<p class="has-cyan-bluish-gray-background-color has-background"><strong><a rel="noreferrer noopener" href="https://www.ufmg.br/sisu/wp-content/uploads/2026/01/ESCALA-DE-ATENDIMENTO-1.pdf" target="_blank">Clique aqui</a> para acessar a escala de atendimento para dúvidas.</strong></p>



<p class="has-text-color" style="color:#2f5d7e"><strong>DRCA &#8211; Unidade Administrativa III (térreo)</strong></p>



<p>Av. Antônio Carlos 6627 – Bairro Pampulha. Belo Horizonte/MG</p>



<p class="has-text-color" style="color:#2f5d7e"><strong>E-mails:</strong></p>



<p><strong>duvidaregistro@drca.ufmg.br</strong></p>



<p><strong>sisurenda@prae.ufmg.br</strong><br>(Exclusivo para informação sobre reserva de vagas para comprovação da <strong>condição de renda</strong>)</p>



<p><strong>nai@drca.ufmg.br</strong><br>(Exclusivo para informação sobre reserva de vagas para <strong>Pessoas Com Deficiência</strong>)</p>



<p class="has-text-color" style="color:#2f5d7e"></p>

<p>Clique aqui para acessar a escala de atendimento para dúvidas. DRCA &#8211; Unidade Administrativa III (térreo) Av. Antônio Carlos 6627 – Bairro Pampulha. Belo Horizonte/MG E-mails: duvidaregistro@drca.ufmg.br sisurenda@prae.ufmg.br(Exclusivo para informação sobre reserva de vagas para comprovação da condição de renda) nai@drca.ufmg.br(Exclusivo para informação sobre reserva de vagas para Pessoas Com Deficiência)</p>
