{"id":4940,"date":"2025-06-02T14:24:39","date_gmt":"2025-06-02T17:24:39","guid":{"rendered":"https:\/\/www.ufmg.br\/sisu\/?page_id=4940"},"modified":"2025-09-08T10:57:38","modified_gmt":"2025-09-08T13:57:38","slug":"2a-entrada-3","status":"publish","type":"page","link":"https:\/\/www.ufmg.br\/sisu\/2a-entrada-3\/","title":{"rendered":"2\u00aa Entrada"},"content":{"rendered":"\n<p><a href=\"https:\/\/www.ufmg.br\/sisu\/wp-content\/uploads\/2025\/09\/2a-ENTRADA-SISU-2025-Resultado-dos-Recursos-Candidatos-avaliados-entre-14-a-18-de-julho.pdf\" data-type=\"URL\" data-id=\"https:\/\/www.ufmg.br\/sisu\/wp-content\/uploads\/2025\/09\/2a-ENTRADA-SISU-2025-Resultado-dos-Recursos-Candidatos-avaliados-entre-14-a-18-de-julho.pdf\" target=\"_blank\" rel=\"noreferrer noopener\">Resultado dos recursos &#8211; Candidatos PCD avaliados entre os dias 14 a 18\/07\/2015<\/a>.<\/p>\n\n\n\n<p><a rel=\"noreferrer noopener\" href=\"https:\/\/www.ufmg.br\/sisu\/instrucoes-para-interposicao-de-recurso-sisu-ufmg-2025-10\/\" data-type=\"URL\" data-id=\"https:\/\/www.ufmg.br\/sisu\/instrucoes-para-interposicao-de-recurso-sisu-ufmg-2025-10\/\" target=\"_blank\">Instru\u00e7\u00f5es para interposi\u00e7\u00e3o de recurso  &#8211; Candidatos PCD avaliados entre os dias 14 a 18\/07\/2015<\/a>.<\/p>\n\n\n\n<p><a href=\"https:\/\/www.ufmg.br\/sisu\/wp-content\/uploads\/2025\/07\/2a-Entrada-SISU-2025-Matriculas-Confirmadas-Reserva-de-vagas-PCD.pdf\" data-type=\"URL\" data-id=\"https:\/\/www.ufmg.br\/sisu\/wp-content\/uploads\/2025\/07\/2a-Entrada-SISU-2025-Matriculas-Confirmadas-Reserva-de-vagas-PCD.pdf\" target=\"_blank\" rel=\"noreferrer noopener\">Matriculas confirmadas (Reserva de Vagas)- Candidatos PCD avaliados entre os dias 14 a 18\/07\/2015<\/a>.<br><a href=\"https:\/\/www.ufmg.br\/sisu\/wp-content\/uploads\/2025\/07\/2a-Entrada-SISU-2025-Matriculas-Indeferidas-Reserva-de-vagas-PCD.pdf\" data-type=\"URL\" data-id=\"https:\/\/www.ufmg.br\/sisu\/wp-content\/uploads\/2025\/07\/2a-Entrada-SISU-2025-Matriculas-Indeferidas-Reserva-de-vagas-PCD.pdf\" target=\"_blank\" rel=\"noreferrer noopener\">Matriculas indeferidas (Reserva de Vagas)- Candidatos PCD avaliados entre os dias 14 a 18\/07\/2015<\/a>.<\/p>\n\n\n\n<p><a href=\"https:\/\/www.ufmg.br\/sisu\/wp-content\/uploads\/2025\/08\/2a-ENTRADA-SISU-2025-Resultado-dos-Recursos.pdf\" data-type=\"URL\" data-id=\"https:\/\/www.ufmg.br\/sisu\/wp-content\/uploads\/2025\/08\/2a-ENTRADA-SISU-2025-Resultado-dos-Recursos.pdf\" target=\"_blank\" rel=\"noreferrer noopener\">Resultado dos recursos<\/a>.<\/p>\n\n\n\n<p><a rel=\"noreferrer noopener\" href=\"https:\/\/www.ufmg.br\/sisu\/instrucoes-para-interposicao-de-recurso-sisu-ufmg-2025-8\/\" data-type=\"URL\" data-id=\"https:\/\/www.ufmg.br\/sisu\/instrucoes-para-interposicao-de-recurso-sisu-ufmg-2025-8\/\" target=\"_blank\">Instru\u00e7\u00f5es para interposi\u00e7\u00e3o de recurso<\/a>.<\/p>\n\n\n\n<p><a rel=\"noreferrer noopener\" href=\"https:\/\/www.ufmg.br\/sisu\/wp-content\/uploads\/2025\/07\/2a-Entrada-SISU-2025-Matriculas-Confirmadas-Ampla-Concorrencia.pdf\" data-type=\"URL\" data-id=\"https:\/\/www.ufmg.br\/sisu\/wp-content\/uploads\/2025\/07\/2a-Entrada-SISU-2025-Matriculas-Confirmadas-Ampla-Concorrencia.pdf\" target=\"_blank\">Matr\u00edculas confirmadas (Ampla concorr\u00eancia)<\/a>.<\/p>\n\n\n\n<p><a rel=\"noreferrer noopener\" href=\"https:\/\/www.ufmg.br\/sisu\/wp-content\/uploads\/2025\/07\/2a-Entrada-SISU-2025-Matriculas-Indeferidas-Ampla-Concorrencia.pdf\" data-type=\"URL\" data-id=\"https:\/\/www.ufmg.br\/sisu\/wp-content\/uploads\/2025\/07\/2a-Entrada-SISU-2025-Matriculas-Indeferidas-Ampla-Concorrencia.pdf\" target=\"_blank\">Matr\u00edculas indeferidas (Ampla concorr\u00eancia)<\/a>.<\/p>\n\n\n\n<p><a rel=\"noreferrer noopener\" href=\"https:\/\/www.ufmg.br\/sisu\/wp-content\/uploads\/2025\/07\/2a-Entrada-SISU-2025-Matriculas-Confirmadas-Reserva-de-vagas.pdf\" data-type=\"URL\" data-id=\"https:\/\/www.ufmg.br\/sisu\/wp-content\/uploads\/2025\/07\/2a-Entrada-SISU-2025-Matriculas-Confirmadas-Reserva-de-vagas.pdf\" target=\"_blank\">Matriculas confirmadas (Reserva de Vagas).<\/a><\/p>\n\n\n\n<p><a rel=\"noreferrer noopener\" href=\"https:\/\/www.ufmg.br\/sisu\/wp-content\/uploads\/2025\/07\/2a-Entrada-SISU-2025-Matriculas-Indeferidas-Reserva-de-vagas.pdf\" data-type=\"URL\" data-id=\"https:\/\/www.ufmg.br\/sisu\/wp-content\/uploads\/2025\/07\/2a-Entrada-SISU-2025-Matriculas-Indeferidas-Reserva-de-vagas.pdf\" target=\"_blank\">Matr\u00edculas indeferidas (Reserva de vagas)<\/a><\/p>\n\n\n\n<p><a rel=\"noreferrer noopener\" href=\"https:\/\/www.ufmg.br\/sisu\/escala-de-atendimento-dos-procedimentos-presenciais-sisu-ufmg-2025-2a-entrada\/\" data-type=\"URL\" data-id=\"https:\/\/www.ufmg.br\/sisu\/escala-de-atendimento-dos-procedimentos-presenciais-sisu-ufmg-2025-2a-entrada\/\" target=\"_blank\">Escala de atendimento dos procedimentos presenciais<\/a>.&nbsp;<\/p>\n","protected":false},"excerpt":{"rendered":"<p>Resultado dos recursos &#8211; Candidatos PCD avaliados entre os dias 14 a 18\/07\/2015. Instru\u00e7\u00f5es para interposi\u00e7\u00e3o de recurso &#8211; Candidatos PCD avaliados entre os dias 14 a 18\/07\/2015. Matriculas confirmadas (Reserva de Vagas)- Candidatos PCD avaliados entre os dias 14 a 18\/07\/2015.Matriculas indeferidas (Reserva de Vagas)- Candidatos PCD avaliados entre os dias 14 a 18\/07\/2015. [&hellip;]<\/p>\n","protected":false},"author":4,"featured_media":0,"parent":0,"menu_order":0,"comment_status":"closed","ping_status":"closed","template":"","meta":[],"acf":[],"_links":{"self":[{"href":"https:\/\/www.ufmg.br\/sisu\/wp-json\/wp\/v2\/pages\/4940"}],"collection":[{"href":"https:\/\/www.ufmg.br\/sisu\/wp-json\/wp\/v2\/pages"}],"about":[{"href":"https:\/\/www.ufmg.br\/sisu\/wp-json\/wp\/v2\/types\/page"}],"author":[{"embeddable":true,"href":"https:\/\/www.ufmg.br\/sisu\/wp-json\/wp\/v2\/users\/4"}],"replies":[{"embeddable":true,"href":"https:\/\/www.ufmg.br\/sisu\/wp-json\/wp\/v2\/comments?post=4940"}],"version-history":[{"count":17,"href":"https:\/\/www.ufmg.br\/sisu\/wp-json\/wp\/v2\/pages\/4940\/revisions"}],"predecessor-version":[{"id":5475,"href":"https:\/\/www.ufmg.br\/sisu\/wp-json\/wp\/v2\/pages\/4940\/revisions\/5475"}],"wp:attachment":[{"href":"https:\/\/www.ufmg.br\/sisu\/wp-json\/wp\/v2\/media?parent=4940"}],"curies":[{"name":"wp","href":"https:\/\/api.w.org\/{rel}","templated":true}]}}