{"id":4971,"date":"2025-06-12T13:54:56","date_gmt":"2025-06-12T16:54:56","guid":{"rendered":"https:\/\/www.ufmg.br\/sisu\/?page_id=4971"},"modified":"2025-07-28T11:35:34","modified_gmt":"2025-07-28T14:35:34","slug":"8a-chamada-da-lista-de-espera-do-sisu-ufmg-2025","status":"publish","type":"page","link":"https:\/\/www.ufmg.br\/sisu\/8a-chamada-da-lista-de-espera-do-sisu-ufmg-2025\/","title":{"rendered":"8\u00aa Chamada da Lista de Espera do SISU\/UFMG 2025"},"content":{"rendered":"\n<p><a href=\"https:\/\/www.ufmg.br\/sisu\/wp-content\/uploads\/2025\/07\/8a-CHAMADA-DA-LISTA-DE-ESPERA-SISU-2025-Resultado-dos-Recursos.pdf\" data-type=\"URL\" data-id=\"https:\/\/www.ufmg.br\/sisu\/wp-content\/uploads\/2025\/07\/8a-CHAMADA-DA-LISTA-DE-ESPERA-SISU-2025-Resultado-dos-Recursos.pdf\" target=\"_blank\" rel=\"noreferrer noopener\">Resultado dos recursos<\/a>.<\/p>\n\n\n\n<p><a rel=\"noreferrer noopener\" href=\"https:\/\/www.ufmg.br\/sisu\/instrucoes-para-interposicao-de-recurso-sisu-ufmg-2025-8\/\" target=\"_blank\">Instru\u00e7\u00f5es para interposi\u00e7\u00e3o de recurso<\/a>.<\/p>\n\n\n\n<p><a href=\"https:\/\/www.ufmg.br\/sisu\/wp-content\/uploads\/2025\/07\/Matriculas-Confirmadas-Ampla-Concorrencia-8a-CHAMADA-DA-LISTA-DE-ESPERA-DO-SISU-2025.pdf\" data-type=\"URL\" data-id=\"https:\/\/www.ufmg.br\/sisu\/wp-content\/uploads\/2025\/07\/Matriculas-Confirmadas-Ampla-Concorrencia-8a-CHAMADA-DA-LISTA-DE-ESPERA-DO-SISU-2025.pdf\" target=\"_blank\" rel=\"noreferrer noopener\">Matr\u00edculas confirmadas (Ampla concorr\u00eancia)<\/a>.<\/p>\n\n\n\n<p><a rel=\"noreferrer noopener\" href=\"https:\/\/www.ufmg.br\/sisu\/wp-content\/uploads\/2025\/07\/Matriculas-Indeferidas-Ampla-Concorrencia-8a-CHAMADA-DA-LISTA-DE-ESPERA-DO-SISU-2025.pdf\" data-type=\"URL\" data-id=\"https:\/\/www.ufmg.br\/sisu\/wp-content\/uploads\/2025\/07\/Matriculas-Indeferidas-Ampla-Concorrencia-8a-CHAMADA-DA-LISTA-DE-ESPERA-DO-SISU-2025.pdf\" target=\"_blank\">Matr\u00edculas indeferidas (Ampla concorr\u00eancia)<\/a>.<\/p>\n\n\n\n<p><a rel=\"noreferrer noopener\" href=\"https:\/\/www.ufmg.br\/sisu\/wp-content\/uploads\/2025\/07\/Matriculas-Confirmadas-Reserva-de-vagas-8a-CHAMADA-DA-LISTA-DE-ESPERA-DO-SISU-2025.pdf\" data-type=\"URL\" data-id=\"https:\/\/www.ufmg.br\/sisu\/wp-content\/uploads\/2025\/07\/Matriculas-Confirmadas-Reserva-de-vagas-8a-CHAMADA-DA-LISTA-DE-ESPERA-DO-SISU-2025.pdf\" target=\"_blank\">Matr\u00edculas confirmadas (Reserva de vagas)<\/a> (Atualizada em 07\/07\/2025).<\/p>\n\n\n\n<p><a rel=\"noreferrer noopener\" href=\"https:\/\/www.ufmg.br\/sisu\/wp-content\/uploads\/2025\/07\/Matriculas-Indeferidas-Reserva-de-vagas-8a-CHAMADA-DA-LISTA-DE-ESPERA-DO-SISU-2025.pdf\" data-type=\"URL\" data-id=\"https:\/\/www.ufmg.br\/sisu\/wp-content\/uploads\/2025\/07\/Matriculas-Indeferidas-Reserva-de-vagas-8a-CHAMADA-DA-LISTA-DE-ESPERA-DO-SISU-2025.pdf\" target=\"_blank\">Matr\u00edculas indeferidas (Reserva de vagas)<\/a> (Atualizada em 07\/07\/2025) .<\/p>\n\n\n\n<p><a rel=\"noreferrer noopener\" href=\"https:\/\/www.ufmg.br\/sisu\/escala-de-atendimento-dos-procedimentos-presenciais-14\/\" data-type=\"URL\" data-id=\"https:\/\/www.ufmg.br\/sisu\/escala-de-atendimento-dos-procedimentos-presenciais-14\/\" target=\"_blank\">Escala de atendimento dos procedimentos presenciais<\/a>.<\/p>\n\n\n\n<p><a rel=\"noreferrer noopener\" href=\"https:\/\/www.ufmg.br\/sisu\/registro-academico-via-internet-com-upload-da-documentacao-obrigatoria-8a-chamada-da-lista-de-espera-do-sisu-ufmg-2025\/\" data-type=\"URL\" data-id=\"https:\/\/www.ufmg.br\/sisu\/registro-academico-via-internet-com-upload-da-documentacao-obrigatoria-8a-chamada-da-lista-de-espera-do-sisu-ufmg-2025\/\" target=\"_blank\">Clique aqui para acessar o Registro Acad\u00eamico, via internet, com upload da documenta\u00e7\u00e3o obrigat\u00f3ria<\/a>.<\/p>\n\n\n\n<p><a href=\"https:\/\/www.ufmg.br\/sisu\/wp-content\/uploads\/2025\/06\/Notas-Maximas-e-Minimas-8a-Chamada-da-LE.pdf\" data-type=\"URL\" data-id=\"https:\/\/www.ufmg.br\/sisu\/wp-content\/uploads\/2025\/06\/Notas-Maximas-e-Minimas-8a-Chamada-da-LE.pdf\" target=\"_blank\" rel=\"noreferrer noopener\">Pontua\u00e7\u00f5es m\u00ednimas e m\u00e1ximas<\/a>.<\/p>\n\n\n\n<p><a href=\"https:\/\/www.ufmg.br\/sisu\/wp-content\/uploads\/2025\/06\/8a-Chamada-da-lista-de-espera-SISU-2025.pdf\" data-type=\"URL\" data-id=\"https:\/\/www.ufmg.br\/sisu\/wp-content\/uploads\/2025\/06\/8a-Chamada-da-lista-de-espera-SISU-2025.pdf\" target=\"_blank\" rel=\"noreferrer noopener\">Consulte aqui a rela\u00e7\u00e3o dos candidatos convocados<\/a>.<\/p>\n\n\n\n<p><a href=\"https:\/\/www.ufmg.br\/sisu\/instrucoes-aos-candidatos-convocados-na-8a-chamada-da-lista-de-espera-do-sisu-ufmg-2025\/\" data-type=\"URL\" data-id=\"https:\/\/www.ufmg.br\/sisu\/instrucoes-aos-candidatos-convocados-na-8a-chamada-da-lista-de-espera-do-sisu-ufmg-2025\/\" target=\"_blank\" rel=\"noreferrer noopener\">Instru\u00e7\u00f5es para os candidatos convocados<\/a>.<\/p>\n","protected":false},"excerpt":{"rendered":"<p>Resultado dos recursos. Instru\u00e7\u00f5es para interposi\u00e7\u00e3o de recurso. Matr\u00edculas confirmadas (Ampla concorr\u00eancia). Matr\u00edculas indeferidas (Ampla concorr\u00eancia). Matr\u00edculas confirmadas (Reserva de vagas) (Atualizada em 07\/07\/2025). Matr\u00edculas indeferidas (Reserva de vagas) (Atualizada em 07\/07\/2025) . Escala de atendimento dos procedimentos presenciais. Clique aqui para acessar o Registro Acad\u00eamico, via internet, com upload da documenta\u00e7\u00e3o obrigat\u00f3ria. Pontua\u00e7\u00f5es m\u00ednimas [&hellip;]<\/p>\n","protected":false},"author":4,"featured_media":0,"parent":0,"menu_order":0,"comment_status":"closed","ping_status":"closed","template":"","meta":[],"acf":[],"_links":{"self":[{"href":"https:\/\/www.ufmg.br\/sisu\/wp-json\/wp\/v2\/pages\/4971"}],"collection":[{"href":"https:\/\/www.ufmg.br\/sisu\/wp-json\/wp\/v2\/pages"}],"about":[{"href":"https:\/\/www.ufmg.br\/sisu\/wp-json\/wp\/v2\/types\/page"}],"author":[{"embeddable":true,"href":"https:\/\/www.ufmg.br\/sisu\/wp-json\/wp\/v2\/users\/4"}],"replies":[{"embeddable":true,"href":"https:\/\/www.ufmg.br\/sisu\/wp-json\/wp\/v2\/comments?post=4971"}],"version-history":[{"count":8,"href":"https:\/\/www.ufmg.br\/sisu\/wp-json\/wp\/v2\/pages\/4971\/revisions"}],"predecessor-version":[{"id":5086,"href":"https:\/\/www.ufmg.br\/sisu\/wp-json\/wp\/v2\/pages\/4971\/revisions\/5086"}],"wp:attachment":[{"href":"https:\/\/www.ufmg.br\/sisu\/wp-json\/wp\/v2\/media?parent=4971"}],"curies":[{"name":"wp","href":"https:\/\/api.w.org\/{rel}","templated":true}]}}