{"id":5544,"date":"2025-09-15T18:54:33","date_gmt":"2025-09-15T21:54:33","guid":{"rendered":"https:\/\/www.ufmg.br\/sisu\/?page_id=5544"},"modified":"2026-01-16T15:58:44","modified_gmt":"2026-01-16T18:58:44","slug":"documentacao-detalhada-de-todo-o-grupo-familiar","status":"publish","type":"page","link":"https:\/\/www.ufmg.br\/sisu\/documentacao-detalhada-de-todo-o-grupo-familiar\/","title":{"rendered":"Documenta\u00e7\u00e3o detalhada de todo o grupo familiar"},"content":{"rendered":"\n<p>O\/a candidato\/a dever\u00e1 anexar, no ato do registro acad\u00eamico, os documentos de identifica\u00e7\u00e3o civil referentes a <strong>TODOS os membros do grupo familiar<\/strong>, podendo optar pelos seguintes documentos: Carteira de Identidade, Certid\u00e3o de nascimento, Carteira Nacional de Habilita\u00e7\u00e3o ou outro documento oficial equivalente com foto.<\/p>\n\n\n\n<p>O\/a candidato dever\u00e1 anexar, no ato do registro acad\u00eamico, comprovante de resid\u00eancia atualizado em nome do candidato ou de seu respons\u00e1vel legal. Caso n\u00e3o possua comprovante de resid\u00eancia em seu nome ou em nome de um de seus respons\u00e1veis legais, o candidato dever\u00e1 preencher declara\u00e7\u00e3o de endere\u00e7o. <a href=\"https:\/\/www.ufmg.br\/sisu\/wp-content\/uploads\/2025\/09\/Formulario-endereco.pdf\" data-type=\"URL\" data-id=\"https:\/\/www.ufmg.br\/sisu\/wp-content\/uploads\/2025\/09\/Formulario-endereco.pdf\" target=\"_blank\" rel=\"noreferrer noopener\">Clique aqui<\/a> para acessar o formul\u00e1rio.<\/p>\n\n\n\n<p>O\/a candidato\/a dever\u00e1 preencher, assinar e anexar, no ato do registro acad\u00eamico o \u201cFormul\u00e1rio de Verifica\u00e7\u00e3o de perfil de renda e Composi\u00e7\u00e3o familiar\u201d. <a href=\"https:\/\/www.ufmg.br\/sisu\/wp-content\/uploads\/2025\/09\/Formulario-de-composicao-familiar-UFMG.pdf\" data-type=\"URL\" data-id=\"https:\/\/www.ufmg.br\/sisu\/wp-content\/uploads\/2025\/09\/Formulario-de-composicao-familiar-UFMG.pdf\" target=\"_blank\" rel=\"noreferrer noopener\">Clique aqui<\/a> para acessar o formul\u00e1rio.<\/p>\n\n\n\n<p class=\"has-black-color has-text-color\">O\/a candidato\/a dever\u00e1 anexar os comprovantes de rendimentos mensais referentes a <strong>CADA membro do grupo familiar<\/strong>, de acordo com a situa\u00e7\u00e3o de trabalho e de renda.<strong>  <\/strong><\/p>\n\n\n\n<p class=\"has-text-align-left has-black-color has-cyan-bluish-gray-background-color has-text-color has-background\"><strong>ATEN\u00c7\u00c3O:<\/strong> O membro do grupo familiar que possuir mais de uma fonte de renda dever\u00e1 apresentar documenta\u00e7\u00e3o referente a todas elas, conforme os itens que se seguem:<\/p>\n\n\n\n<p><strong>a)<\/strong> Quem n\u00e3o exerceu atividade remunerada (do lar, estudantes maiores de 14 anos, entre outros), durante os tr\u00eas meses que antecederam a inscri\u00e7\u00e3o do\/a candidato\/a no SiSU. (<a href=\"https:\/\/www.ufmg.br\/sisu\/wp-content\/uploads\/2025\/09\/A-pessoas-que-nao-exercem-atividade-remunerada.pdf\" data-type=\"URL\" data-id=\"https:\/\/www.ufmg.br\/sisu\/wp-content\/uploads\/2025\/09\/A-pessoas-que-nao-exercem-atividade-remunerada.pdf\" target=\"_blank\" rel=\"noreferrer noopener\">Clique aqui<\/a>)<\/p>\n\n\n\n<p><strong>b)<\/strong> Quem esteve desempregado durante o per\u00edodo de tr\u00eas meses anteriores \u00e0 inscri\u00e7\u00e3o do\/a candidato no SiSU. (<a href=\"https:\/\/www.ufmg.br\/sisu\/wp-content\/uploads\/2025\/09\/B-pessoas-desempregadas.pdf\" data-type=\"URL\" data-id=\"https:\/\/www.ufmg.br\/sisu\/wp-content\/uploads\/2025\/09\/B-pessoas-desempregadas.pdf\" target=\"_blank\" rel=\"noreferrer noopener\">Clique aqui<\/a>)<\/p>\n\n\n\n<p><strong>c)<\/strong> Quem exerceu atividade de trabalho informal ou espor\u00e1dica (eventual) durante o per\u00edodo de tr\u00eas meses anteriores \u00e0 inscri\u00e7\u00e3o do\/a candidato no SiSU. (<a href=\"https:\/\/www.ufmg.br\/sisu\/wp-content\/uploads\/2025\/09\/C-pessoas-que-exercem-trabalho-informal-ou-esporadico.pdf\" data-type=\"URL\" data-id=\"https:\/\/www.ufmg.br\/sisu\/wp-content\/uploads\/2025\/09\/C-pessoas-que-exercem-trabalho-informal-ou-esporadico.pdf\" target=\"_blank\" rel=\"noreferrer noopener\">Clique aqui<\/a>)<\/p>\n\n\n\n<p><strong>d)<\/strong> Quem atuou como estagi\u00e1rio\/a ou bolsista durante o per\u00edodo de tr\u00eas meses anteriores \u00e0 inscri\u00e7\u00e3o do\/a candidato no SiSU. (<a href=\"https:\/\/www.ufmg.br\/sisu\/wp-content\/uploads\/2025\/09\/D-estagiario-ou-bolsista.pdf\" data-type=\"URL\" data-id=\"https:\/\/www.ufmg.br\/sisu\/wp-content\/uploads\/2025\/09\/D-estagiario-ou-bolsista.pdf\" target=\"_blank\" rel=\"noreferrer noopener\">Clique aqui<\/a>)<\/p>\n\n\n\n<p><strong>e) <\/strong>Quem atuou como aut\u00f4nomo ou profissional liberal durante o per\u00edodo de tr\u00eas meses anteriores \u00e0 inscri\u00e7\u00e3o do\/a candidato no SiSU. (<a href=\"https:\/\/www.ufmg.br\/sisu\/wp-content\/uploads\/2025\/09\/E-pessoas-que-trabalham-como-autonomas-ou-profissionais-liberais.pdf\" data-type=\"URL\" data-id=\"https:\/\/www.ufmg.br\/sisu\/wp-content\/uploads\/2025\/09\/E-pessoas-que-trabalham-como-autonomas-ou-profissionais-liberais.pdf\" target=\"_blank\" rel=\"noreferrer noopener\">Clique aqui<\/a>)<\/p>\n\n\n\n<p><strong>f)<\/strong> Quem possuiu v\u00ednculo empregat\u00edcio, com carteira assinada\/contrato de trabalho ou \u00e9 servidor\/a p\u00fablico\/a durante o per\u00edodo de tr\u00eas meses anteriores \u00e0 inscri\u00e7\u00e3o do\/a candidato no SiSU. (<a href=\"https:\/\/www.ufmg.br\/sisu\/wp-content\/uploads\/2025\/09\/F-pessoas-que-possuem-vinculo-empregaticio-com-carteira-assinada-ou-servidor-publico.pdf\" data-type=\"URL\" data-id=\"https:\/\/www.ufmg.br\/sisu\/wp-content\/uploads\/2025\/09\/F-pessoas-que-possuem-vinculo-empregaticio-com-carteira-assinada-ou-servidor-publico.pdf\" target=\"_blank\" rel=\"noreferrer noopener\">Clique aqui<\/a>)<\/p>\n\n\n\n<p><strong>g)<\/strong>&nbsp; Quem possui rendimento de aluguel ou arrendamento de bens m\u00f3veis ou im\u00f3veis. (<a href=\"https:\/\/www.ufmg.br\/sisu\/wp-content\/uploads\/2025\/09\/G-rendimento-proveniente-de-aluguel-ou-arrendamento.pdf\" data-type=\"URL\" data-id=\"https:\/\/www.ufmg.br\/sisu\/wp-content\/uploads\/2025\/09\/G-rendimento-proveniente-de-aluguel-ou-arrendamento.pdf\" target=\"_blank\" rel=\"noreferrer noopener\">Clique aqui<\/a>)<\/p>\n\n\n\n<p><strong>h)<\/strong> Quem atuou como Microempreendedor individual \u2013 MEI durante o per\u00edodo de tr\u00eas meses anteriores \u00e0 inscri\u00e7\u00e3o do\/a candidato no SiSU. (<a href=\"https:\/\/www.ufmg.br\/sisu\/wp-content\/uploads\/2025\/09\/H-MEI.pdf\" data-type=\"URL\" data-id=\"https:\/\/www.ufmg.br\/sisu\/wp-content\/uploads\/2025\/09\/H-MEI.pdf\" target=\"_blank\" rel=\"noreferrer noopener\">Clique aqui<\/a>)<\/p>\n\n\n\n<p><strong>i)<\/strong> Quem atuou como empres\u00e1rio, microempres\u00e1rio ou comerciante durante o per\u00edodo de tr\u00eas meses anteriores \u00e0 inscri\u00e7\u00e3o do\/a candidato no SiSU. (<a href=\"https:\/\/www.ufmg.br\/sisu\/wp-content\/uploads\/2025\/09\/I-pessoas-empresarias-microempresarias-ou-comerciantes.pdf\" data-type=\"URL\" data-id=\"https:\/\/www.ufmg.br\/sisu\/wp-content\/uploads\/2025\/09\/I-pessoas-empresarias-microempresarias-ou-comerciantes.pdf\" target=\"_blank\" rel=\"noreferrer noopener\">Clique aqui<\/a>)<\/p>\n\n\n\n<p><strong>j)<\/strong> Quem recebeu pens\u00e3o aliment\u00edcia e\/ou aux\u00edlio financeiro de terceiros. Aten\u00e7\u00e3o! Pessoas com idade inferior a 21 anos, que n\u00e3o residem com um dos genitores e n\u00e3o recebem pens\u00e3o aliment\u00edcia, dever\u00e3o informar o n\u00e3o recebimento da mesma por meio do preenchimento de formul\u00e1rio disponibilizado no item \u201cj\u201d. A declara\u00e7\u00e3o dever\u00e1 ser assinada pelos pais ou respons\u00e1veis legais. (<a href=\"https:\/\/www.ufmg.br\/sisu\/wp-content\/uploads\/2025\/09\/J-pessoas-que-recebem-pensao-alimenticia-ou-auxlilio-financeiro.pdf\" data-type=\"URL\" data-id=\"https:\/\/www.ufmg.br\/sisu\/wp-content\/uploads\/2025\/09\/J-pessoas-que-recebem-pensao-alimenticia-ou-auxlilio-financeiro.pdf\" target=\"_blank\" rel=\"noreferrer noopener\">Clique aqui<\/a>)<\/p>\n\n\n\n<p><strong>k)<\/strong> Quem atuou como produtor rural ou arrendat\u00e1rio durante o per\u00edodo de tr\u00eas meses anteriores \u00e0 inscri\u00e7\u00e3o do\/a candidato no SiSU. (<a href=\"https:\/\/www.ufmg.br\/sisu\/wp-content\/uploads\/2025\/09\/K-proprietarios-ou-trabalhadores-rurais.pdf\" data-type=\"URL\" data-id=\"https:\/\/www.ufmg.br\/sisu\/wp-content\/uploads\/2025\/09\/K-proprietarios-ou-trabalhadores-rurais.pdf\" target=\"_blank\" rel=\"noreferrer noopener\">Clique aqui<\/a>)<\/p>\n\n\n\n<p><strong>l) <\/strong>Quem \u00e9 aposentado\/a, pensionista ou benefici\u00e1rio\/a de Aux\u00edlio-doen\u00e7a. (<a href=\"https:\/\/www.ufmg.br\/sisu\/wp-content\/uploads\/2025\/09\/L-pessoas-aposentadas-pensionistas-ou-beneficiarias-do-auxilio-doenca.pdf\" data-type=\"URL\" data-id=\"https:\/\/www.ufmg.br\/sisu\/wp-content\/uploads\/2025\/09\/L-pessoas-aposentadas-pensionistas-ou-beneficiarias-do-auxilio-doenca.pdf\" target=\"_blank\" rel=\"noreferrer noopener\">Clique aqui<\/a>)<\/p>\n\n\n\n<p class=\"has-text-align-justify has-cyan-bluish-gray-background-color has-background\"><strong>Os documentos devem ser digitalizados e compilados em um \u00fanico arquivo, no formato de PDF. N\u00e3o \u00e9 necess\u00e1rio autenticar em cart\u00f3rio nenhum dos documentos originais digitalizados.<\/strong><\/p>\n\n\n\n<hr class=\"wp-block-separator has-alpha-channel-opacity\"\/>\n\n\n\n<p><strong>Documenta\u00e7\u00e3o complementar que poder\u00e1 ser requisitada no momento do procedimento, obrigat\u00f3rio, do registro acad\u00eamico:<\/strong><\/p>\n\n\n\n<p><strong>a)<\/strong> Certid\u00e3o de \u00d3bito, quando for o caso.<\/p>\n\n\n\n<p><strong>b)<\/strong> Arrolamento dos Bens de Invent\u00e1rio, quando for o caso.<\/p>\n\n\n\n<p><strong>c)<\/strong> Senten\u00e7a de Separa\u00e7\u00e3o\/Div\u00f3rcio e do respectivo Formal de Partilha, quando for o caso.<\/p>\n\n\n\n<p><strong>d)<\/strong> Outros documentos considerados necess\u00e1rios por profissional respons\u00e1vel pelo recebimento da documenta\u00e7\u00e3o de comprova\u00e7\u00e3o de renda familiar, conforme cada caso.<\/p>\n\n\n\n<p><strong>e)<\/strong> Outros relacionados no ANEXO II da Portaria Normativa n\u00ba 18, de 11 de outubro de 2012, do Minist\u00e9rio da Educa\u00e7\u00e3o (MEC).<\/p>\n","protected":false},"excerpt":{"rendered":"<p>O\/a candidato\/a dever\u00e1 anexar, no ato do registro acad\u00eamico, os documentos de identifica\u00e7\u00e3o civil referentes a TODOS os membros do grupo familiar, podendo optar pelos seguintes documentos: Carteira de Identidade, Certid\u00e3o de nascimento, Carteira Nacional de Habilita\u00e7\u00e3o ou outro documento oficial equivalente com foto. O\/a candidato dever\u00e1 anexar, no ato do registro acad\u00eamico, comprovante de [&hellip;]<\/p>\n","protected":false},"author":4,"featured_media":0,"parent":0,"menu_order":0,"comment_status":"closed","ping_status":"closed","template":"","meta":[],"acf":[],"_links":{"self":[{"href":"https:\/\/www.ufmg.br\/sisu\/wp-json\/wp\/v2\/pages\/5544"}],"collection":[{"href":"https:\/\/www.ufmg.br\/sisu\/wp-json\/wp\/v2\/pages"}],"about":[{"href":"https:\/\/www.ufmg.br\/sisu\/wp-json\/wp\/v2\/types\/page"}],"author":[{"embeddable":true,"href":"https:\/\/www.ufmg.br\/sisu\/wp-json\/wp\/v2\/users\/4"}],"replies":[{"embeddable":true,"href":"https:\/\/www.ufmg.br\/sisu\/wp-json\/wp\/v2\/comments?post=5544"}],"version-history":[{"count":17,"href":"https:\/\/www.ufmg.br\/sisu\/wp-json\/wp\/v2\/pages\/5544\/revisions"}],"predecessor-version":[{"id":5788,"href":"https:\/\/www.ufmg.br\/sisu\/wp-json\/wp\/v2\/pages\/5544\/revisions\/5788"}],"wp:attachment":[{"href":"https:\/\/www.ufmg.br\/sisu\/wp-json\/wp\/v2\/media?parent=5544"}],"curies":[{"name":"wp","href":"https:\/\/api.w.org\/{rel}","templated":true}]}}