{"id":5933,"date":"2026-02-11T15:55:51","date_gmt":"2026-02-11T18:55:51","guid":{"rendered":"https:\/\/www.ufmg.br\/sisu\/?page_id=5933"},"modified":"2026-04-08T10:51:40","modified_gmt":"2026-04-08T13:51:40","slug":"lista-de-espera-sisu-ufmg-2026","status":"publish","type":"page","link":"https:\/\/www.ufmg.br\/sisu\/lista-de-espera-sisu-ufmg-2026\/","title":{"rendered":"Lista de Espera \u2013 SISU\/UFMG 2026"},"content":{"rendered":"\n<p><a href=\"https:\/\/www.ufmg.br\/sisu\/wp-content\/uploads\/2026\/04\/Matriculas-Confirmadas-Ampla-Concorrencia.pdf\" data-type=\"URL\" data-id=\"https:\/\/www.ufmg.br\/sisu\/wp-content\/uploads\/2026\/04\/Matriculas-Confirmadas-Ampla-Concorrencia.pdf\">Convoca\u00e7\u00e3o em atendimento ao item 6.10.4 do Edital.<\/a><\/p>\n\n\n\n<p><a rel=\"noreferrer noopener\" href=\"https:\/\/www.ufmg.br\/sisu\/7a-chamada-da-lista-de-espera-sisu-ufmg-2026\/\" data-type=\"URL\" data-id=\"https:\/\/www.ufmg.br\/sisu\/7a-chamada-da-lista-de-espera-sisu-ufmg-2026\/\" target=\"_blank\">7\u00aa Chamada da Lista de Espera<\/a>.<\/p>\n\n\n\n<p><a rel=\"noreferrer noopener\" href=\"https:\/\/www.ufmg.br\/sisu\/6a-chamada-da-lista-de-espera-sisu-ufmg-2026\/\" data-type=\"URL\" data-id=\"https:\/\/www.ufmg.br\/sisu\/6a-chamada-da-lista-de-espera-sisu-ufmg-2026\/\" target=\"_blank\">6\u00aa Chamada da Lista de Espera<\/a>.<\/p>\n\n\n\n<p><a rel=\"noreferrer noopener\" href=\"https:\/\/www.ufmg.br\/sisu\/5a-chamada-da-lista-de-espera-e-5a-antecipacao-de-entrada-sisu-ufmg-2026\/\" data-type=\"URL\" data-id=\"https:\/\/www.ufmg.br\/sisu\/5a-chamada-da-lista-de-espera-e-5a-antecipacao-de-entrada-sisu-ufmg-2026\/\" target=\"_blank\">5\u00aa Chamada da Lista de Espera e 5\u00aa Antecipa\u00e7\u00e3o de Entrada<\/a>.<\/p>\n\n\n\n<p><a rel=\"noreferrer noopener\" href=\"https:\/\/www.ufmg.br\/sisu\/4a-chamada-da-lista-de-espera-e-4a-antecipacao-de-entrada-sisu-ufmg-2026\/\" data-type=\"URL\" data-id=\"https:\/\/www.ufmg.br\/sisu\/4a-chamada-da-lista-de-espera-e-4a-antecipacao-de-entrada-sisu-ufmg-2026\/\" target=\"_blank\">4\u00aa Chamada da Lista de Espera e 4\u00aa Antecipa\u00e7\u00e3o de Entrada<\/a>.<\/p>\n\n\n\n<p><a rel=\"noreferrer noopener\" href=\"https:\/\/www.ufmg.br\/sisu\/3a-chamada-da-lista-de-espera-e-3a-antecipacao-de-entrada-sisu-ufmg-2026\/\" data-type=\"URL\" data-id=\"https:\/\/www.ufmg.br\/sisu\/3a-chamada-da-lista-de-espera-e-3a-antecipacao-de-entrada-sisu-ufmg-2026\/\" target=\"_blank\">3\u00aa Chamada da Lista de Espera e 3\u00aa Antecipa\u00e7\u00e3o de Entrada<\/a>.<\/p>\n\n\n\n<p><a rel=\"noreferrer noopener\" href=\"https:\/\/www.ufmg.br\/sisu\/2a-chamada-da-lista-de-espera-e-2a-antecipacao-de-entrada-sisu-ufmg-2026\/\" data-type=\"URL\" data-id=\"https:\/\/www.ufmg.br\/sisu\/2a-chamada-da-lista-de-espera-e-2a-antecipacao-de-entrada-sisu-ufmg-2026\/\" target=\"_blank\">2\u00aa Chamada da Lista de Espera e 2\u00aa Antecipa\u00e7\u00e3o de Entrada<\/a>.<\/p>\n\n\n\n<p><a rel=\"noreferrer noopener\" href=\"https:\/\/www.ufmg.br\/sisu\/1a-chamada-da-lista-de-espera-e-1a-antecipacao-de-entrada-sisu-ufmg-2026\/\" data-type=\"URL\" data-id=\"https:\/\/www.ufmg.br\/sisu\/1a-chamada-da-lista-de-espera-e-1a-antecipacao-de-entrada-sisu-ufmg-2026\/\" target=\"_blank\">1\u00aa Chamada da Lista de Espera e 1\u00aa Antecipa\u00e7\u00e3o de Entrada<\/a>.<\/p>\n\n\n\n<p><a href=\"https:\/\/www.ufmg.br\/sisu\/wp-content\/uploads\/2026\/02\/SISU-UFMG-2026-Posicao-na-Lista-de-Espera-APOS-Confirmacao-de-interesse-DIVULGACAO.pdf\" data-type=\"URL\" data-id=\"https:\/\/www.ufmg.br\/sisu\/wp-content\/uploads\/2026\/02\/SISU-UFMG-2026-Posicao-na-Lista-de-Espera-APOS-Confirmacao-de-interesse-DIVULGACAO.pdf\" target=\"_blank\" rel=\"noreferrer noopener\">Classifica\u00e7\u00e3o geral\/posi\u00e7\u00e3o de excedente ap\u00f3s confirma\u00e7\u00e3o de interesse em continuar participando da Lista de Espera<\/a>.<\/p>\n\n\n\n<p><a rel=\"noreferrer noopener\" href=\"https:\/\/www.ufmg.br\/sisu\/wp-content\/uploads\/2026\/02\/SISU-UFMG-2026-Lista-de-Espera-por-Curso-Alfabetica.pdf\" data-type=\"URL\" data-id=\"https:\/\/www.ufmg.br\/sisu\/wp-content\/uploads\/2026\/02\/SISU-UFMG-2026-Lista-de-Espera-por-Curso-Alfabetica.pdf\" target=\"_blank\">Classifica\u00e7\u00e3o de <strong>excedente<\/strong> na Lista de Espera<\/a>. <\/p>\n","protected":false},"excerpt":{"rendered":"<p>Convoca\u00e7\u00e3o em atendimento ao item 6.10.4 do Edital. 7\u00aa Chamada da Lista de Espera. 6\u00aa Chamada da Lista de Espera. 5\u00aa Chamada da Lista de Espera e 5\u00aa Antecipa\u00e7\u00e3o de Entrada. 4\u00aa Chamada da Lista de Espera e 4\u00aa Antecipa\u00e7\u00e3o de Entrada. 3\u00aa Chamada da Lista de Espera e 3\u00aa Antecipa\u00e7\u00e3o de Entrada. 2\u00aa Chamada [&hellip;]<\/p>\n","protected":false},"author":4,"featured_media":0,"parent":0,"menu_order":0,"comment_status":"closed","ping_status":"closed","template":"","meta":[],"acf":[],"_links":{"self":[{"href":"https:\/\/www.ufmg.br\/sisu\/wp-json\/wp\/v2\/pages\/5933"}],"collection":[{"href":"https:\/\/www.ufmg.br\/sisu\/wp-json\/wp\/v2\/pages"}],"about":[{"href":"https:\/\/www.ufmg.br\/sisu\/wp-json\/wp\/v2\/types\/page"}],"author":[{"embeddable":true,"href":"https:\/\/www.ufmg.br\/sisu\/wp-json\/wp\/v2\/users\/4"}],"replies":[{"embeddable":true,"href":"https:\/\/www.ufmg.br\/sisu\/wp-json\/wp\/v2\/comments?post=5933"}],"version-history":[{"count":12,"href":"https:\/\/www.ufmg.br\/sisu\/wp-json\/wp\/v2\/pages\/5933\/revisions"}],"predecessor-version":[{"id":6453,"href":"https:\/\/www.ufmg.br\/sisu\/wp-json\/wp\/v2\/pages\/5933\/revisions\/6453"}],"wp:attachment":[{"href":"https:\/\/www.ufmg.br\/sisu\/wp-json\/wp\/v2\/media?parent=5933"}],"curies":[{"name":"wp","href":"https:\/\/api.w.org\/{rel}","templated":true}]}}