{"id":466,"date":"2024-03-27T12:23:41","date_gmt":"2024-03-27T15:23:41","guid":{"rendered":"https:\/\/www.ufmg.br\/stockcarnaufmgnao\/?page_id=466"},"modified":"2024-04-04T15:51:41","modified_gmt":"2024-04-04T18:51:41","slug":"documentos","status":"publish","type":"page","link":"https:\/\/www.ufmg.br\/stockcarnaufmgnao\/documentos\/","title":{"rendered":"Documentos"},"content":{"rendered":"\n<p><a href=\"https:\/\/www.ufmg.br\/stockcarnaufmgnao\/wp-content\/uploads\/2024\/03\/SEI_UFMG-3083181-Ofi%CC%81cio.pdf\" target=\"_blank\" rel=\"noreferrer noopener\">OF\u00cdCIO N\u00ba 245\/2024\/GAB-REI-UFMG<\/a> &#8211; Representa\u00e7\u00e3o ao Minist\u00e9rio P\u00fablico Federal<\/p>\n\n\n\n<p><a href=\"https:\/\/www.ufmg.br\/stockcarnaufmgnao\/wp-content\/uploads\/2024\/03\/SEI_UFMG-3083122-Ofi%CC%81cio-3.pdf\" target=\"_blank\" rel=\"noreferrer noopener\">OF\u00cdCIO N\u00ba 244\/2024\/GAB-REI-UFMG<\/a> &#8211; Representa\u00e7\u00e3o ao Minist\u00e9rio P\u00fablico de Minas Gerais<\/p>\n\n\n\n<p><a rel=\"noreferrer noopener\" href=\"https:\/\/www.ufmg.br\/stockcarnaufmgnao\/wp-content\/uploads\/2024\/04\/Ofi\u0301cio-357-72-1-2.pdf\" target=\"_blank\">OF\u00cdCIO SC\/<\/a><a href=\"https:\/\/www.ufmg.br\/stockcarnaufmgnao\/wp-content\/uploads\/2024\/04\/Ofi\u0301cio-357-72-1-2.pdf\" target=\"_blank\" rel=\"noreferrer noopener\">N<\/a><a rel=\"noreferrer noopener\" href=\"https:\/\/www.ufmg.br\/stockcarnaufmgnao\/wp-content\/uploads\/2024\/04\/Ofi\u0301cio-357-72-1-2.pdf\" target=\"_blank\">\u00ba 357\/72 <\/a>&#8211; Of\u00edcio enviado ao Governador do Estado (1972) <\/p>\n\n\n\n<p><a href=\"https:\/\/ufmg.br\/storage\/9\/9\/9\/3\/9993079e7d265c23dafb0a17bab20994_17122404350051_596091734.pdf\" target=\"_blank\" rel=\"noreferrer noopener\">OF\u00cdCIO N\u00ba 103\/88-GB &#8211;<\/a> Of\u00edcio encaminhado ao Reitor da UFMG (1988)<\/p>\n\n\n\n<p><a href=\"https:\/\/ufmg.br\/storage\/4\/2\/7\/c\/427c6f910d20ded70555d0de2a5ac56a_17122407382906_292138887.pdf\" target=\"_blank\" rel=\"noreferrer noopener\">RELAT\u00d3RIO FINAL<\/a> &#8211; Comiss\u00e3o especial designada pela portaria n\u00ba 005 de (03\/02\/2012) <\/p>\n\n\n\n<p><\/p>\n","protected":false},"excerpt":{"rendered":"<p>OF\u00cdCIO N\u00ba 245\/2024\/GAB-REI-UFMG &#8211; Representa\u00e7\u00e3o ao Minist\u00e9rio P\u00fablico Federal OF\u00cdCIO N\u00ba 244\/2024\/GAB-REI-UFMG &#8211; Representa\u00e7\u00e3o ao Minist\u00e9rio P\u00fablico de Minas Gerais OF\u00cdCIO SC\/N\u00ba 357\/72 &#8211; Of\u00edcio enviado ao Governador do Estado (1972) OF\u00cdCIO N\u00ba 103\/88-GB &#8211; Of\u00edcio encaminhado ao Reitor da UFMG (1988) RELAT\u00d3RIO FINAL &#8211; Comiss\u00e3o especial designada pela portaria n\u00ba 005 de (03\/02\/2012)<\/p>\n","protected":false},"author":2,"featured_media":0,"parent":0,"menu_order":1,"comment_status":"closed","ping_status":"closed","template":"","meta":[],"acf":[],"_links":{"self":[{"href":"https:\/\/www.ufmg.br\/stockcarnaufmgnao\/wp-json\/wp\/v2\/pages\/466"}],"collection":[{"href":"https:\/\/www.ufmg.br\/stockcarnaufmgnao\/wp-json\/wp\/v2\/pages"}],"about":[{"href":"https:\/\/www.ufmg.br\/stockcarnaufmgnao\/wp-json\/wp\/v2\/types\/page"}],"author":[{"embeddable":true,"href":"https:\/\/www.ufmg.br\/stockcarnaufmgnao\/wp-json\/wp\/v2\/users\/2"}],"replies":[{"embeddable":true,"href":"https:\/\/www.ufmg.br\/stockcarnaufmgnao\/wp-json\/wp\/v2\/comments?post=466"}],"version-history":[{"count":3,"href":"https:\/\/www.ufmg.br\/stockcarnaufmgnao\/wp-json\/wp\/v2\/pages\/466\/revisions"}],"predecessor-version":[{"id":502,"href":"https:\/\/www.ufmg.br\/stockcarnaufmgnao\/wp-json\/wp\/v2\/pages\/466\/revisions\/502"}],"wp:attachment":[{"href":"https:\/\/www.ufmg.br\/stockcarnaufmgnao\/wp-json\/wp\/v2\/media?parent=466"}],"curies":[{"name":"wp","href":"https:\/\/api.w.org\/{rel}","templated":true}]}}