{"id":162,"date":"2020-07-14T16:24:15","date_gmt":"2020-07-14T19:24:15","guid":{"rendered":"https:\/\/www.ufmg.br\/sustentabilidade\/?page_id=162"},"modified":"2021-01-19T17:48:11","modified_gmt":"2021-01-19T20:48:11","slug":"acoes","status":"publish","type":"page","link":"https:\/\/www.ufmg.br\/sustentabilidade\/educacao-ambiental\/acoes\/","title":{"rendered":"A\u00e7\u00f5es"},"content":{"rendered":"<p style=\"text-align: justify;\"><span style=\"font-family: verdana, geneva, sans-serif; font-size: 12pt;\">A Educa\u00e7\u00e3o Ambiental \u00e9 um importante instrumento dentro dos sistemas de Gest\u00e3o Ambiental, sendo um fator de sensibiliza\u00e7\u00e3o dos envolvidos ao trazer a dimens\u00e3o educativa para a pr\u00e1tica da gest\u00e3o.<\/span><\/p>\n<p style=\"text-align: justify;\"><span style=\"font-family: verdana, geneva, sans-serif; font-size: 12pt;\">Segundo a Pol\u00edtica Nacional de Educa\u00e7\u00e3o Ambiental, art. 1\u00ba, entende-se por educa\u00e7\u00e3o ambiental: <\/span><span style=\"font-family: verdana, geneva, sans-serif; font-size: 12pt;\"><em>&#8220;processos por meio dos quais o indiv\u00edduo e a coletividade constroem valores sociais, conhecimentos, habilidades e compet\u00eancias voltadas para a conserva\u00e7\u00e3o do meio ambiente, bem de uso comum do povo, essencial \u00e0 sadia qualidade de vida e sua sustentabilidade&#8221;. <\/em><\/span><\/p>\n<p style=\"text-align: justify;\"><span style=\"font-family: verdana, geneva, sans-serif; font-size: 12pt;\">Complementa em seu art. 2\u00ba: <\/span><span style=\"font-family: verdana, geneva, sans-serif; font-size: 12pt;\"><em>&#8220;\u00c9 um componente essencial e permanente da educa\u00e7\u00e3o nacional, devendo estar presente, de forma articulada, em todos os n\u00edveis e modalidades do processo educativo, em car\u00e1ter formal e n\u00e3o-formal&#8221;.<\/em><\/span><\/p>\n<p style=\"text-align: justify;\"><span style=\"font-family: verdana, geneva, sans-serif; font-size: 12pt;\">Na UFMG, o Departamento de Gest\u00e3o Ambiental (DGA) e a Esta\u00e7\u00e3o Ecol\u00f3gica promovem atividades para conscientiza\u00e7\u00e3o e engajamento da comunidade universit\u00e1ria nas quest\u00f5es socioambientais. Confira algumas:<br \/>\n<\/span><\/p>\n<p style=\"text-align: justify;\"><span style=\"font-family: verdana, geneva, sans-serif; font-size: 12pt;\"><style>#sp-ea-320 .spcollapsing { height: 0; overflow: hidden; transition-property: height;transition-duration: 500ms;}#sp-ea-320.sp-easy-accordion>.sp-ea-single {margin-bottom: 10px; border: 1px solid #e2e2e2; }#sp-ea-320.sp-easy-accordion>.sp-ea-single>.ea-header a {color: #444;}#sp-ea-320.sp-easy-accordion>.sp-ea-single>.sp-collapse>.ea-body {background: #fff; color: #444;}#sp-ea-320.sp-easy-accordion>.sp-ea-single {background: #eee;}#sp-ea-320.sp-easy-accordion>.sp-ea-single>.ea-header a .ea-expand-icon { float: left; color: #444;font-size: 16px;}<\/style><div id=\"sp_easy_accordion-1776467672\">\n<div id=\"sp-ea-320\" class=\"sp-ea-one sp-easy-accordion\" data-ex-icon=\"minus\" data-col-icon=\"plus\" data-ea-active=\"ea-click\" data-ea-mode=\"vertical\" data-preloader=\"\" data-scroll-active-item=\"\" data-offset-to-scroll=\"0\">\n\t<!-- Start accordion card div. -->\n\t<div class=\"ea-card  sp-ea-single\">\n\t\t<!-- Start accordion header. -->\n\t\t<h3 class=\"ea-header\">\n\t\t\t<!-- Add anchor tag for header. -->\n\t\t\t<a class=\"collapsed\" id=\"ea-header-3200\" data-sptoggle=\"spcollapse\" data-sptarget=\"#collapse3200\" aria-controls=\"collapse3200\" href=\"#\"  aria-expanded=\"false\" tabindex=\"0\">\n\t\t\t<i class=\"ea-expand-icon ea-icon-expand-plus\"><\/i> Feira da UFMG\t\t\t<\/a> <!-- Close anchor tag for header. -->\n\t\t<\/h3>\t<!-- Close header tag. -->\n\t\t<!-- Start collapsible content div. -->\n\t\t<div class=\"sp-collapse spcollapse spcollapse\" id=\"collapse3200\" data-parent=\"#sp-ea-320\" role=\"region\" aria-labelledby=\"ea-header-3200\">  <!-- Content div. -->\n\t\t\t<div class=\"ea-body\">\n\t\t\t<p style=\"text-align: justify\"><span style=\"font-family: verdana, geneva, sans-serif;font-size: 12pt\">A Feira da UFMG, mais que um local para comercializa\u00e7\u00e3o de produtos agroecol\u00f3gicos e da economia popular solid\u00e1ria, \u00e9 um espa\u00e7o para trocas, forma\u00e7\u00e3o e discuss\u00e3o de temas socioambientais. Ela acontece quinzenalmente na Pra\u00e7a de Servi\u00e7os do <em>campus<\/em> Pampulha, reunindo 46 produtores de v\u00e1rias cidades, e conta com o apoio da Pr\u00f3-reitoria de Administra\u00e7\u00e3o (PRA) e Pr\u00f3-reitoria de Extens\u00e3o (Proex), al\u00e9m da parceria de grupos de estudos dentro da tem\u00e1tica, como o <a href=\"https:\/\/www.facebook.com\/aue.agriculturaurbana\/\" target=\"_blank\" rel=\"noopener\">AU\u00ca<\/a> do Instituto de Geoci\u00eancias (IGC). Venha participar conosco, para saber mais sobre a Feira da UFMG, <a href=\"https:\/\/www.facebook.com\/DGA.UFMG\/\" target=\"_blank\" rel=\"noopener\">clique aqui.<\/a><br \/>\n<\/span><\/p>\n<p><span style=\"font-family: verdana, geneva, sans-serif\">\u00a0<\/span><\/p>\n<p><span style=\"font-family: verdana, geneva, sans-serif\"><img loading=\"lazy\" decoding=\"async\" class=\"aligncenter\" src=\"https:\/\/www.ufmg.br\/sustentabilidade\/wp-content\/uploads\/2020\/12\/feira-UFMG-2.jpg\" alt=\"\" width=\"707\" height=\"422\" \/><\/span><\/p>\n<p style=\"text-align: center\"><span style=\"font-family: verdana, geneva, sans-serif;font-size: 10pt\"><em>Feira da UFMG na Pra\u00e7a de Servi\u00e7os, campus Pampulha. Fonte: DIR\/DGA\/PRA.<\/em><\/span><\/p>\n\t\t\t<\/div> <!-- Close content div. -->\n\t\t<\/div> <!-- Close collapse div. -->\n\t<\/div> <!-- Close card div. -->\n\t\t<!-- Start accordion card div. -->\n\t<div class=\"ea-card  sp-ea-single\">\n\t\t<!-- Start accordion header. -->\n\t\t<h3 class=\"ea-header\">\n\t\t\t<!-- Add anchor tag for header. -->\n\t\t\t<a class=\"collapsed\" id=\"ea-header-3201\" data-sptoggle=\"spcollapse\" data-sptarget=\"#collapse3201\" aria-controls=\"collapse3201\" href=\"#\"  aria-expanded=\"false\" tabindex=\"0\">\n\t\t\t<i class=\"ea-expand-icon ea-icon-expand-plus\"><\/i> Semana do Meio Ambiente da UFMG\t\t\t<\/a> <!-- Close anchor tag for header. -->\n\t\t<\/h3>\t<!-- Close header tag. -->\n\t\t<!-- Start collapsible content div. -->\n\t\t<div class=\"sp-collapse spcollapse spcollapse\" id=\"collapse3201\" data-parent=\"#sp-ea-320\" role=\"region\" aria-labelledby=\"ea-header-3201\">  <!-- Content div. -->\n\t\t\t<div class=\"ea-body\">\n\t\t\t<p style=\"text-align: justify\"><span style=\"font-family: verdana, geneva, sans-serif;font-size: 12pt\">A Semana do Meio Ambiente da UFMG - Semeio \u00e9 realizada desde 2013, na primeira semana de junho. Sua programa\u00e7\u00e3o traz oficinas, rodas de conversa e palestras, gratuitas e abertas a todos os interessados. Mais informa\u00e7\u00f5es sobre as edi\u00e7\u00f5es j\u00e1 realizadas est\u00e3o dispon\u00edveis na p\u00e1gina <a href=\"https:\/\/www.facebook.com\/DGA.UFMG\/\" target=\"_blank\" rel=\"noopener\">do DGA no Facebook.<\/a><br \/>\n<\/span><\/p>\n<p style=\"text-align: justify\"><span style=\"font-family: verdana, geneva, sans-serif\">\u00a0<\/span><\/p>\n<p style=\"text-align: justify\"><span style=\"font-family: verdana, geneva, sans-serif\"><img loading=\"lazy\" decoding=\"async\" class=\"aligncenter\" src=\"https:\/\/www.ufmg.br\/sustentabilidade\/wp-content\/uploads\/2020\/12\/SEMANA-DGA-2.jpg\" alt=\"\" width=\"724\" height=\"408\" \/><\/span><\/p>\n<p style=\"text-align: center\"><span style=\"font-family: verdana, geneva, sans-serif;font-size: 10pt\"><em>6\u00aa Edi\u00e7\u00e3o da Semeio na Pra\u00e7a de Servi\u00e7os do campus Pampulha. Fonte: DIR\/DGA\/PRA.<\/em><\/span><\/p>\n\t\t\t<\/div> <!-- Close content div. -->\n\t\t<\/div> <!-- Close collapse div. -->\n\t<\/div> <!-- Close card div. -->\n\t\t<!-- Start accordion card div. -->\n\t<div class=\"ea-card  sp-ea-single\">\n\t\t<!-- Start accordion header. -->\n\t\t<h3 class=\"ea-header\">\n\t\t\t<!-- Add anchor tag for header. -->\n\t\t\t<a class=\"collapsed\" id=\"ea-header-3202\" data-sptoggle=\"spcollapse\" data-sptarget=\"#collapse3202\" aria-controls=\"collapse3202\" href=\"#\"  aria-expanded=\"false\" tabindex=\"0\">\n\t\t\t<i class=\"ea-expand-icon ea-icon-expand-plus\"><\/i>  Esta\u00e7\u00e3o Ecol\u00f3gica \t\t\t<\/a> <!-- Close anchor tag for header. -->\n\t\t<\/h3>\t<!-- Close header tag. -->\n\t\t<!-- Start collapsible content div. -->\n\t\t<div class=\"sp-collapse spcollapse spcollapse\" id=\"collapse3202\" data-parent=\"#sp-ea-320\" role=\"region\" aria-labelledby=\"ea-header-3202\">  <!-- Content div. -->\n\t\t\t<div class=\"ea-body\">\n\t\t\t<p><span style=\"font-family: verdana, geneva, sans-serif;font-size: 10pt\"><img loading=\"lazy\" decoding=\"async\" class=\"aligncenter\" src=\"https:\/\/www.ufmg.br\/sustentabilidade\/wp-content\/uploads\/2020\/12\/3.jpg\" alt=\"\" width=\"712\" height=\"474\" \/><\/span><\/p>\n<p style=\"text-align: center\"><span style=\"font-size: 10pt;font-family: verdana, geneva, sans-serif\"><em>Esta\u00e7\u00e3o Ecol\u00f3gica garante aprendizagem e divers\u00e3o \u00e0s crian\u00e7as durante as f\u00e9rias. Fonte: EEco.<\/em><\/span><\/p>\n<p style=\"text-align: justify\"><span style=\"font-family: verdana, geneva, sans-serif;font-size: 12pt\">A Esta\u00e7\u00e3o Ecol\u00f3gica (EEco) da UFMG, componente da estrutura da Pr\u00f3-reitoria de Extens\u00e3o (Proex), \u00e9 uma \u00e1rea protegida de 114 hectares composta por dois fragmentos de Mata Atl\u00e2ntica e Cerrado. \u00c9 extremamente relevante para a conserva\u00e7\u00e3o da biodiversidade, para a conectividade de outras \u00e1reas verdes urbanas, e para a manuten\u00e7\u00e3o de importantes valores culturais ligados \u00e0 hist\u00f3ria do campus universit\u00e1rio e de Belo Horizonte.<\/span><\/p>\n<p style=\"text-align: justify\"><span style=\"font-family: verdana, geneva, sans-serif;font-size: 12pt\">A EEco \u00e9 tamb\u00e9m uma \u00e1rea de pesquisa, extens\u00e3o\u00a0e ensino de diferentes disciplinas e oferece oportunidade para amplia\u00e7\u00e3o do conhecimento transdisciplinar, tanto para a comunidade acad\u00eamica\u00a0quanto para outros setores da sociedade.<\/span><\/p>\n<p style=\"text-align: justify\"><span style=\"font-family: verdana, geneva, sans-serif;font-size: 12pt\">O Programa Esta\u00e7\u00e3o Ecol\u00f3gica (PROECO), criado em 2000, \u00e9 considerada a linha de frente das a\u00e7\u00f5es de extens\u00e3o, desenvolvendo atividades de extens\u00e3o de forma din\u00e2mica e contribuindo para que a UFMG consolide um di\u00e1logo efetivo com a sociedade. <\/span><\/p>\n<p style=\"text-align: justify\"><span style=\"font-family: verdana, geneva, sans-serif;font-size: 12pt\">O Programa tem se tornado uma importante refer\u00eancia para discuss\u00f5es de quest\u00f5es socioambientais para os estudantes do munic\u00edpio, atendendo desde a educa\u00e7\u00e3o b\u00e1sica at\u00e9 o ensino superior, al\u00e9m de favorecer a interdisciplinaridade e a troca de informa\u00e7\u00f5es entre graduandos de diferentes cursos da UFMG, que atuam como monitores. Al\u00e9m disso, proporciona um enriquecimento curricular de docentes, discentes e estagi\u00e1rios e o desenvolvimento de novas metodologias em educa\u00e7\u00e3o ambiental.<\/span><\/p>\n<p style=\"text-align: justify\"><span style=\"font-family: verdana, geneva, sans-serif;font-size: 12pt\">Todos os anos, a EEco recebe milhares de estudantes externos, especialmente do ensino fundamental de escolas p\u00fablicas, que desenvolvem v\u00e1rias oficinas ambientais, percorrem e interpretam trilhas e aprendem de forma l\u00fadica e interativa. Novas atividades que visam a aumentar a acessibilidade e a inclus\u00e3o social est\u00e3o sendo incorporadas e muito bem avaliadas pelos usu\u00e1rios.<\/span><\/p>\n<p style=\"text-align: justify\"><span style=\"font-family: verdana, geneva, sans-serif;font-size: 12pt\">Grande avan\u00e7o para a conserva\u00e7\u00e3o da natureza foi dado no ano de 2019, quando a EEco assinou um Protocolo de Inten\u00e7\u00f5es com a Brigada 1 (B1), o que permitiu combater os inc\u00eandios ocorridos no quarteir\u00e3o 15, nos anos de 2019 e 2020. O atual administrador da EEco tamb\u00e9m \u00e9 volunt\u00e1rio da B1, o que auxilia na condu\u00e7\u00e3o de a\u00e7\u00f5es coletivas.<\/span><\/p>\n<p style=\"text-align: justify\"><span style=\"font-family: verdana, geneva, sans-serif;font-size: 12pt\">Excepcionalmente no ano de 2020, devido \u00e0 pandemia do novo coronav\u00edrus, o PROECO, coordenado pela prof\u00aa. Andrea Carvalho, do IGC, desenvolveu atividades de forma remota, para cerca de 2.700 seguidores, que utilizaram o Instagram e o Facebook para interagir por meio de cerca de 100 diferentes publica\u00e7\u00f5es, dentre elas, jogos e concursos de desenhos e contos, dentre outras.<\/span><\/p>\n<p style=\"text-align: center\"><span style=\"font-family: verdana, geneva, sans-serif;font-size: 12pt\"><em> <img loading=\"lazy\" decoding=\"async\" class=\"alignnone wp-image-486 aligncenter\" src=\"https:\/\/www.ufmg.br\/sustentabilidade\/wp-content\/uploads\/2020\/12\/6990114816_35afd20670_o-1024x687.jpg\" alt=\"\" width=\"714\" height=\"479\" srcset=\"https:\/\/www.ufmg.br\/sustentabilidade\/wp-content\/uploads\/2020\/12\/6990114816_35afd20670_o-1024x687.jpg 1024w, https:\/\/www.ufmg.br\/sustentabilidade\/wp-content\/uploads\/2020\/12\/6990114816_35afd20670_o-300x201.jpg 300w, https:\/\/www.ufmg.br\/sustentabilidade\/wp-content\/uploads\/2020\/12\/6990114816_35afd20670_o-768x516.jpg 768w, https:\/\/www.ufmg.br\/sustentabilidade\/wp-content\/uploads\/2020\/12\/6990114816_35afd20670_o-1536x1031.jpg 1536w, https:\/\/www.ufmg.br\/sustentabilidade\/wp-content\/uploads\/2020\/12\/6990114816_35afd20670_o-2048x1375.jpg 2048w\" sizes=\"(max-width: 714px) 100vw, 714px\" \/><\/em><\/span><\/p>\n<p style=\"text-align: center\"><span style=\"font-family: verdana, geneva, sans-serif;font-size: 10pt\"><em>\u00c1rea verde est\u00e1 localizada dentro do campus Pampulha da UFMG. Fonte: EEco.<\/em><\/span><\/p>\n<p style=\"text-align: justify\"><span style=\"font-family: verdana, geneva, sans-serif;font-size: 12pt\"><strong>Contatos:<\/strong><\/span><\/p>\n<p style=\"text-align: justify\"><span style=\"font-family: verdana, geneva, sans-serif;font-size: 12pt\">E-mail: <a href=\"mailto:eeco@reitoria.ufmg.br\">eeco@reitoria.ufmg.br<\/a><\/span><\/p>\n<p style=\"text-align: justify\"><span style=\"font-family: verdana, geneva, sans-serif;font-size: 12pt\"><a href=\"https:\/\/www.facebook.com\/estacaoecologicaufmg\/\">Facebook<\/a> e <a href=\"https:\/\/www.instagram.com\/estacao_ecologica\/?hl=pt-br\" target=\"_blank\" rel=\"noopener\">Instagram<\/a> da Esta\u00e7\u00e3o Ecol\u00f3gica.<\/span><\/p>\n\t\t\t<\/div> <!-- Close content div. -->\n\t\t<\/div> <!-- Close collapse div. -->\n\t<\/div> <!-- Close card div. -->\n\t<\/div>\n<\/div>\n<\/span><\/p>\n<p style=\"text-align: justify;\">\n","protected":false},"excerpt":{"rendered":"<p>A Educa\u00e7\u00e3o Ambiental \u00e9 um importante instrumento dentro dos sistemas de Gest\u00e3o Ambiental, sendo um fator de sensibiliza\u00e7\u00e3o dos envolvidos ao trazer a dimens\u00e3o educativa para a pr\u00e1tica da gest\u00e3o. Segundo a Pol\u00edtica Nacional de Educa\u00e7\u00e3o Ambiental, art. 1\u00ba, entende-se por educa\u00e7\u00e3o ambiental: &#8220;processos por meio dos quais o indiv\u00edduo e a coletividade constroem valores [&hellip;]<\/p>\n","protected":false},"author":1,"featured_media":0,"parent":160,"menu_order":0,"comment_status":"closed","ping_status":"closed","template":"","meta":{"_acf_changed":false,"footnotes":""},"class_list":["post-162","page","type-page","status-publish","hentry"],"acf":[],"_links":{"self":[{"href":"https:\/\/www.ufmg.br\/sustentabilidade\/wp-json\/wp\/v2\/pages\/162"}],"collection":[{"href":"https:\/\/www.ufmg.br\/sustentabilidade\/wp-json\/wp\/v2\/pages"}],"about":[{"href":"https:\/\/www.ufmg.br\/sustentabilidade\/wp-json\/wp\/v2\/types\/page"}],"author":[{"embeddable":true,"href":"https:\/\/www.ufmg.br\/sustentabilidade\/wp-json\/wp\/v2\/users\/1"}],"replies":[{"embeddable":true,"href":"https:\/\/www.ufmg.br\/sustentabilidade\/wp-json\/wp\/v2\/comments?post=162"}],"version-history":[{"count":28,"href":"https:\/\/www.ufmg.br\/sustentabilidade\/wp-json\/wp\/v2\/pages\/162\/revisions"}],"predecessor-version":[{"id":950,"href":"https:\/\/www.ufmg.br\/sustentabilidade\/wp-json\/wp\/v2\/pages\/162\/revisions\/950"}],"up":[{"embeddable":true,"href":"https:\/\/www.ufmg.br\/sustentabilidade\/wp-json\/wp\/v2\/pages\/160"}],"wp:attachment":[{"href":"https:\/\/www.ufmg.br\/sustentabilidade\/wp-json\/wp\/v2\/media?parent=162"}],"curies":[{"name":"wp","href":"https:\/\/api.w.org\/{rel}","templated":true}]}}