{"id":1696,"date":"2024-11-04T09:36:50","date_gmt":"2024-11-04T12:36:50","guid":{"rendered":"https:\/\/www.ufmg.br\/sustentabilidade\/?page_id=1696"},"modified":"2024-11-04T09:36:50","modified_gmt":"2024-11-04T12:36:50","slug":"programa-ufmg-sustentavel","status":"publish","type":"page","link":"https:\/\/www.ufmg.br\/sustentabilidade\/programa-ufmg-sustentavel\/","title":{"rendered":"Programa UFMG Sustent\u00e1vel"},"content":{"rendered":"\n<p>Fa\u00e7a parte do Programa UFMG Sustent\u00e1vel!<\/p>\n\n\n\n<p>Se voc\u00ea, membro da comunidade UFMG, desenvolve a\u00e7\u00e3o ou projeto com a tem\u00e1tica da sustentabilidade, nas dimens\u00f5es do ensino, da pesquisa e\/ou da extens\u00e3o, inscreva-se no Programa UFMG Sustent\u00e1vel.<\/p>\n\n\n\n<p>Fa\u00e7a parte da rede de sustentabilidade da UFMG e conecte-se com outras iniciativas, participe de eventos, conhe\u00e7a oportunidades, traga mais visibilidade para o seu projeto e ajude a promover a cultura sustent\u00e1vel no ambiente universit\u00e1rio.<\/p>\n\n\n\n<p><strong>Participe!<\/strong><\/p>\n\n\n\n<p>Todos os projetos cadastrados que demonstrarem ades\u00e3o ao tema e consist\u00eancia nas a\u00e7\u00f5es\/resultados alcan\u00e7ados, ser\u00e3o selecionados para compor o banco de projetos do Programa UFMG Sustent\u00e1vel.<\/p>\n\n\n\n<p>As inscri\u00e7\u00f5es devem ser feitas pelo e-mail: <a href=\"mailto:dir@cedecom.ufmg.br\">dir@cedecom.ufmg.br<\/a>, at\u00e9 o dia 14\/11\/2024, contendo os seguintes dados:<\/p>\n\n\n\n<ul class=\"wp-block-list\">\n<li>Nome do projeto:<\/li>\n\n\n\n<li>Vincula\u00e7\u00e3o institucional (departamento\/\u00f3rg\u00e3o\/unidade):<\/li>\n\n\n\n<li>Respons\u00e1vel(eis):<\/li>\n\n\n\n<li>Apresenta\u00e7\u00e3o (5 a 10 linhas):<\/li>\n\n\n\n<li>Objetivo geral e espec\u00edficos:<\/li>\n\n\n\n<li>Atividades desenvolvidas:<\/li>\n\n\n\n<li>Abrang\u00eancia e resultados, se houver:<\/li>\n<\/ul>\n\n\n\n<p>Os resultados ser\u00e3o divulgados at\u00e9 o dia 13\/12\/2024 e os projetos selecionados ser\u00e3o apresentados no site institucional.<\/p>\n","protected":false},"excerpt":{"rendered":"<p>Fa\u00e7a parte do Programa UFMG Sustent\u00e1vel! Se voc\u00ea, membro da comunidade UFMG, desenvolve a\u00e7\u00e3o ou projeto com a tem\u00e1tica da sustentabilidade, nas dimens\u00f5es do ensino, da pesquisa e\/ou da extens\u00e3o, inscreva-se no Programa UFMG Sustent\u00e1vel. Fa\u00e7a parte da rede de sustentabilidade da UFMG e conecte-se com outras iniciativas, participe de eventos, conhe\u00e7a oportunidades, traga mais [&hellip;]<\/p>\n","protected":false},"author":1,"featured_media":0,"parent":0,"menu_order":0,"comment_status":"closed","ping_status":"closed","template":"","meta":{"_acf_changed":false,"footnotes":""},"class_list":["post-1696","page","type-page","status-publish","hentry"],"acf":[],"_links":{"self":[{"href":"https:\/\/www.ufmg.br\/sustentabilidade\/wp-json\/wp\/v2\/pages\/1696"}],"collection":[{"href":"https:\/\/www.ufmg.br\/sustentabilidade\/wp-json\/wp\/v2\/pages"}],"about":[{"href":"https:\/\/www.ufmg.br\/sustentabilidade\/wp-json\/wp\/v2\/types\/page"}],"author":[{"embeddable":true,"href":"https:\/\/www.ufmg.br\/sustentabilidade\/wp-json\/wp\/v2\/users\/1"}],"replies":[{"embeddable":true,"href":"https:\/\/www.ufmg.br\/sustentabilidade\/wp-json\/wp\/v2\/comments?post=1696"}],"version-history":[{"count":1,"href":"https:\/\/www.ufmg.br\/sustentabilidade\/wp-json\/wp\/v2\/pages\/1696\/revisions"}],"predecessor-version":[{"id":1697,"href":"https:\/\/www.ufmg.br\/sustentabilidade\/wp-json\/wp\/v2\/pages\/1696\/revisions\/1697"}],"wp:attachment":[{"href":"https:\/\/www.ufmg.br\/sustentabilidade\/wp-json\/wp\/v2\/media?parent=1696"}],"curies":[{"name":"wp","href":"https:\/\/api.w.org\/{rel}","templated":true}]}}