{"id":1731,"date":"2025-04-08T09:55:34","date_gmt":"2025-04-08T12:55:34","guid":{"rendered":"https:\/\/www.ufmg.br\/sustentabilidade\/?page_id=1731"},"modified":"2025-04-15T12:03:15","modified_gmt":"2025-04-15T15:03:15","slug":"descarte-consciente-de-medicamentos-dia-d","status":"publish","type":"page","link":"https:\/\/www.ufmg.br\/sustentabilidade\/projetos\/descarte-consciente-de-medicamentos-dia-d\/","title":{"rendered":"Descarte Consciente de Medicamentos &#8211; Dia D"},"content":{"rendered":"\n<p>A a\u00e7\u00e3o &#8220;Descarte Consciente de Medicamentos &#8211; Dia D&#8221; visa promover a coleta e o descarte adequado de medicamentos vencidos ou em desuso nas unidades da UFMG, al\u00e9m de conscientizar a popula\u00e7\u00e3o sobre os impactos ambientais e de sa\u00fade p\u00fablica associados ao descarte inadequado. A iniciativa pretende engajar a comunidade acad\u00eamica em pr\u00e1ticas sustent\u00e1veis, contribuindo para a forma\u00e7\u00e3o de uma rede de sustentabilidade dentro da UFMG. O objetivo geral \u00e9 promover a sustentabilidade ambiental e a sa\u00fade p\u00fablica atrav\u00e9s do descarte consciente de medicamentos na UFMG.<\/p>\n\n\n\n<p>O projeto abranger\u00e1 todas as unidades acad\u00eamicas da UFMG, incluindo o Instituto de Ci\u00eancias Agr\u00e1rias. Mas n\u00e3o somente a UFMG, tendo em vista que todos ser\u00e3o convidados a trazer medicamentos vencidos de casa ou dos familiares e conhecidos. Os estudantes poder\u00e3o adquirir ou aprimorar habilidades de comunica\u00e7\u00e3o, avalia\u00e7\u00e3o cr\u00edtica sobre o descarte de medicamentos, consci\u00eancia ambiental, interprofissionalidade, trabalho em equipe e lideran\u00e7a. Espera-se coletar uma quantidade significativa de medicamentos vencidos ou em desuso, promovendo a conscientiza\u00e7\u00e3o sobre o descarte correto de medicamentos. A a\u00e7\u00e3o contribuir\u00e1 para a redu\u00e7\u00e3o da contamina\u00e7\u00e3o ambiental e preven\u00e7\u00e3o de problemas de sa\u00fade p\u00fablica, al\u00e9m de fortalecer a cultura de sustentabilidade na universidade.<\/p>\n\n\n\n<p><strong>Respons\u00e1vel:<\/strong><\/p>\n\n\n\n<p>Prof. Dra. Cristina Mariano Ruas<\/p>\n\n\n\n<p><strong>ODS Relacionados:<\/strong><\/p>\n\n\n\n<p><img loading=\"lazy\" decoding=\"async\" width=\"151\" height=\"151\" src=\"https:\/\/lh7-rt.googleusercontent.com\/docsz\/AD_4nXdvgBGx05Ocd_4tDXm-9CW-RalSt5OKZsrpUzcc6KfL0KosLLI1Hix0pakDH6sX0UReRdSYx8HoEYuX3jELeRBAMovhuTodwM6Gr_pzAe_8qARFSzAU9ZEkOWzOSrufj4QlXRFo?key=vBoj-53Tv1siE7mgN3cXbz9L\"><img loading=\"lazy\" decoding=\"async\" width=\"151\" height=\"151\" src=\"https:\/\/lh7-rt.googleusercontent.com\/docsz\/AD_4nXdRPzf9Wv57VRpaTydmEtMV0z0aA2WxveyFaXr_hZr2WLmBMX4f36Zc8uIIqgsZcx9uOXZuIr1ZZgir86VBa8jkJgXRy1R0YhX6yIYK0zYC-y-qVB-hHyToc8VlbSIdbcs_FTa85g?key=vBoj-53Tv1siE7mgN3cXbz9L\"><img loading=\"lazy\" decoding=\"async\" width=\"151\" height=\"151\" src=\"https:\/\/lh7-rt.googleusercontent.com\/docsz\/AD_4nXcJUj9uAz4vWJneN-gdu4yaudd35iCCfdIIJyHtdAdlykgDRYzABsOr-rpSjpFr28UhXoyJazJu8_SaoZgZkBTlX3j0sY2STjQ6XYf212MLLWXc7-OcJ4jtpY8G_LOHxjmp0XIcgQ?key=vBoj-53Tv1siE7mgN3cXbz9L\"><img loading=\"lazy\" decoding=\"async\" src=\"https:\/\/lh7-rt.googleusercontent.com\/docsz\/AD_4nXeUsr0GkaNiPrYGzQ3tnUfHr7yzcdEBy6CspnI1XF1dG-ZA_PVG-z3DzNYBLUK9Zn4XER_T83v6kTP78-xu7LKQ17YaD1ZtkyOOeBh0fQo0tRiIATdGFkWDXN_il6_UAYuLB1QNCg?key=vBoj-53Tv1siE7mgN3cXbz9L\" width=\"151\" height=\"151\"><\/p>\n\n\n\n<p><br><br><\/p>\n","protected":false},"excerpt":{"rendered":"<p>A a\u00e7\u00e3o &#8220;Descarte Consciente de Medicamentos &#8211; Dia D&#8221; visa promover a coleta e o descarte adequado de medicamentos vencidos ou em desuso nas unidades da UFMG, al\u00e9m de conscientizar a popula\u00e7\u00e3o sobre os impactos ambientais e de sa\u00fade p\u00fablica associados ao descarte inadequado. A iniciativa pretende engajar a comunidade acad\u00eamica em pr\u00e1ticas sustent\u00e1veis, contribuindo [&hellip;]<\/p>\n","protected":false},"author":3,"featured_media":0,"parent":835,"menu_order":0,"comment_status":"closed","ping_status":"closed","template":"","meta":{"_acf_changed":false,"footnotes":""},"class_list":["post-1731","page","type-page","status-publish","hentry"],"acf":[],"_links":{"self":[{"href":"https:\/\/www.ufmg.br\/sustentabilidade\/wp-json\/wp\/v2\/pages\/1731"}],"collection":[{"href":"https:\/\/www.ufmg.br\/sustentabilidade\/wp-json\/wp\/v2\/pages"}],"about":[{"href":"https:\/\/www.ufmg.br\/sustentabilidade\/wp-json\/wp\/v2\/types\/page"}],"author":[{"embeddable":true,"href":"https:\/\/www.ufmg.br\/sustentabilidade\/wp-json\/wp\/v2\/users\/3"}],"replies":[{"embeddable":true,"href":"https:\/\/www.ufmg.br\/sustentabilidade\/wp-json\/wp\/v2\/comments?post=1731"}],"version-history":[{"count":3,"href":"https:\/\/www.ufmg.br\/sustentabilidade\/wp-json\/wp\/v2\/pages\/1731\/revisions"}],"predecessor-version":[{"id":1829,"href":"https:\/\/www.ufmg.br\/sustentabilidade\/wp-json\/wp\/v2\/pages\/1731\/revisions\/1829"}],"up":[{"embeddable":true,"href":"https:\/\/www.ufmg.br\/sustentabilidade\/wp-json\/wp\/v2\/pages\/835"}],"wp:attachment":[{"href":"https:\/\/www.ufmg.br\/sustentabilidade\/wp-json\/wp\/v2\/media?parent=1731"}],"curies":[{"name":"wp","href":"https:\/\/api.w.org\/{rel}","templated":true}]}}

<p>A ação &#8220;Descarte Consciente de Medicamentos &#8211; Dia D&#8221; visa promover a coleta e o descarte adequado de medicamentos vencidos ou em desuso nas unidades da UFMG, além de conscientizar a população sobre os impactos ambientais e de saúde pública associados ao descarte inadequado. A iniciativa pretende engajar a comunidade acadêmica em práticas sustentáveis, contribuindo para a formação de uma rede de sustentabilidade dentro da UFMG. O objetivo geral é promover a sustentabilidade ambiental e a saúde pública através do descarte consciente de medicamentos na UFMG.</p>



<p>O projeto abrangerá todas as unidades acadêmicas da UFMG, incluindo o Instituto de Ciências Agrárias. Mas não somente a UFMG, tendo em vista que todos serão convidados a trazer medicamentos vencidos de casa ou dos familiares e conhecidos. Os estudantes poderão adquirir ou aprimorar habilidades de comunicação, avaliação crítica sobre o descarte de medicamentos, consciência ambiental, interprofissionalidade, trabalho em equipe e liderança. Espera-se coletar uma quantidade significativa de medicamentos vencidos ou em desuso, promovendo a conscientização sobre o descarte correto de medicamentos. A ação contribuirá para a redução da contaminação ambiental e prevenção de problemas de saúde pública, além de fortalecer a cultura de sustentabilidade na universidade.</p>



<p><strong>Responsável:</strong></p>



<p>Prof. Dra. Cristina Mariano Ruas</p>



<p><strong>ODS Relacionados:</strong></p>



<p><img loading="lazy" decoding="async" width="151" height="151" src="https://lh7-rt.googleusercontent.com/docsz/AD_4nXdvgBGx05Ocd_4tDXm-9CW-RalSt5OKZsrpUzcc6KfL0KosLLI1Hix0pakDH6sX0UReRdSYx8HoEYuX3jELeRBAMovhuTodwM6Gr_pzAe_8qARFSzAU9ZEkOWzOSrufj4QlXRFo?key=vBoj-53Tv1siE7mgN3cXbz9L"><img loading="lazy" decoding="async" width="151" height="151" src="https://lh7-rt.googleusercontent.com/docsz/AD_4nXdRPzf9Wv57VRpaTydmEtMV0z0aA2WxveyFaXr_hZr2WLmBMX4f36Zc8uIIqgsZcx9uOXZuIr1ZZgir86VBa8jkJgXRy1R0YhX6yIYK0zYC-y-qVB-hHyToc8VlbSIdbcs_FTa85g?key=vBoj-53Tv1siE7mgN3cXbz9L"><img loading="lazy" decoding="async" width="151" height="151" src="https://lh7-rt.googleusercontent.com/docsz/AD_4nXcJUj9uAz4vWJneN-gdu4yaudd35iCCfdIIJyHtdAdlykgDRYzABsOr-rpSjpFr28UhXoyJazJu8_SaoZgZkBTlX3j0sY2STjQ6XYf212MLLWXc7-OcJ4jtpY8G_LOHxjmp0XIcgQ?key=vBoj-53Tv1siE7mgN3cXbz9L"><img loading="lazy" decoding="async" src="https://lh7-rt.googleusercontent.com/docsz/AD_4nXeUsr0GkaNiPrYGzQ3tnUfHr7yzcdEBy6CspnI1XF1dG-ZA_PVG-z3DzNYBLUK9Zn4XER_T83v6kTP78-xu7LKQ17YaD1ZtkyOOeBh0fQo0tRiIATdGFkWDXN_il6_UAYuLB1QNCg?key=vBoj-53Tv1siE7mgN3cXbz9L" width="151" height="151"></p>



<p><br><br></p>

<p>A ação &#8220;Descarte Consciente de Medicamentos &#8211; Dia D&#8221; visa promover a coleta e o descarte adequado de medicamentos vencidos ou em desuso nas unidades da UFMG, além de conscientizar a população sobre os impactos ambientais e de saúde pública associados ao descarte inadequado. A iniciativa pretende engajar a comunidade acadêmica em práticas sustentáveis, contribuindo [&hellip;]</p>
