{"id":1737,"date":"2025-04-08T09:59:57","date_gmt":"2025-04-08T12:59:57","guid":{"rendered":"https:\/\/www.ufmg.br\/sustentabilidade\/?page_id=1737"},"modified":"2025-04-08T09:59:57","modified_gmt":"2025-04-08T12:59:57","slug":"o-publico-seus-problemas-e-processos-de-organizar-no-antropoceno","status":"publish","type":"page","link":"https:\/\/www.ufmg.br\/sustentabilidade\/projetos\/o-publico-seus-problemas-e-processos-de-organizar-no-antropoceno\/","title":{"rendered":"O p\u00fablico, seus problemas e processos de organizar no Antropoceno"},"content":{"rendered":"\n<p>Adotaremos uma perspectiva pragm\u00e1tica, discutindo a forma\u00e7\u00e3o de p\u00fablicos e seus problemas, a\u00e7\u00e3o coletiva, arenas p\u00fablicas, alertas, controv\u00e9rsias ambientais e processos de organiza\u00e7\u00e3o. Abordaremos tamb\u00e9m discuss\u00f5es sobre Antropoceno, Capitaloceno, Intrus\u00e3o de Gaia, Crise Clim\u00e1tica e Muta\u00e7\u00e3o Ecol\u00f3gica. O estudo ser\u00e1 realizado em munic\u00edpios do Vale do Jequitinhonha. A pesquisa ser\u00e1 organizada em tr\u00eas etapas. A primeira etapa consistir\u00e1 em uma pesquisa documental e an\u00e1lise descritiva, visando realizar o inqu\u00e9rito inicial e descrever os alertas. Na segunda etapa, ser\u00e3o elaboradas cartografias das controv\u00e9rsias a partir de dados coletados por meio de pesquisa documental, observa\u00e7\u00e3o e entrevistas. Na terceira etapa, realizaremos uma an\u00e1lise tem\u00e1tica dos dados anteriormente coletados, com o objetivo de sistematizar e compreender os modos de organiza\u00e7\u00e3o dos grupos e antigrupos.<\/p>\n\n\n\n<p>O objetivo geral \u00e9 compreender como est\u00e3o surgindo e se organizando p\u00fablicos interessados nas situa\u00e7\u00f5es ambientais problem\u00e1ticas em torno da explora\u00e7\u00e3o do l\u00edtio no Vale do Jequitinhonha, Minas Gerais.<\/p>\n\n\n\n<p>O projeto ainda est\u00e1 em sua fase inicial. At\u00e9 o momento, foi submetido e aprovado no edital universal da FAPEMIG, duas bolsistas foram selecionadas, e estamos iniciando o processo de revis\u00e3o de literatura e a escrita da parte te\u00f3rica. O trabalho de campo ser\u00e1 realizado a partir de 2025.<\/p>\n\n\n\n<p>O projeto ainda est\u00e1 em sua fase inicial. A pesquisa prop\u00f5e um exame detalhado e a subsequente divulga\u00e7\u00e3o para a comunidade local e para a comunidade cient\u00edfica dos potenciais impactos ambientais resultantes da atividade de minera\u00e7\u00e3o de l\u00edtio, a partir do estudo com os atores interessados na quest\u00e3o. Outro ponto crucial da investiga\u00e7\u00e3o ser\u00e1 a verifica\u00e7\u00e3o da autenticidade das pr\u00e1ticas de minera\u00e7\u00e3o verde anunciadas pela empresa, por meio da an\u00e1lise das pr\u00e1ticas adotadas. Os resultados descritivos e visuais da an\u00e1lise das controv\u00e9rsias poder\u00e3o ser discutidos e mobilizados pelas comunidades locais em reuni\u00f5es p\u00fablicas e em suas atividades cotidianas. Os relat\u00f3rios e textos de divulga\u00e7\u00e3o cient\u00edfica poder\u00e3o fomentar discuss\u00f5es e reflex\u00f5es mais amplas e cr\u00edticas sobre o \u201cVale do L\u00edtio\u201d.<\/p>\n\n\n\n<p><strong>Respons\u00e1vel:<\/strong><\/p>\n\n\n\n<p>Prof. Valder\u00ed de Castro Alc\u00e2ntara<span id=\"docs-internal-guid-9baef423-7fff-7241-3ffd-7c9842049805\"><div><span style=\"font-size: 12pt; font-family: Lexend, sans-serif; background-color: transparent; font-variant-numeric: normal; font-variant-east-asian: normal; font-variant-alternates: normal; font-variant-position: normal; font-variant-emoji: normal; vertical-align: baseline;\"><\/span><\/div><\/span><\/p>\n","protected":false},"excerpt":{"rendered":"<p>Adotaremos uma perspectiva pragm\u00e1tica, discutindo a forma\u00e7\u00e3o de p\u00fablicos e seus problemas, a\u00e7\u00e3o coletiva, arenas p\u00fablicas, alertas, controv\u00e9rsias ambientais e processos de organiza\u00e7\u00e3o. Abordaremos tamb\u00e9m discuss\u00f5es sobre Antropoceno, Capitaloceno, Intrus\u00e3o de Gaia, Crise Clim\u00e1tica e Muta\u00e7\u00e3o Ecol\u00f3gica. O estudo ser\u00e1 realizado em munic\u00edpios do Vale do Jequitinhonha. A pesquisa ser\u00e1 organizada em tr\u00eas etapas. A [&hellip;]<\/p>\n","protected":false},"author":3,"featured_media":0,"parent":835,"menu_order":0,"comment_status":"closed","ping_status":"closed","template":"","meta":{"_acf_changed":false,"footnotes":""},"class_list":["post-1737","page","type-page","status-publish","hentry"],"acf":[],"_links":{"self":[{"href":"https:\/\/www.ufmg.br\/sustentabilidade\/wp-json\/wp\/v2\/pages\/1737"}],"collection":[{"href":"https:\/\/www.ufmg.br\/sustentabilidade\/wp-json\/wp\/v2\/pages"}],"about":[{"href":"https:\/\/www.ufmg.br\/sustentabilidade\/wp-json\/wp\/v2\/types\/page"}],"author":[{"embeddable":true,"href":"https:\/\/www.ufmg.br\/sustentabilidade\/wp-json\/wp\/v2\/users\/3"}],"replies":[{"embeddable":true,"href":"https:\/\/www.ufmg.br\/sustentabilidade\/wp-json\/wp\/v2\/comments?post=1737"}],"version-history":[{"count":1,"href":"https:\/\/www.ufmg.br\/sustentabilidade\/wp-json\/wp\/v2\/pages\/1737\/revisions"}],"predecessor-version":[{"id":1738,"href":"https:\/\/www.ufmg.br\/sustentabilidade\/wp-json\/wp\/v2\/pages\/1737\/revisions\/1738"}],"up":[{"embeddable":true,"href":"https:\/\/www.ufmg.br\/sustentabilidade\/wp-json\/wp\/v2\/pages\/835"}],"wp:attachment":[{"href":"https:\/\/www.ufmg.br\/sustentabilidade\/wp-json\/wp\/v2\/media?parent=1737"}],"curies":[{"name":"wp","href":"https:\/\/api.w.org\/{rel}","templated":true}]}}

O público, seus problemas e processos de organizar no Antropoceno

<p>Adotaremos uma perspectiva pragmática, discutindo a formação de públicos e seus problemas, ação coletiva, arenas públicas, alertas, controvérsias ambientais e processos de organização. Abordaremos também discussões sobre Antropoceno, Capitaloceno, Intrusão de Gaia, Crise Climática e Mutação Ecológica. O estudo será realizado em municípios do Vale do Jequitinhonha. A pesquisa será organizada em três etapas. A primeira etapa consistirá em uma pesquisa documental e análise descritiva, visando realizar o inquérito inicial e descrever os alertas. Na segunda etapa, serão elaboradas cartografias das controvérsias a partir de dados coletados por meio de pesquisa documental, observação e entrevistas. Na terceira etapa, realizaremos uma análise temática dos dados anteriormente coletados, com o objetivo de sistematizar e compreender os modos de organização dos grupos e antigrupos.</p>



<p>O objetivo geral é compreender como estão surgindo e se organizando públicos interessados nas situações ambientais problemáticas em torno da exploração do lítio no Vale do Jequitinhonha, Minas Gerais.</p>



<p>O projeto ainda está em sua fase inicial. Até o momento, foi submetido e aprovado no edital universal da FAPEMIG, duas bolsistas foram selecionadas, e estamos iniciando o processo de revisão de literatura e a escrita da parte teórica. O trabalho de campo será realizado a partir de 2025.</p>



<p>O projeto ainda está em sua fase inicial. A pesquisa propõe um exame detalhado e a subsequente divulgação para a comunidade local e para a comunidade científica dos potenciais impactos ambientais resultantes da atividade de mineração de lítio, a partir do estudo com os atores interessados na questão. Outro ponto crucial da investigação será a verificação da autenticidade das práticas de mineração verde anunciadas pela empresa, por meio da análise das práticas adotadas. Os resultados descritivos e visuais da análise das controvérsias poderão ser discutidos e mobilizados pelas comunidades locais em reuniões públicas e em suas atividades cotidianas. Os relatórios e textos de divulgação científica poderão fomentar discussões e reflexões mais amplas e críticas sobre o “Vale do Lítio”.</p>



<p><strong>Responsável:</strong></p>



<p>Prof. Valderí de Castro Alcântara<span id="docs-internal-guid-9baef423-7fff-7241-3ffd-7c9842049805"><div><span style="font-size: 12pt; font-family: Lexend, sans-serif; background-color: transparent; font-variant-numeric: normal; font-variant-east-asian: normal; font-variant-alternates: normal; font-variant-position: normal; font-variant-emoji: normal; vertical-align: baseline;"></span></div></span></p>

<p>Adotaremos uma perspectiva pragmática, discutindo a formação de públicos e seus problemas, ação coletiva, arenas públicas, alertas, controvérsias ambientais e processos de organização. Abordaremos também discussões sobre Antropoceno, Capitaloceno, Intrusão de Gaia, Crise Climática e Mutação Ecológica. O estudo será realizado em municípios do Vale do Jequitinhonha. A pesquisa será organizada em três etapas. A [&hellip;]</p>
