{"id":1750,"date":"2025-04-08T10:07:44","date_gmt":"2025-04-08T13:07:44","guid":{"rendered":"https:\/\/www.ufmg.br\/sustentabilidade\/?page_id=1750"},"modified":"2025-04-08T10:07:44","modified_gmt":"2025-04-08T13:07:44","slug":"english-food-nutricao-e-praticas-sustentaveis-na-ufmg","status":"publish","type":"page","link":"https:\/\/www.ufmg.br\/sustentabilidade\/projetos\/english-food-nutricao-e-praticas-sustentaveis-na-ufmg\/","title":{"rendered":"English Food: Nutri\u00e7\u00e3o e Pr\u00e1ticas Sustent\u00e1veis na UFMG"},"content":{"rendered":"\n<p>O projeto &#8220;English Food&#8221; \u00e9 uma iniciativa da UFMG que visa integrar o ensino da l\u00edngua inglesa com pr\u00e1ticas de sustentabilidade alimentar. Utilizando uma abordagem interdisciplinar, o projeto busca desenvolver a profici\u00eancia em ingl\u00eas dos alunos enquanto explora temas relacionados \u00e0 nutri\u00e7\u00e3o, sustentabilidade e cultura alimentar. Atrav\u00e9s de workshops, semin\u00e1rios, e atividades pr\u00e1ticas, o projeto incentiva os participantes a refletirem sobre a produ\u00e7\u00e3o e o consumo consciente de alimentos, promovendo tanto o aprendizado de idiomas quanto a conscientiza\u00e7\u00e3o sobre h\u00e1bitos alimentares sustent\u00e1veis. O objetivo geral \u00e9 desenvolver a compet\u00eancia comunicativa em ingl\u00eas dos participantes por meio de atividades que abordem a sustentabilidade alimentar e a nutri\u00e7\u00e3o.<\/p>\n\n\n\n<p>O projeto j\u00e1 impactou mais de 150 alunos de diversos cursos da UFMG e participantes externos, fortalecendo tanto suas habilidades lingu\u00edsticas quanto seu entendimento sobre sustentabilidade alimentar. Atrav\u00e9s das atividades realizadas, foi poss\u00edvel aumentar o engajamento dos participantes em pr\u00e1ticas alimentares mais conscientes e promover o uso do ingl\u00eas em contextos t\u00e9cnicos e pr\u00e1ticos. Al\u00e9m disso, o projeto tem gerado materiais bil\u00edngues que est\u00e3o sendo utilizados em outras disciplinas e em atividades de extens\u00e3o da universidade, ampliando o alcance dos resultados.<\/p>\n\n\n\n<p><strong>Respons\u00e1vel:<\/strong><\/p>\n\n\n\n<p>Profa. Renata Adriana Labanca<span id=\"docs-internal-guid-28449bf4-7fff-f468-b8e8-4e84c0affc97\"><div><span style=\"font-size: 12pt; font-family: Lexend, sans-serif; background-color: transparent; font-variant-numeric: normal; font-variant-east-asian: normal; font-variant-alternates: normal; font-variant-position: normal; font-variant-emoji: normal; vertical-align: baseline;\"><\/span><\/div><\/span><\/p>\n","protected":false},"excerpt":{"rendered":"<p>O projeto &#8220;English Food&#8221; \u00e9 uma iniciativa da UFMG que visa integrar o ensino da l\u00edngua inglesa com pr\u00e1ticas de sustentabilidade alimentar. Utilizando uma abordagem interdisciplinar, o projeto busca desenvolver a profici\u00eancia em ingl\u00eas dos alunos enquanto explora temas relacionados \u00e0 nutri\u00e7\u00e3o, sustentabilidade e cultura alimentar. Atrav\u00e9s de workshops, semin\u00e1rios, e atividades pr\u00e1ticas, o projeto [&hellip;]<\/p>\n","protected":false},"author":3,"featured_media":0,"parent":835,"menu_order":0,"comment_status":"closed","ping_status":"closed","template":"","meta":{"_acf_changed":false,"footnotes":""},"class_list":["post-1750","page","type-page","status-publish","hentry"],"acf":[],"_links":{"self":[{"href":"https:\/\/www.ufmg.br\/sustentabilidade\/wp-json\/wp\/v2\/pages\/1750"}],"collection":[{"href":"https:\/\/www.ufmg.br\/sustentabilidade\/wp-json\/wp\/v2\/pages"}],"about":[{"href":"https:\/\/www.ufmg.br\/sustentabilidade\/wp-json\/wp\/v2\/types\/page"}],"author":[{"embeddable":true,"href":"https:\/\/www.ufmg.br\/sustentabilidade\/wp-json\/wp\/v2\/users\/3"}],"replies":[{"embeddable":true,"href":"https:\/\/www.ufmg.br\/sustentabilidade\/wp-json\/wp\/v2\/comments?post=1750"}],"version-history":[{"count":1,"href":"https:\/\/www.ufmg.br\/sustentabilidade\/wp-json\/wp\/v2\/pages\/1750\/revisions"}],"predecessor-version":[{"id":1751,"href":"https:\/\/www.ufmg.br\/sustentabilidade\/wp-json\/wp\/v2\/pages\/1750\/revisions\/1751"}],"up":[{"embeddable":true,"href":"https:\/\/www.ufmg.br\/sustentabilidade\/wp-json\/wp\/v2\/pages\/835"}],"wp:attachment":[{"href":"https:\/\/www.ufmg.br\/sustentabilidade\/wp-json\/wp\/v2\/media?parent=1750"}],"curies":[{"name":"wp","href":"https:\/\/api.w.org\/{rel}","templated":true}]}}