{"id":1752,"date":"2025-04-08T10:09:44","date_gmt":"2025-04-08T13:09:44","guid":{"rendered":"https:\/\/www.ufmg.br\/sustentabilidade\/?page_id=1752"},"modified":"2025-04-08T10:09:44","modified_gmt":"2025-04-08T13:09:44","slug":"banco-sustentavel-de-emprestimo-de-materiais-compartilha-ufmg","status":"publish","type":"page","link":"https:\/\/www.ufmg.br\/sustentabilidade\/projetos\/banco-sustentavel-de-emprestimo-de-materiais-compartilha-ufmg\/","title":{"rendered":"Banco Sustent\u00e1vel de Empr\u00e9stimo de Materiais Compartilha UFMG"},"content":{"rendered":"\n<p>O projeto Compartilha UFMG visa promover a sustentabilidade por meio do compartilhamento de materiais diversos, evitando o consumo desnecess\u00e1rio e estimulando o uso consciente de recursos. Inspirado em modelos suecos de bibliotecas de empr\u00e9stimo de itens (l\u00e5n &amp; hyr), o projeto busca implementar um sistema de empr\u00e9stimo de materiais na UFMG, abrangendo itens de lazer, hospitalares, jardinagem e limpeza. A iniciativa permitir\u00e1 que membros da comunidade acad\u00eamica e moradores da regi\u00e3o possam doar materiais que n\u00e3o utilizam mais, que ficar\u00e3o dispon\u00edveis para empr\u00e9stimo gratuito. O objetivo geral \u00e9 criar uma rede de empr\u00e9stimo de materiais na UFMG para promover a economia compartilhada e reduzir o consumo excessivo de recursos, contribuindo para a sustentabilidade e o bem estar da comunidade.<\/p>\n\n\n\n<p>O projeto pretende impactar diretamente a comunidade da UFMG e seu entorno, promovendo a cultura do compartilhamento e da reutiliza\u00e7\u00e3o. A iniciativa pode ser expandida para outras universidades e espa\u00e7os p\u00fablicos, contribuindo para a conscientiza\u00e7\u00e3o e a mudan\u00e7a de comportamento em rela\u00e7\u00e3o ao consumo.<\/p>\n\n\n\n<p><strong>Respons\u00e1vel:<\/strong><\/p>\n\n\n\n<p>Profa. Renata Adriana Labanca<span id=\"docs-internal-guid-9ebf06b8-7fff-d56a-61ed-8da69fd56dd2\"><div><span style=\"font-size: 12pt; font-family: Lexend, sans-serif; background-color: transparent; font-variant-numeric: normal; font-variant-east-asian: normal; font-variant-alternates: normal; font-variant-position: normal; font-variant-emoji: normal; vertical-align: baseline;\"><\/span><\/div><\/span><\/p>\n","protected":false},"excerpt":{"rendered":"<p>O projeto Compartilha UFMG visa promover a sustentabilidade por meio do compartilhamento de materiais diversos, evitando o consumo desnecess\u00e1rio e estimulando o uso consciente de recursos. Inspirado em modelos suecos de bibliotecas de empr\u00e9stimo de itens (l\u00e5n &amp; hyr), o projeto busca implementar um sistema de empr\u00e9stimo de materiais na UFMG, abrangendo itens de lazer, [&hellip;]<\/p>\n","protected":false},"author":3,"featured_media":0,"parent":835,"menu_order":0,"comment_status":"closed","ping_status":"closed","template":"","meta":{"_acf_changed":false,"footnotes":""},"class_list":["post-1752","page","type-page","status-publish","hentry"],"acf":[],"_links":{"self":[{"href":"https:\/\/www.ufmg.br\/sustentabilidade\/wp-json\/wp\/v2\/pages\/1752"}],"collection":[{"href":"https:\/\/www.ufmg.br\/sustentabilidade\/wp-json\/wp\/v2\/pages"}],"about":[{"href":"https:\/\/www.ufmg.br\/sustentabilidade\/wp-json\/wp\/v2\/types\/page"}],"author":[{"embeddable":true,"href":"https:\/\/www.ufmg.br\/sustentabilidade\/wp-json\/wp\/v2\/users\/3"}],"replies":[{"embeddable":true,"href":"https:\/\/www.ufmg.br\/sustentabilidade\/wp-json\/wp\/v2\/comments?post=1752"}],"version-history":[{"count":1,"href":"https:\/\/www.ufmg.br\/sustentabilidade\/wp-json\/wp\/v2\/pages\/1752\/revisions"}],"predecessor-version":[{"id":1753,"href":"https:\/\/www.ufmg.br\/sustentabilidade\/wp-json\/wp\/v2\/pages\/1752\/revisions\/1753"}],"up":[{"embeddable":true,"href":"https:\/\/www.ufmg.br\/sustentabilidade\/wp-json\/wp\/v2\/pages\/835"}],"wp:attachment":[{"href":"https:\/\/www.ufmg.br\/sustentabilidade\/wp-json\/wp\/v2\/media?parent=1752"}],"curies":[{"name":"wp","href":"https:\/\/api.w.org\/{rel}","templated":true}]}}