{"id":1762,"date":"2025-04-08T10:21:29","date_gmt":"2025-04-08T13:21:29","guid":{"rendered":"https:\/\/www.ufmg.br\/sustentabilidade\/?page_id=1762"},"modified":"2025-04-08T10:21:29","modified_gmt":"2025-04-08T13:21:29","slug":"sustentabilidade-na-odontologia-uma-overview","status":"publish","type":"page","link":"https:\/\/www.ufmg.br\/sustentabilidade\/projetos\/sustentabilidade-na-odontologia-uma-overview\/","title":{"rendered":"Sustentabilidade na Odontologia: uma overview"},"content":{"rendered":"\n<p>A odontologia, como parte da \u00e1rea da sa\u00fade, tem semelhantes interfaces com a quest\u00e3o da sustentabilidade ambiental. Diante dessa realidade, a odontologia sustent\u00e1vel surge como uma abordagem para minimizar os danos ecol\u00f3gicos e promover pr\u00e1ticas mais respons\u00e1veis. Essa \u00e1rea busca integrar a dimens\u00e3o ambiental na pr\u00e1tica odontol\u00f3gica, desde a gest\u00e3o de res\u00edduos at\u00e9 a escolha de materiais e equipamentos, com foco na redu\u00e7\u00e3o do impacto ambiental e na promo\u00e7\u00e3o da sa\u00fade bucal de forma sustent\u00e1vel (TRANHAQUI, 2019; DUANE <em>et al<\/em>., 2020). O objetivo geral \u00e9 identificar a qualidade metodol\u00f3gica e os desfechos mensurados em revis\u00f5es sistem\u00e1ticas e de escopo, com ou sem metan\u00e1lise sobre a sustentabilidade em Odontologia.<\/p>\n\n\n\n<p><strong>Respons\u00e1vel:<\/strong><\/p>\n\n\n\n<p>Prof. Mauro Henrique Nogueira Guimar\u00e3es de Abreu<\/p>\n","protected":false},"excerpt":{"rendered":"<p>A odontologia, como parte da \u00e1rea da sa\u00fade, tem semelhantes interfaces com a quest\u00e3o da sustentabilidade ambiental. Diante dessa realidade, a odontologia sustent\u00e1vel surge como uma abordagem para minimizar os danos ecol\u00f3gicos e promover pr\u00e1ticas mais respons\u00e1veis. Essa \u00e1rea busca integrar a dimens\u00e3o ambiental na pr\u00e1tica odontol\u00f3gica, desde a gest\u00e3o de res\u00edduos at\u00e9 a escolha [&hellip;]<\/p>\n","protected":false},"author":3,"featured_media":0,"parent":835,"menu_order":0,"comment_status":"closed","ping_status":"closed","template":"","meta":{"_acf_changed":false,"footnotes":""},"class_list":["post-1762","page","type-page","status-publish","hentry"],"acf":[],"_links":{"self":[{"href":"https:\/\/www.ufmg.br\/sustentabilidade\/wp-json\/wp\/v2\/pages\/1762"}],"collection":[{"href":"https:\/\/www.ufmg.br\/sustentabilidade\/wp-json\/wp\/v2\/pages"}],"about":[{"href":"https:\/\/www.ufmg.br\/sustentabilidade\/wp-json\/wp\/v2\/types\/page"}],"author":[{"embeddable":true,"href":"https:\/\/www.ufmg.br\/sustentabilidade\/wp-json\/wp\/v2\/users\/3"}],"replies":[{"embeddable":true,"href":"https:\/\/www.ufmg.br\/sustentabilidade\/wp-json\/wp\/v2\/comments?post=1762"}],"version-history":[{"count":2,"href":"https:\/\/www.ufmg.br\/sustentabilidade\/wp-json\/wp\/v2\/pages\/1762\/revisions"}],"predecessor-version":[{"id":1764,"href":"https:\/\/www.ufmg.br\/sustentabilidade\/wp-json\/wp\/v2\/pages\/1762\/revisions\/1764"}],"up":[{"embeddable":true,"href":"https:\/\/www.ufmg.br\/sustentabilidade\/wp-json\/wp\/v2\/pages\/835"}],"wp:attachment":[{"href":"https:\/\/www.ufmg.br\/sustentabilidade\/wp-json\/wp\/v2\/media?parent=1762"}],"curies":[{"name":"wp","href":"https:\/\/api.w.org\/{rel}","templated":true}]}}