{"id":1767,"date":"2025-04-08T10:23:49","date_gmt":"2025-04-08T13:23:49","guid":{"rendered":"https:\/\/www.ufmg.br\/sustentabilidade\/?page_id=1767"},"modified":"2025-04-15T12:04:10","modified_gmt":"2025-04-15T15:04:10","slug":"especializacao-em-fontes-renovaveis-de-energia-geracao-operacao-e-integracao","status":"publish","type":"page","link":"https:\/\/www.ufmg.br\/sustentabilidade\/projetos\/especializacao-em-fontes-renovaveis-de-energia-geracao-operacao-e-integracao\/","title":{"rendered":"Especializa\u00e7\u00e3o em Fontes Renov\u00e1veis de Energia: Gera\u00e7\u00e3o, Opera\u00e7\u00e3o e Integra\u00e7\u00e3o"},"content":{"rendered":"\n<p>O uso de fontes renov\u00e1veis de energia n\u00e3o \u00e9 algo novo, principalmente no contexto brasileiro que desde os prim\u00f3rdios tem sua matriz predominante renov\u00e1vel, por\u00e9m focada apenas em uma fonte: a energia hidr\u00e1ulica captada em grandes centrais hidroel\u00e9tricas. Mais recentemente no mundo, incluindo o Brasil, tem crescido a diversidade do uso de fontes renov\u00e1veis, tamb\u00e9m chamadas fontes alternativas de energia. Nesse contexto tem-se novas tecnologias de sistemas de convers\u00e3o com o uso da energia e\u00f3lica, fotovoltaica, heliot\u00e9rmica, biomassa e tamb\u00e9m a energia hidr\u00e1ulica, por\u00e9m em pequenas centrais hidrel\u00e9tricas (PCH).<\/p>\n\n\n\n<p>Essas fontes de energia representam novas formas de gera\u00e7\u00e3o, ocasionando novas formas de opera\u00e7\u00e3o e integra\u00e7\u00e3o com a rede el\u00e9trica, como, por exemplo, o desenvolvimento da Gera\u00e7\u00e3o Distribu\u00edda (GD). O elevado volume de investimentos por parte das concession\u00e1rias de energia e de \u00f3rg\u00e3os governamentais atrelados \u00e0s regulamenta\u00e7\u00f5es da ANEEL no que diz respeito \u00e0 chamada GD, representa uma necessidade de aprimoramento dos profissionais do setor e forma\u00e7\u00e3o de especialistas para esse mercado em expans\u00e3o. A previs\u00e3o \u00e9 que at\u00e9 2030 a participa\u00e7\u00e3o de fontes renov\u00e1veis, excluindo a hidr\u00e1ulica, representar\u00e1 33% da matriz energ\u00e9tica brasileira (fonte: Plano Decenal de Expans\u00e3o de Energia 2030, EPE). Acresce-se o grande apelo em rela\u00e7\u00e3o aos aspectos positivos ao meio ambiente do uso de fontes renov\u00e1veis de energia, maximizando sua import\u00e2ncia.<\/p>\n\n\n\n<p>Nesse contexto, a Especializa\u00e7\u00e3o em Fontes Renov\u00e1veis: Gera\u00e7\u00e3o, Opera\u00e7\u00e3o e Integra\u00e7\u00e3o vem oferecer uma forma\u00e7\u00e3o espec\u00edfica que contempla todos esses temas, contribuindo para a forma\u00e7\u00e3o de profissionais altamente qualificados. O curso \u00e9 ofertado pelo Departamento de Engenharia El\u00e9trica da UFMG, contando com professores com larga experi\u00eancia em cursos de gradua\u00e7\u00e3o, especializa\u00e7\u00e3o, mestrado e doutorado. O objetivo principal do curso \u00e9 capacitar e qualificar profissionais no tema energias renov\u00e1veis e suas vertentes.<\/p>\n\n\n\n<p>Foram ofertadas, desde 2018, 4 turmas presenciais. No ano de 2024 foi ofertada a primeira turma no formato EAD, formato que ser\u00e1 repetido para a oferta prevista para o primeiro semestre de 2025. Na modalidade EAD temos um encontro por semestre onde os alunos podem interagir, s\u00e3o realizadas visitas t\u00e9cnicas e pr\u00e1ticas de laborat\u00f3rio. Ao final o aluno desenvolve um trabalho de conclus\u00e3o relacionado ao tema da especializa\u00e7\u00e3o orientado por um professor doutor. At\u00e9 o momento tem-se 45 defesas de monografia de alunos que j\u00e1 conclu\u00edram e temos 25 alunos em curso. Dos concluintes houveram 5 que ingressaram em programas de mestrado da UFMG ou de outras universidades, mostrando a potencialidade de um curso como esse na continuidade dos estudos.<\/p>\n\n\n\n<p><strong>Respons\u00e1vel:<\/strong> <\/p>\n\n\n\n<p>Prof. Victor Flores Mendes<\/p>\n\n\n\n<p><strong>ODS Relacionados:<\/strong><\/p>\n\n\n\n<p><img loading=\"lazy\" decoding=\"async\" width=\"151\" height=\"151\" src=\"https:\/\/lh7-rt.googleusercontent.com\/docsz\/AD_4nXeByljclAgMAzcZEDrOvyZ_RCgCg-k0UqXaS_FRBr-zgVIc9Goq7QkJq6cbQwOYR5YOgTwBl3nkYN1cJddKgIxhnIZS1sQFA5qhzdRkhv9XY4yeJQLb-Or6F19pOSlWUhySZtUrDQ?key=vBoj-53Tv1siE7mgN3cXbz9L\"><img loading=\"lazy\" decoding=\"async\" src=\"https:\/\/lh7-rt.googleusercontent.com\/docsz\/AD_4nXctK0f4IVQb4F1YFOCZsPRM0KVltlogJNuAGQrZgKupRZ2GHRm76NrMedtw1SLmn_wF1B2e6cG9cwYMFN899bsRNkO-k9ASL6O9og_ScoUDKtOx6YNhcPygQYXCBwjXwLBu2TAU?key=vBoj-53Tv1siE7mgN3cXbz9L\" width=\"151\" height=\"151\"><\/p>\n\n\n\n<p><span id=\"docs-internal-guid-42ec3666-7fff-d326-2440-27a2d31bd30c\"><\/span><\/p>\n","protected":false},"excerpt":{"rendered":"<p>O uso de fontes renov\u00e1veis de energia n\u00e3o \u00e9 algo novo, principalmente no contexto brasileiro que desde os prim\u00f3rdios tem sua matriz predominante renov\u00e1vel, por\u00e9m focada apenas em uma fonte: a energia hidr\u00e1ulica captada em grandes centrais hidroel\u00e9tricas. Mais recentemente no mundo, incluindo o Brasil, tem crescido a diversidade do uso de fontes renov\u00e1veis, tamb\u00e9m [&hellip;]<\/p>\n","protected":false},"author":3,"featured_media":0,"parent":835,"menu_order":0,"comment_status":"closed","ping_status":"closed","template":"","meta":{"_acf_changed":false,"footnotes":""},"class_list":["post-1767","page","type-page","status-publish","hentry"],"acf":[],"_links":{"self":[{"href":"https:\/\/www.ufmg.br\/sustentabilidade\/wp-json\/wp\/v2\/pages\/1767"}],"collection":[{"href":"https:\/\/www.ufmg.br\/sustentabilidade\/wp-json\/wp\/v2\/pages"}],"about":[{"href":"https:\/\/www.ufmg.br\/sustentabilidade\/wp-json\/wp\/v2\/types\/page"}],"author":[{"embeddable":true,"href":"https:\/\/www.ufmg.br\/sustentabilidade\/wp-json\/wp\/v2\/users\/3"}],"replies":[{"embeddable":true,"href":"https:\/\/www.ufmg.br\/sustentabilidade\/wp-json\/wp\/v2\/comments?post=1767"}],"version-history":[{"count":3,"href":"https:\/\/www.ufmg.br\/sustentabilidade\/wp-json\/wp\/v2\/pages\/1767\/revisions"}],"predecessor-version":[{"id":1833,"href":"https:\/\/www.ufmg.br\/sustentabilidade\/wp-json\/wp\/v2\/pages\/1767\/revisions\/1833"}],"up":[{"embeddable":true,"href":"https:\/\/www.ufmg.br\/sustentabilidade\/wp-json\/wp\/v2\/pages\/835"}],"wp:attachment":[{"href":"https:\/\/www.ufmg.br\/sustentabilidade\/wp-json\/wp\/v2\/media?parent=1767"}],"curies":[{"name":"wp","href":"https:\/\/api.w.org\/{rel}","templated":true}]}}