{"id":1845,"date":"2025-06-12T13:24:09","date_gmt":"2025-06-12T16:24:09","guid":{"rendered":"https:\/\/www.ufmg.br\/sustentabilidade\/?page_id=1845"},"modified":"2025-06-12T13:29:46","modified_gmt":"2025-06-12T16:29:46","slug":"ufmg-nos-ods","status":"publish","type":"page","link":"https:\/\/www.ufmg.br\/sustentabilidade\/ufmg-nos-ods\/","title":{"rendered":"UFMG NOS ODS"},"content":{"rendered":"\n<p>A UFMG desenvolve projetos em colabora\u00e7\u00e3o com os Objetivos de Desenvolvimento Sustent\u00e1vel. <\/p>\n","protected":false},"excerpt":{"rendered":"<p>A UFMG desenvolve projetos em colabora\u00e7\u00e3o com os Objetivos de Desenvolvimento Sustent\u00e1vel.<\/p>\n","protected":false},"author":3,"featured_media":0,"parent":0,"menu_order":0,"comment_status":"closed","ping_status":"closed","template":"","meta":{"_acf_changed":false,"footnotes":""},"class_list":["post-1845","page","type-page","status-publish","hentry"],"acf":[],"_links":{"self":[{"href":"https:\/\/www.ufmg.br\/sustentabilidade\/wp-json\/wp\/v2\/pages\/1845"}],"collection":[{"href":"https:\/\/www.ufmg.br\/sustentabilidade\/wp-json\/wp\/v2\/pages"}],"about":[{"href":"https:\/\/www.ufmg.br\/sustentabilidade\/wp-json\/wp\/v2\/types\/page"}],"author":[{"embeddable":true,"href":"https:\/\/www.ufmg.br\/sustentabilidade\/wp-json\/wp\/v2\/users\/3"}],"replies":[{"embeddable":true,"href":"https:\/\/www.ufmg.br\/sustentabilidade\/wp-json\/wp\/v2\/comments?post=1845"}],"version-history":[{"count":2,"href":"https:\/\/www.ufmg.br\/sustentabilidade\/wp-json\/wp\/v2\/pages\/1845\/revisions"}],"predecessor-version":[{"id":1851,"href":"https:\/\/www.ufmg.br\/sustentabilidade\/wp-json\/wp\/v2\/pages\/1845\/revisions\/1851"}],"wp:attachment":[{"href":"https:\/\/www.ufmg.br\/sustentabilidade\/wp-json\/wp\/v2\/media?parent=1845"}],"curies":[{"name":"wp","href":"https:\/\/api.w.org\/{rel}","templated":true}]}}