{"id":1861,"date":"2025-06-12T13:39:42","date_gmt":"2025-06-12T16:39:42","guid":{"rendered":"https:\/\/www.ufmg.br\/sustentabilidade\/?page_id=1861"},"modified":"2025-07-16T11:26:44","modified_gmt":"2025-07-16T14:26:44","slug":"igualdade-de-genero","status":"publish","type":"page","link":"https:\/\/www.ufmg.br\/sustentabilidade\/ufmg-nos-ods\/igualdade-de-genero\/","title":{"rendered":"Igualdade de G\u00eanero"},"content":{"rendered":"\n<figure class=\"wp-block-image size-full is-resized\"><img loading=\"lazy\" decoding=\"async\" width=\"466\" height=\"466\" src=\"https:\/\/www.ufmg.br\/sustentabilidade\/wp-content\/uploads\/2025\/06\/image-4.png\" alt=\"\" class=\"wp-image-1935\" style=\"width:153px;height:auto\" srcset=\"https:\/\/www.ufmg.br\/sustentabilidade\/wp-content\/uploads\/2025\/06\/image-4.png 466w, https:\/\/www.ufmg.br\/sustentabilidade\/wp-content\/uploads\/2025\/06\/image-4-300x300.png 300w, https:\/\/www.ufmg.br\/sustentabilidade\/wp-content\/uploads\/2025\/06\/image-4-150x150.png 150w\" sizes=\"(max-width: 466px) 100vw, 466px\" \/><\/figure>\n\n\n\n<p><\/p>\n\n\n\n<p>A UFMG atualmente possui mais de 200 professoras doutoras, mais de 3 mil alunas de primeira gera\u00e7\u00e3o e  mais de 4.500 p\u00f3s-graduandas associadas \u00e0 universidade. <\/p>\n\n\n\n<p><strong>Objetivo 5. Alcan\u00e7ar a igualdade de g\u00eanero e empoderar todas as mulheres e meninas<\/strong><\/p>\n\n\n\n<p><strong>5.1&nbsp;<\/strong>Acabar com todas as formas de discrimina\u00e7\u00e3o contra todas as mulheres e meninas em toda parte<\/p>\n\n\n\n<p><strong>5.2<\/strong>&nbsp;Eliminar todas as formas de viol\u00eancia contra todas as mulheres e meninas nas esferas p\u00fablicas e privadas, incluindo o tr\u00e1fico e explora\u00e7\u00e3o sexual e de outros tipos<\/p>\n\n\n\n<p><strong>5.3<\/strong>&nbsp;Eliminar todas as pr\u00e1ticas nocivas, como os casamentos prematuros, for\u00e7ados e de crian\u00e7as e mutila\u00e7\u00f5es genitais femininas<\/p>\n\n\n\n<p><strong>5.4<\/strong>&nbsp;Reconhecer e valorizar o trabalho de assist\u00eancia e dom\u00e9stico n\u00e3o remunerado, por meio da disponibiliza\u00e7\u00e3o de servi\u00e7os p\u00fablicos, infraestrutura e pol\u00edticas de prote\u00e7\u00e3o social, bem como a promo\u00e7\u00e3o da responsabilidade compartilhada dentro do lar e da fam\u00edlia, conforme os contextos nacionais<\/p>\n\n\n\n<p><strong>5.5<\/strong>&nbsp;Garantir a participa\u00e7\u00e3o plena e efetiva das mulheres e a igualdade de oportunidades para a lideran\u00e7a em todos os n\u00edveis de tomada de decis\u00e3o na vida pol\u00edtica, econ\u00f4mica e p\u00fablica<\/p>\n\n\n\n<p><strong>5.6&nbsp;<\/strong>Assegurar o acesso universal \u00e0 sa\u00fade sexual e reprodutiva e os direitos reprodutivos, como acordado em conformidade com o Programa de A\u00e7\u00e3o da Confer\u00eancia Internacional sobre Popula\u00e7\u00e3o e Desenvolvimento e com a Plataforma de A\u00e7\u00e3o de Pequim e os documentos resultantes de suas confer\u00eancias de revis\u00e3o<\/p>\n\n\n\n<p><strong>5.a<\/strong>&nbsp;Realizar reformas para dar \u00e0s mulheres direitos iguais aos recursos econ\u00f4micos, bem como o acesso a propriedade e controle sobre a terra e outras formas de propriedade, servi\u00e7os financeiros, heran\u00e7a e os recursos naturais, de acordo com as leis nacionais<\/p>\n\n\n\n<p><strong>5.b&nbsp;<\/strong>Aumentar o uso de tecnologias de base, em particular as tecnologias de informa\u00e7\u00e3o e comunica\u00e7\u00e3o, para promover o empoderamento das mulheres<\/p>\n\n\n\n<p><strong>5.c<\/strong>&nbsp;Adotar e fortalecer pol\u00edticas s\u00f3lidas e legisla\u00e7\u00e3o aplic\u00e1vel para a promo\u00e7\u00e3o da igualdade de g\u00eanero e o empoderamento de todas as mulheres e meninas em todos os n\u00edveis<\/p>\n","protected":false},"excerpt":{"rendered":"<p>A UFMG atualmente possui mais de 200 professoras doutoras, mais de 3 mil alunas de primeira gera\u00e7\u00e3o e mais de 4.500 p\u00f3s-graduandas associadas \u00e0 universidade. Objetivo 5. Alcan\u00e7ar a igualdade de g\u00eanero e empoderar todas as mulheres e meninas 5.1&nbsp;Acabar com todas as formas de discrimina\u00e7\u00e3o contra todas as mulheres e meninas em toda parte [&hellip;]<\/p>\n","protected":false},"author":3,"featured_media":0,"parent":1845,"menu_order":0,"comment_status":"closed","ping_status":"closed","template":"","meta":{"_acf_changed":false,"footnotes":""},"class_list":["post-1861","page","type-page","status-publish","hentry"],"acf":[],"_links":{"self":[{"href":"https:\/\/www.ufmg.br\/sustentabilidade\/wp-json\/wp\/v2\/pages\/1861"}],"collection":[{"href":"https:\/\/www.ufmg.br\/sustentabilidade\/wp-json\/wp\/v2\/pages"}],"about":[{"href":"https:\/\/www.ufmg.br\/sustentabilidade\/wp-json\/wp\/v2\/types\/page"}],"author":[{"embeddable":true,"href":"https:\/\/www.ufmg.br\/sustentabilidade\/wp-json\/wp\/v2\/users\/3"}],"replies":[{"embeddable":true,"href":"https:\/\/www.ufmg.br\/sustentabilidade\/wp-json\/wp\/v2\/comments?post=1861"}],"version-history":[{"count":4,"href":"https:\/\/www.ufmg.br\/sustentabilidade\/wp-json\/wp\/v2\/pages\/1861\/revisions"}],"predecessor-version":[{"id":2003,"href":"https:\/\/www.ufmg.br\/sustentabilidade\/wp-json\/wp\/v2\/pages\/1861\/revisions\/2003"}],"up":[{"embeddable":true,"href":"https:\/\/www.ufmg.br\/sustentabilidade\/wp-json\/wp\/v2\/pages\/1845"}],"wp:attachment":[{"href":"https:\/\/www.ufmg.br\/sustentabilidade\/wp-json\/wp\/v2\/media?parent=1861"}],"curies":[{"name":"wp","href":"https:\/\/api.w.org\/{rel}","templated":true}]}}