{"id":1869,"date":"2025-06-12T13:42:01","date_gmt":"2025-06-12T16:42:01","guid":{"rendered":"https:\/\/www.ufmg.br\/sustentabilidade\/?page_id=1869"},"modified":"2025-07-17T11:04:36","modified_gmt":"2025-07-17T14:04:36","slug":"industria-inovacao-e-infraestrutura","status":"publish","type":"page","link":"https:\/\/www.ufmg.br\/sustentabilidade\/ufmg-nos-ods\/industria-inovacao-e-infraestrutura\/","title":{"rendered":"Ind\u00fastria, Inova\u00e7\u00e3o e Infraestrutura"},"content":{"rendered":"\n<figure class=\"wp-block-image size-full is-resized\"><img loading=\"lazy\" decoding=\"async\" width=\"466\" height=\"466\" src=\"https:\/\/www.ufmg.br\/sustentabilidade\/wp-content\/uploads\/2025\/06\/image-8.png\" alt=\"\" class=\"wp-image-1947\" style=\"width:174px;height:auto\" srcset=\"https:\/\/www.ufmg.br\/sustentabilidade\/wp-content\/uploads\/2025\/06\/image-8.png 466w, https:\/\/www.ufmg.br\/sustentabilidade\/wp-content\/uploads\/2025\/06\/image-8-300x300.png 300w, https:\/\/www.ufmg.br\/sustentabilidade\/wp-content\/uploads\/2025\/06\/image-8-150x150.png 150w\" sizes=\"(max-width: 466px) 100vw, 466px\" \/><\/figure>\n\n\n\n<p><\/p>\n\n\n\n<p>Na UFMG, diversas iniciativas exemplificam o compromisso da universidade com esses objetivos. BHTec \u2013 Parque Tecnol\u00f3gico de Belo Horizonte: O BHTec, Parque Tecnol\u00f3gico de Belo Horizonte, \u00e9 uma plataforma fundamental que conecta a UFMG com o setor industrial e promove a transfer\u00eancia tecnol\u00f3gica. Criado em parceria com a Prefeitura de Belo Horizonte, o governo de Minas Gerais, e o setor privado, o BHTec atua como um hub de inova\u00e7\u00e3o, oferecendo infraestrutura e suporte para startups e empresas de base tecnol\u00f3gica. Esse ambiente \u00e9 crucial para fomentar a inova\u00e7\u00e3o e facilitar a transi\u00e7\u00e3o de pesquisa acad\u00eamica para aplica\u00e7\u00f5es comerciais, contribuindo diretamente para o ODS 9. Iniciativas de Sa\u00fade e Educa\u00e7\u00e3o: Al\u00e9m disso, a UFMG tem promovido uma abordagem transversal para impulsionar a Agenda 2030, especialmente integrando as \u00e1reas de sa\u00fade e educa\u00e7\u00e3o. O Centro de Inova\u00e7\u00e3o em Intelig\u00eancia Artificial para a Sa\u00fade (CIIA-Sa\u00fade) \u00e9 um exemplo not\u00e1vel, reunindo 113 pesquisadores e diversas parcerias para desenvolver tecnologias colaborativas que melhoram a precis\u00e3o dos diagn\u00f3sticos cl\u00ednicos e promovem a sa\u00fade p\u00fablica. Transfer\u00eancia Tecnol\u00f3gica e Parcerias: Outro destaque \u00e9 o Centro de Tecnologia de Vacinas (CTVacinas), que demonstrou a efic\u00e1cia da colabora\u00e7\u00e3o entre universidades e o setor industrial ao desenvolver testes r\u00e1pidos para COVID-19 e a vacina SpiN-TEC. Essas iniciativas n\u00e3o s\u00f3 aceleraram a resposta \u00e0 pandemia, mas tamb\u00e9m refor\u00e7aram a import\u00e2ncia da transfer\u00eancia tecnol\u00f3gica como ferramenta para alcan\u00e7ar o desenvolvimento sustent\u00e1vel. Educa\u00e7\u00e3o Transversal e Intercultural: A UFMG tamb\u00e9m promove a forma\u00e7\u00e3o transversal e intercultural, garantindo que os estudantes adquiram compet\u00eancias diversificadas que os preparem para enfrentar desafios globais. Programas como a Forma\u00e7\u00e3o Intercultural de Educadores Ind\u00edgenas exemplificam esse compromisso, proporcionando uma educa\u00e7\u00e3o enriquecida e multidisciplinar. Essas a\u00e7\u00f5es da UFMG n\u00e3o s\u00f3 exemplificam seu compromisso com o ODS 9, mas tamb\u00e9m mostram como a integra\u00e7\u00e3o de sa\u00fade, educa\u00e7\u00e3o e inova\u00e7\u00e3o pode impulsionar o desenvolvimento sustent\u00e1vel e inclusivo.\u00a0<\/p>\n\n\n\n<p>A UFMG desenvolve os seguintes projetos alinhados ao Nono ODS:<\/p>\n\n\n\n<p><a href=\"https:\/\/www.ufmg.br\/sustentabilidade\/projetos\/separacao-de-co2-do-gas-natural-usando-membranas-de-matriz-mista\/\">Separa\u00e7\u00e3o de CO2 do g\u00e1s natural usando membranas de matriz mista<\/a><\/p>\n\n\n\n<p><a href=\"https:\/\/www.ufmg.br\/sustentabilidade\/projetos\/valorizacao-de-soro-de-leite-a-partir-da-separacao-de-proteinas-pela-combinacao-de-processos-por-membranas-e-secagem\/\">Valoriza\u00e7\u00e3o de soro de leite a partir da separa\u00e7\u00e3o de prote\u00ednas pela combina\u00e7\u00e3o de processos por membranas e secagem<\/a><\/p>\n\n\n\n<p><strong>Objetivo 9. Construir infraestruturas resilientes, promover a industrializa\u00e7\u00e3o inclusiva e sustent\u00e1vel e fomentar a inova\u00e7\u00e3o<\/strong><\/p>\n\n\n\n<p><strong>9.1<\/strong>&nbsp;Desenvolver infraestrutura de qualidade, confi\u00e1vel, sustent\u00e1vel e resiliente, incluindo infraestrutura regional e transfronteiri\u00e7a, para apoiar o desenvolvimento econ\u00f4mico e o bem-estar humano, com foco no acesso equitativo e a pre\u00e7os acess\u00edveis para todos<\/p>\n\n\n\n<p><strong>9.2<\/strong>&nbsp;Promover a industrializa\u00e7\u00e3o inclusiva e sustent\u00e1vel e, at\u00e9 2030, aumentar significativamente a participa\u00e7\u00e3o da ind\u00fastria no setor de emprego e no PIB, de acordo com as circunst\u00e2ncias nacionais, e dobrar sua participa\u00e7\u00e3o nos pa\u00edses menos desenvolvidos<\/p>\n\n\n\n<p><strong>9.3&nbsp;<\/strong>Aumentar o acesso das pequenas ind\u00fastrias e outras empresas, particularmente em pa\u00edses em desenvolvimento, aos servi\u00e7os financeiros, incluindo cr\u00e9dito acess\u00edvel e sua integra\u00e7\u00e3o em cadeias de valor e mercados<\/p>\n\n\n\n<p><strong>9.4<\/strong>&nbsp;At\u00e9 2030, modernizar a infraestrutura e reabilitar as ind\u00fastrias para torn\u00e1-las sustent\u00e1veis, com efici\u00eancia aumentada no uso de recursos e maior ado\u00e7\u00e3o de tecnologias e processos industriais limpos e ambientalmente corretos; com todos os pa\u00edses atuando de acordo com suas respectivas capacidades<\/p>\n\n\n\n<p><strong>9.5<\/strong>&nbsp;Fortalecer a pesquisa cient\u00edfica, melhorar as capacidades tecnol\u00f3gicas de setores industriais em todos os pa\u00edses, particularmente os pa\u00edses em desenvolvimento, inclusive, at\u00e9 2030, incentivando a inova\u00e7\u00e3o e aumentando substancialmente o n\u00famero de trabalhadores de pesquisa e desenvolvimento por milh\u00e3o de pessoas e os gastos p\u00fablico e privado em pesquisa e desenvolvimento<\/p>\n\n\n\n<p><strong>9.a<\/strong>&nbsp;Facilitar o desenvolvimento de infraestrutura sustent\u00e1vel e resiliente em pa\u00edses em desenvolvimento, por meio de maior apoio financeiro, tecnol\u00f3gico e t\u00e9cnico aos pa\u00edses africanos, aos pa\u00edses menos desenvolvidos, aos pa\u00edses em desenvolvimento sem litoral e aos pequenos Estados insulares em desenvolvimento<\/p>\n\n\n\n<p><strong>9.b&nbsp;<\/strong>Apoiar o desenvolvimento tecnol\u00f3gico, a pesquisa e a inova\u00e7\u00e3o nacionais nos pa\u00edses em desenvolvimento, inclusive garantindo um ambiente pol\u00edtico prop\u00edcio para, entre outras coisas, a diversifica\u00e7\u00e3o industrial e a agrega\u00e7\u00e3o de valor \u00e0s commodities<\/p>\n\n\n\n<p><strong>9.c<\/strong>&nbsp;Aumentar significativamente o acesso \u00e0s tecnologias de informa\u00e7\u00e3o e comunica\u00e7\u00e3o e se empenhar para oferecer acesso universal e a pre\u00e7os acess\u00edveis \u00e0 internet nos pa\u00edses menos desenvolvidos, at\u00e9 2020<\/p>\n","protected":false},"excerpt":{"rendered":"<p>Na UFMG, diversas iniciativas exemplificam o compromisso da universidade com esses objetivos. BHTec \u2013 Parque Tecnol\u00f3gico de Belo Horizonte: O BHTec, Parque Tecnol\u00f3gico de Belo Horizonte, \u00e9 uma plataforma fundamental que conecta a UFMG com o setor industrial e promove a transfer\u00eancia tecnol\u00f3gica. Criado em parceria com a Prefeitura de Belo Horizonte, o governo de [&hellip;]<\/p>\n","protected":false},"author":3,"featured_media":0,"parent":1845,"menu_order":0,"comment_status":"closed","ping_status":"closed","template":"","meta":{"_acf_changed":false,"footnotes":""},"class_list":["post-1869","page","type-page","status-publish","hentry"],"acf":[],"_links":{"self":[{"href":"https:\/\/www.ufmg.br\/sustentabilidade\/wp-json\/wp\/v2\/pages\/1869"}],"collection":[{"href":"https:\/\/www.ufmg.br\/sustentabilidade\/wp-json\/wp\/v2\/pages"}],"about":[{"href":"https:\/\/www.ufmg.br\/sustentabilidade\/wp-json\/wp\/v2\/types\/page"}],"author":[{"embeddable":true,"href":"https:\/\/www.ufmg.br\/sustentabilidade\/wp-json\/wp\/v2\/users\/3"}],"replies":[{"embeddable":true,"href":"https:\/\/www.ufmg.br\/sustentabilidade\/wp-json\/wp\/v2\/comments?post=1869"}],"version-history":[{"count":4,"href":"https:\/\/www.ufmg.br\/sustentabilidade\/wp-json\/wp\/v2\/pages\/1869\/revisions"}],"predecessor-version":[{"id":2008,"href":"https:\/\/www.ufmg.br\/sustentabilidade\/wp-json\/wp\/v2\/pages\/1869\/revisions\/2008"}],"up":[{"embeddable":true,"href":"https:\/\/www.ufmg.br\/sustentabilidade\/wp-json\/wp\/v2\/pages\/1845"}],"wp:attachment":[{"href":"https:\/\/www.ufmg.br\/sustentabilidade\/wp-json\/wp\/v2\/media?parent=1869"}],"curies":[{"name":"wp","href":"https:\/\/api.w.org\/{rel}","templated":true}]}}

Indústria, Inovação e Infraestrutura

<figure class="wp-block-image size-full is-resized"><img loading="lazy" decoding="async" width="466" height="466" src="https://www.ufmg.br/sustentabilidade/wp-content/uploads/2025/06/image-8.png" alt="" class="wp-image-1947" style="width:174px;height:auto" srcset="https://www.ufmg.br/sustentabilidade/wp-content/uploads/2025/06/image-8.png 466w, https://www.ufmg.br/sustentabilidade/wp-content/uploads/2025/06/image-8-300x300.png 300w, https://www.ufmg.br/sustentabilidade/wp-content/uploads/2025/06/image-8-150x150.png 150w" sizes="(max-width: 466px) 100vw, 466px" /></figure>



<p></p>



<p>Na UFMG, diversas iniciativas exemplificam o compromisso da universidade com esses objetivos. BHTec – Parque Tecnológico de Belo Horizonte: O BHTec, Parque Tecnológico de Belo Horizonte, é uma plataforma fundamental que conecta a UFMG com o setor industrial e promove a transferência tecnológica. Criado em parceria com a Prefeitura de Belo Horizonte, o governo de Minas Gerais, e o setor privado, o BHTec atua como um hub de inovação, oferecendo infraestrutura e suporte para startups e empresas de base tecnológica. Esse ambiente é crucial para fomentar a inovação e facilitar a transição de pesquisa acadêmica para aplicações comerciais, contribuindo diretamente para o ODS 9. Iniciativas de Saúde e Educação: Além disso, a UFMG tem promovido uma abordagem transversal para impulsionar a Agenda 2030, especialmente integrando as áreas de saúde e educação. O Centro de Inovação em Inteligência Artificial para a Saúde (CIIA-Saúde) é um exemplo notável, reunindo 113 pesquisadores e diversas parcerias para desenvolver tecnologias colaborativas que melhoram a precisão dos diagnósticos clínicos e promovem a saúde pública. Transferência Tecnológica e Parcerias: Outro destaque é o Centro de Tecnologia de Vacinas (CTVacinas), que demonstrou a eficácia da colaboração entre universidades e o setor industrial ao desenvolver testes rápidos para COVID-19 e a vacina SpiN-TEC. Essas iniciativas não só aceleraram a resposta à pandemia, mas também reforçaram a importância da transferência tecnológica como ferramenta para alcançar o desenvolvimento sustentável. Educação Transversal e Intercultural: A UFMG também promove a formação transversal e intercultural, garantindo que os estudantes adquiram competências diversificadas que os preparem para enfrentar desafios globais. Programas como a Formação Intercultural de Educadores Indígenas exemplificam esse compromisso, proporcionando uma educação enriquecida e multidisciplinar. Essas ações da UFMG não só exemplificam seu compromisso com o ODS 9, mas também mostram como a integração de saúde, educação e inovação pode impulsionar o desenvolvimento sustentável e inclusivo. </p>



<p>A UFMG desenvolve os seguintes projetos alinhados ao Nono ODS:</p>



<p><a href="https://www.ufmg.br/sustentabilidade/projetos/separacao-de-co2-do-gas-natural-usando-membranas-de-matriz-mista/">Separação de CO2 do gás natural usando membranas de matriz mista</a></p>



<p><a href="https://www.ufmg.br/sustentabilidade/projetos/valorizacao-de-soro-de-leite-a-partir-da-separacao-de-proteinas-pela-combinacao-de-processos-por-membranas-e-secagem/">Valorização de soro de leite a partir da separação de proteínas pela combinação de processos por membranas e secagem</a></p>



<p><strong>Objetivo 9. Construir infraestruturas resilientes, promover a industrialização inclusiva e sustentável e fomentar a inovação</strong></p>



<p><strong>9.1</strong>&nbsp;Desenvolver infraestrutura de qualidade, confiável, sustentável e resiliente, incluindo infraestrutura regional e transfronteiriça, para apoiar o desenvolvimento econômico e o bem-estar humano, com foco no acesso equitativo e a preços acessíveis para todos</p>



<p><strong>9.2</strong>&nbsp;Promover a industrialização inclusiva e sustentável e, até 2030, aumentar significativamente a participação da indústria no setor de emprego e no PIB, de acordo com as circunstâncias nacionais, e dobrar sua participação nos países menos desenvolvidos</p>



<p><strong>9.3&nbsp;</strong>Aumentar o acesso das pequenas indústrias e outras empresas, particularmente em países em desenvolvimento, aos serviços financeiros, incluindo crédito acessível e sua integração em cadeias de valor e mercados</p>



<p><strong>9.4</strong>&nbsp;Até 2030, modernizar a infraestrutura e reabilitar as indústrias para torná-las sustentáveis, com eficiência aumentada no uso de recursos e maior adoção de tecnologias e processos industriais limpos e ambientalmente corretos; com todos os países atuando de acordo com suas respectivas capacidades</p>



<p><strong>9.5</strong>&nbsp;Fortalecer a pesquisa científica, melhorar as capacidades tecnológicas de setores industriais em todos os países, particularmente os países em desenvolvimento, inclusive, até 2030, incentivando a inovação e aumentando substancialmente o número de trabalhadores de pesquisa e desenvolvimento por milhão de pessoas e os gastos público e privado em pesquisa e desenvolvimento</p>



<p><strong>9.a</strong>&nbsp;Facilitar o desenvolvimento de infraestrutura sustentável e resiliente em países em desenvolvimento, por meio de maior apoio financeiro, tecnológico e técnico aos países africanos, aos países menos desenvolvidos, aos países em desenvolvimento sem litoral e aos pequenos Estados insulares em desenvolvimento</p>



<p><strong>9.b&nbsp;</strong>Apoiar o desenvolvimento tecnológico, a pesquisa e a inovação nacionais nos países em desenvolvimento, inclusive garantindo um ambiente político propício para, entre outras coisas, a diversificação industrial e a agregação de valor às commodities</p>



<p><strong>9.c</strong>&nbsp;Aumentar significativamente o acesso às tecnologias de informação e comunicação e se empenhar para oferecer acesso universal e a preços acessíveis à internet nos países menos desenvolvidos, até 2020</p>

<p>Na UFMG, diversas iniciativas exemplificam o compromisso da universidade com esses objetivos. BHTec – Parque Tecnológico de Belo Horizonte: O BHTec, Parque Tecnológico de Belo Horizonte, é uma plataforma fundamental que conecta a UFMG com o setor industrial e promove a transferência tecnológica. Criado em parceria com a Prefeitura de Belo Horizonte, o governo de [&hellip;]</p>
