{"id":47,"date":"2020-06-10T13:20:46","date_gmt":"2020-06-10T16:20:46","guid":{"rendered":"https:\/\/www.ufmg.br\/sustentabilidade\/?page_id=47"},"modified":"2025-10-01T10:31:10","modified_gmt":"2025-10-01T13:31:10","slug":"comissao-permamente","status":"publish","type":"page","link":"https:\/\/www.ufmg.br\/sustentabilidade\/gestao\/comissao-permamente\/","title":{"rendered":"Comiss\u00e3o Permanente"},"content":{"rendered":"<p style=\"text-align: justify;\"><span style=\"font-family: verdana, geneva, sans-serif; font-size: 12pt;\">A Comiss\u00e3o Permanente de Gest\u00e3o Energ\u00e9tica, H\u00eddrica e Ambiental (CPGEHA) da UFMG foi institu\u00edda por meio da <a href=\"https:\/\/www.ufmg.br\/sustentabilidade\/wp-content\/uploads\/2020\/12\/Portaria-n\u00ba-134_2019_UFMG.pdf\" target=\"_blank\" rel=\"noopener noreferrer\">Portaria n\u00ba 134, de 14 de maio de 2019<\/a>, assinada pela Reitora da UFMG, Professora Sandra Regina Goulart Almeida. <\/span><span style=\"font-family: verdana, geneva, sans-serif; font-size: 12pt;\">Possui car\u00e1ter consultivo e de assessoramento da Administra\u00e7\u00e3o Superior e atualmente <\/span><span style=\"font-family: verdana, geneva, sans-serif; font-size: 12pt;\">\u00e9 composta por seis integrantes, dentre eles docentes e servidores.<\/span><\/p>\n<p style=\"text-align: justify;\"><span style=\"font-family: verdana, geneva, sans-serif; font-size: 12pt;\">Suas atribui\u00e7\u00f5es<\/span><span style=\"font-family: verdana, geneva, sans-serif; font-size: 12pt;\"> consistem em:<\/span><\/p>\n<p style=\"text-align: justify;\"><span style=\"font-size: 12pt;\"><span style=\"font-family: verdana, geneva, sans-serif;\">&#8211; Mapear os centros consumidores, quantificando o consumo total e espec\u00edfico de \u00e1gua e energia;<\/span><\/span><\/p>\n<p style=\"text-align: justify;\"><span style=\"font-size: 12pt;\"><span style=\"font-family: verdana, geneva, sans-serif;\">&#8211; Identificar e propor alternativas visando \u00e0 redu\u00e7\u00e3o do consumo de \u00e1gua e energia e a disposi\u00e7\u00e3o de res\u00edduos e rejeitos;<\/span><\/span><\/p>\n<p style=\"text-align: justify;\"><span style=\"font-size: 12pt;\"><span style=\"font-family: verdana, geneva, sans-serif;\">&#8211; Estimular boas pr\u00e1ticas na comunidade acad\u00eamica para o uso respons\u00e1vel de \u00e1gua e energia.<\/span><\/span><\/p>\n<p style=\"text-align: justify;\"><span style=\"font-size: 12pt;\"><span style=\"font-family: verdana, geneva, sans-serif;\">Anualmente, a CPGEHA encaminha para a Reitoria seu relat\u00f3rio de gest\u00e3o, contendo proposi\u00e7\u00e3o de a\u00e7\u00f5es no \u00e2mbito de seus objetivos para implementa\u00e7\u00e3o na Universidade nos pr\u00f3ximos anos.<\/span><span style=\"font-family: verdana, geneva, sans-serif;\"><br \/>\n<\/span><\/span><\/p>\n<p style=\"text-align: justify;\"><span style=\"font-family: verdana, geneva, sans-serif; font-size: 12pt;\"><style>#sp-ea-146 .spcollapsing { height: 0; overflow: hidden; transition-property: height;transition-duration: 500ms;}#sp-ea-146.sp-easy-accordion>.sp-ea-single {margin-bottom: 10px; border: 1px solid #e2e2e2; }#sp-ea-146.sp-easy-accordion>.sp-ea-single>.ea-header a {color: #444;}#sp-ea-146.sp-easy-accordion>.sp-ea-single>.sp-collapse>.ea-body {background: #fff; color: #444;}#sp-ea-146.sp-easy-accordion>.sp-ea-single {background: #eee;}#sp-ea-146.sp-easy-accordion>.sp-ea-single>.ea-header a .ea-expand-icon { float: left; color: #444;font-size: 16px;}<\/style><div id=\"sp_easy_accordion-1776923698\">\n<div id=\"sp-ea-146\" class=\"sp-ea-one sp-easy-accordion\" data-ex-icon=\"minus\" data-col-icon=\"plus\" data-ea-active=\"ea-click\" data-ea-mode=\"vertical\" data-preloader=\"\" data-scroll-active-item=\"\" data-offset-to-scroll=\"0\">\n\t<!-- Start accordion card div. -->\n\t<div class=\"ea-card  sp-ea-single\">\n\t\t<!-- Start accordion header. -->\n\t\t<h3 class=\"ea-header\">\n\t\t\t<!-- Add anchor tag for header. -->\n\t\t\t<a class=\"collapsed\" id=\"ea-header-1460\" data-sptoggle=\"spcollapse\" data-sptarget=\"#collapse1460\" aria-controls=\"collapse1460\" href=\"#\"  aria-expanded=\"false\" tabindex=\"0\">\n\t\t\t<i class=\"ea-expand-icon ea-icon-expand-plus\"><\/i> Quem faz parte?\t\t\t<\/a> <!-- Close anchor tag for header. -->\n\t\t<\/h3>\t<!-- Close header tag. -->\n\t\t<!-- Start collapsible content div. -->\n\t\t<div class=\"sp-collapse spcollapse spcollapse\" id=\"collapse1460\" data-parent=\"#sp-ea-146\" role=\"region\" aria-labelledby=\"ea-header-1460\">  <!-- Content div. -->\n\t\t\t<div class=\"ea-body\">\n\t\t\t<p><span style=\"font-family: verdana, geneva, sans-serif;font-size: 12pt\"><strong>Presidente:<\/strong> <\/span><\/p>\n<p><a href=\"http:\/\/lattes.cnpq.br\/8287627098176443\" target=\"_blank\" rel=\"noopener\"><span style=\"font-family: verdana, geneva, sans-serif;font-size: 12pt\">Braz de Jesus Cardoso Filho<\/span><\/a><\/p>\n<p><span style=\"font-family: verdana, geneva, sans-serif;font-size: 12pt\">Professor Titular - DEE\/EE<\/span><\/p>\n<p><span style=\"font-family: verdana, geneva, sans-serif;font-size: 12pt\"><strong>Membros:<br \/>\n<\/strong><\/span><\/p>\n<p><a href=\"http:\/\/lattes.cnpq.br\/4210267525757229\" target=\"_blank\" rel=\"noopener\"><span style=\"font-family: verdana, geneva, sans-serif;font-size: 12pt\">Felipe Coura e Cruz<\/span><\/a><\/p>\n<p><span style=\"font-family: verdana, geneva, sans-serif;font-size: 12pt\">Engenheiro Eletricista - DGA\/PRA<\/span><\/p>\n<p><a href=\"http:\/\/lattes.cnpq.br\/2039019722376252\" target=\"_blank\" rel=\"noopener\"><span style=\"font-family: verdana, geneva, sans-serif;font-size: 12pt\">Jomara Gon\u00e7alves Nogueira<\/span><\/a><\/p>\n<p><span style=\"font-family: verdana, geneva, sans-serif;font-size: 12pt\">T\u00e9cnica em Meio Ambiente - DGA\/PRA<\/span><\/p>\n<p><a href=\"http:\/\/lattes.cnpq.br\/3301350205093398\" target=\"_blank\" rel=\"noopener\"><span style=\"font-family: verdana, geneva, sans-serif;font-size: 12pt\">Raphael Tobias de Vasconcelos Barros<\/span><\/a><\/p>\n<p><span style=\"font-family: verdana, geneva, sans-serif;font-size: 12pt\">Professor Associado - DESA\/EE<\/span><\/p>\n<p><a href=\"http:\/\/lattes.cnpq.br\/8637504941507702\" target=\"_blank\" rel=\"noopener\"><span style=\"font-family: verdana, geneva, sans-serif;font-size: 12pt\">Thales Alexandre Carvalho Maia<\/span><\/a><\/p>\n<p><span style=\"font-family: verdana, geneva, sans-serif;font-size: 12pt\">Professor Adjunto - DEE\/EE<\/span><\/p>\n<p><a href=\"http:\/\/lattes.cnpq.br\/6850386912493840\" target=\"_blank\" rel=\"noopener\"><span style=\"font-family: verdana, geneva, sans-serif;font-size: 12pt\">T\u00falio Vono Siqueira<\/span><\/a><\/p>\n<p><span style=\"font-family: verdana, geneva, sans-serif;font-size: 12pt\">Diretor do Departamento de Gest\u00e3o Ambiental - DGA\/PRA<\/span><\/p>\n\t\t\t<\/div> <!-- Close content div. -->\n\t\t<\/div> <!-- Close collapse div. -->\n\t<\/div> <!-- Close card div. -->\n\t<\/div>\n<\/div>\n<\/span><\/p>\n<p>&nbsp;<\/p>\n","protected":false},"excerpt":{"rendered":"<p>A Comiss\u00e3o Permanente de Gest\u00e3o Energ\u00e9tica, H\u00eddrica e Ambiental (CPGEHA) da UFMG foi institu\u00edda por meio da Portaria n\u00ba 134, de 14 de maio de 2019, assinada pela Reitora da UFMG, Professora Sandra Regina Goulart Almeida. Possui car\u00e1ter consultivo e de assessoramento da Administra\u00e7\u00e3o Superior e atualmente \u00e9 composta por seis integrantes, dentre eles docentes [&hellip;]<\/p>\n","protected":false},"author":1,"featured_media":0,"parent":54,"menu_order":0,"comment_status":"closed","ping_status":"closed","template":"","meta":{"_acf_changed":false,"footnotes":""},"class_list":["post-47","page","type-page","status-publish","hentry"],"acf":[],"_links":{"self":[{"href":"https:\/\/www.ufmg.br\/sustentabilidade\/wp-json\/wp\/v2\/pages\/47"}],"collection":[{"href":"https:\/\/www.ufmg.br\/sustentabilidade\/wp-json\/wp\/v2\/pages"}],"about":[{"href":"https:\/\/www.ufmg.br\/sustentabilidade\/wp-json\/wp\/v2\/types\/page"}],"author":[{"embeddable":true,"href":"https:\/\/www.ufmg.br\/sustentabilidade\/wp-json\/wp\/v2\/users\/1"}],"replies":[{"embeddable":true,"href":"https:\/\/www.ufmg.br\/sustentabilidade\/wp-json\/wp\/v2\/comments?post=47"}],"version-history":[{"count":61,"href":"https:\/\/www.ufmg.br\/sustentabilidade\/wp-json\/wp\/v2\/pages\/47\/revisions"}],"predecessor-version":[{"id":938,"href":"https:\/\/www.ufmg.br\/sustentabilidade\/wp-json\/wp\/v2\/pages\/47\/revisions\/938"}],"up":[{"embeddable":true,"href":"https:\/\/www.ufmg.br\/sustentabilidade\/wp-json\/wp\/v2\/pages\/54"}],"wp:attachment":[{"href":"https:\/\/www.ufmg.br\/sustentabilidade\/wp-json\/wp\/v2\/media?parent=47"}],"curies":[{"name":"wp","href":"https:\/\/api.w.org\/{rel}","templated":true}]}}