{"id":224,"date":"2021-05-30T15:13:13","date_gmt":"2021-05-30T18:13:13","guid":{"rendered":"https:\/\/www.ufmg.br\/ufmgjovem\/2021\/?page_id=224"},"modified":"2021-06-01T10:09:43","modified_gmt":"2021-06-01T13:09:43","slug":"o-que-e","status":"publish","type":"page","link":"https:\/\/www.ufmg.br\/ufmgjovem\/2021\/feira-da-educacao-basica\/o-que-e\/","title":{"rendered":"O que \u00e9"},"content":{"rendered":"<p>A Feira da Educa\u00e7\u00e3o B\u00e1sica da UFMG Jovem \u00e9 uma feira de trabalhos e projetos das diversas \u00e1reas do conhecimento<\/p>\n<p><strong>Quem pode participar?<\/strong><\/p>\n<p>Professoras, professores e estudantes da educa\u00e7\u00e3o b\u00e1sica, de escolas p\u00fablicas e privadas, de todo o estado de Minas Gerais.<\/p>\n<p><strong>Categorias:<\/strong><\/p>\n<p>Educa\u00e7\u00e3o Infantil, Ensino Fundamental e Ensino M\u00e9dio (incluindo Ensino T\u00e9cnico, Profissionalizante e Ensino de Jovens e Adultos)<\/p>\n<p>Voc\u00ea n\u00e3o tem trabalho neste ano para participar? Ent\u00e3o participe das outras atividades!<\/p>\n<p style=\"padding-left: 40px;\"><a href=\"https:\/\/www.ufmg.br\/ufmgjovem\/2021\/desafio\/\" target=\"_blank\" rel=\"noopener\">Desafio: <b>Como seria a vida na Terra se&#8230;<\/b><\/a><\/p>\n<p style=\"padding-left: 40px;\"><a href=\"https:\/\/www.ufmg.br\/ufmgjovem\/2021\/conversa-com-cientistas\/\" target=\"_blank\" rel=\"noopener\">Conversa com Cientistas<\/a><\/p>\n<p style=\"padding-left: 40px;\"><a href=\"https:\/\/www.ufmg.br\/ufmgjovem\/2021\/exploraufmg-jovem\/\" target=\"_blank\" rel=\"noopener\">#ExploraUFMG<\/a><\/p>\n","protected":false},"excerpt":{"rendered":"<p>A Feira da Educa\u00e7\u00e3o B\u00e1sica da UFMG Jovem \u00e9 uma [&hellip;]<\/p>\n","protected":false},"author":1,"featured_media":0,"parent":222,"menu_order":1,"comment_status":"closed","ping_status":"closed","template":"","meta":{"spay_email":""},"_links":{"self":[{"href":"https:\/\/www.ufmg.br\/ufmgjovem\/2021\/wp-json\/wp\/v2\/pages\/224"}],"collection":[{"href":"https:\/\/www.ufmg.br\/ufmgjovem\/2021\/wp-json\/wp\/v2\/pages"}],"about":[{"href":"https:\/\/www.ufmg.br\/ufmgjovem\/2021\/wp-json\/wp\/v2\/types\/page"}],"author":[{"embeddable":true,"href":"https:\/\/www.ufmg.br\/ufmgjovem\/2021\/wp-json\/wp\/v2\/users\/1"}],"replies":[{"embeddable":true,"href":"https:\/\/www.ufmg.br\/ufmgjovem\/2021\/wp-json\/wp\/v2\/comments?post=224"}],"version-history":[{"count":8,"href":"https:\/\/www.ufmg.br\/ufmgjovem\/2021\/wp-json\/wp\/v2\/pages\/224\/revisions"}],"predecessor-version":[{"id":344,"href":"https:\/\/www.ufmg.br\/ufmgjovem\/2021\/wp-json\/wp\/v2\/pages\/224\/revisions\/344"}],"up":[{"embeddable":true,"href":"https:\/\/www.ufmg.br\/ufmgjovem\/2021\/wp-json\/wp\/v2\/pages\/222"}],"wp:attachment":[{"href":"https:\/\/www.ufmg.br\/ufmgjovem\/2021\/wp-json\/wp\/v2\/media?parent=224"}],"curies":[{"name":"wp","href":"https:\/\/api.w.org\/{rel}","templated":true}]}}

O que é

<p>A Feira da Educação Básica da UFMG Jovem é uma feira de trabalhos e projetos das diversas áreas do conhecimento</p>
<p><strong>Quem pode participar?</strong></p>
<p>Professoras, professores e estudantes da educação básica, de escolas públicas e privadas, de todo o estado de Minas Gerais.</p>
<p><strong>Categorias:</strong></p>
<p>Educação Infantil, Ensino Fundamental e Ensino Médio (incluindo Ensino Técnico, Profissionalizante e Ensino de Jovens e Adultos)</p>
<p>Você não tem trabalho neste ano para participar? Então participe das outras atividades!</p>
<p style="padding-left: 40px;"><a href="https://www.ufmg.br/ufmgjovem/2021/desafio/" target="_blank" rel="noopener">Desafio: <b>Como seria a vida na Terra se&#8230;</b></a></p>
<p style="padding-left: 40px;"><a href="https://www.ufmg.br/ufmgjovem/2021/conversa-com-cientistas/" target="_blank" rel="noopener">Conversa com Cientistas</a></p>
<p style="padding-left: 40px;"><a href="https://www.ufmg.br/ufmgjovem/2021/exploraufmg-jovem/" target="_blank" rel="noopener">#ExploraUFMG</a></p>

<p>A Feira da Educação Básica da UFMG Jovem é uma [&hellip;]</p>
