{"id":285,"date":"2021-05-31T11:02:27","date_gmt":"2021-05-31T14:02:27","guid":{"rendered":"https:\/\/www.ufmg.br\/ufmgjovem\/2021\/?page_id=285"},"modified":"2021-06-01T10:12:53","modified_gmt":"2021-06-01T13:12:53","slug":"o-que-e","status":"publish","type":"page","link":"https:\/\/www.ufmg.br\/ufmgjovem\/2021\/mostra-educacao-e-saude\/o-que-e\/","title":{"rendered":"O que \u00e9"},"content":{"rendered":"<p>Na 2\u00aa Mostra Educa\u00e7\u00e3o e Sa\u00fade da UFMG ser\u00e3o apresentados trabalhos da \u00e1rea de Ci\u00eancias da Natureza com foco na tem\u00e1tica do evento \u2013 Educa\u00e7\u00e3o e Sa\u00fade.<\/p>\n<p align=\"justify\"><strong>Quem pode participar?<\/strong><\/p>\n<p align=\"justify\">Professores estudantes e egressos dos Programas de Mestrados Profissionais PROMESTRE\/UFMG, PROFBIO\/UFMG e UFJF (Campus Juiz de Fora e Governador Valadares), MPEC\/UFOP e PPGECMaT\/ UFVJM que est\u00e3o em fase de elabora\u00e7\u00e3o ou que j\u00e1 concluiram os recursos educacionais resultantes de suas pesquisas.<\/p>\n<p align=\"justify\"><strong>Categorias:<\/strong><\/p>\n<p align=\"justify\">Educa\u00e7\u00e3o Infantil, Ensino Fundamental e Ensino M\u00e9dio, inclu\u00eddas as modalidades da Educa\u00e7\u00e3o Profissional e Educa\u00e7\u00e3o de Jovens e Adultos das Redes P\u00fablica e Privada de Minas Gerais.<\/p>\n<p>Voc\u00ea n\u00e3o tem trabalho neste ano para participar? Ent\u00e3o participe das outras atividades!<\/p>\n<p><a href=\"https:\/\/www.ufmg.br\/ufmgjovem\/2021\/desafio\/\" target=\"_blank\" rel=\"noopener\">Desafio: Como seria a vida na Terra se\u2026<\/a><\/p>\n<p><a href=\"https:\/\/www.ufmg.br\/ufmgjovem\/2021\/conversa-com-cientistas\/\" target=\"_blank\" rel=\"noopener\">Conversa com Cientistas<\/a><\/p>\n<p><a href=\"https:\/\/www.ufmg.br\/ufmgjovem\/2021\/exploraufmg-jovem\/\" target=\"_blank\" rel=\"noopener\">#ExploraUFMG<\/a><\/p>\n","protected":false},"excerpt":{"rendered":"<p>Na 2\u00aa Mostra Educa\u00e7\u00e3o e Sa\u00fade da UFMG ser\u00e3o apresentados [&hellip;]<\/p>\n","protected":false},"author":1,"featured_media":0,"parent":228,"menu_order":1,"comment_status":"closed","ping_status":"closed","template":"","meta":{"spay_email":""},"_links":{"self":[{"href":"https:\/\/www.ufmg.br\/ufmgjovem\/2021\/wp-json\/wp\/v2\/pages\/285"}],"collection":[{"href":"https:\/\/www.ufmg.br\/ufmgjovem\/2021\/wp-json\/wp\/v2\/pages"}],"about":[{"href":"https:\/\/www.ufmg.br\/ufmgjovem\/2021\/wp-json\/wp\/v2\/types\/page"}],"author":[{"embeddable":true,"href":"https:\/\/www.ufmg.br\/ufmgjovem\/2021\/wp-json\/wp\/v2\/users\/1"}],"replies":[{"embeddable":true,"href":"https:\/\/www.ufmg.br\/ufmgjovem\/2021\/wp-json\/wp\/v2\/comments?post=285"}],"version-history":[{"count":8,"href":"https:\/\/www.ufmg.br\/ufmgjovem\/2021\/wp-json\/wp\/v2\/pages\/285\/revisions"}],"predecessor-version":[{"id":347,"href":"https:\/\/www.ufmg.br\/ufmgjovem\/2021\/wp-json\/wp\/v2\/pages\/285\/revisions\/347"}],"up":[{"embeddable":true,"href":"https:\/\/www.ufmg.br\/ufmgjovem\/2021\/wp-json\/wp\/v2\/pages\/228"}],"wp:attachment":[{"href":"https:\/\/www.ufmg.br\/ufmgjovem\/2021\/wp-json\/wp\/v2\/media?parent=285"}],"curies":[{"name":"wp","href":"https:\/\/api.w.org\/{rel}","templated":true}]}}

O que é

<p>Na 2ª Mostra Educação e Saúde da UFMG serão apresentados trabalhos da área de Ciências da Natureza com foco na temática do evento – Educação e Saúde.</p>
<p align="justify"><strong>Quem pode participar?</strong></p>
<p align="justify">Professores estudantes e egressos dos Programas de Mestrados Profissionais PROMESTRE/UFMG, PROFBIO/UFMG e UFJF (Campus Juiz de Fora e Governador Valadares), MPEC/UFOP e PPGECMaT/ UFVJM que estão em fase de elaboração ou que já concluiram os recursos educacionais resultantes de suas pesquisas.</p>
<p align="justify"><strong>Categorias:</strong></p>
<p align="justify">Educação Infantil, Ensino Fundamental e Ensino Médio, incluídas as modalidades da Educação Profissional e Educação de Jovens e Adultos das Redes Pública e Privada de Minas Gerais.</p>
<p>Você não tem trabalho neste ano para participar? Então participe das outras atividades!</p>
<p><a href="https://www.ufmg.br/ufmgjovem/2021/desafio/" target="_blank" rel="noopener">Desafio: Como seria a vida na Terra se…</a></p>
<p><a href="https://www.ufmg.br/ufmgjovem/2021/conversa-com-cientistas/" target="_blank" rel="noopener">Conversa com Cientistas</a></p>
<p><a href="https://www.ufmg.br/ufmgjovem/2021/exploraufmg-jovem/" target="_blank" rel="noopener">#ExploraUFMG</a></p>

<p>Na 2ª Mostra Educação e Saúde da UFMG serão apresentados [&hellip;]</p>
