{"id":1434,"date":"2022-09-21T13:18:35","date_gmt":"2022-09-21T16:18:35","guid":{"rendered":"https:\/\/www.ufmg.br\/ufmgjovem\/?post_type=aiovg_videos&#038;p=1434"},"modified":"2022-09-21T13:18:44","modified_gmt":"2022-09-21T16:18:44","slug":"iniciacao-cientifica-no-colegio-militar-analise-microbiologica-de-superficies","status":"publish","type":"aiovg_videos","link":"https:\/\/www.ufmg.br\/ufmgjovem\/aiovg_videos\/iniciacao-cientifica-no-colegio-militar-analise-microbiologica-de-superficies\/","title":{"rendered":"Inicia\u00e7\u00e3o Cient\u00edfica No Col\u00e9gio Militar: An\u00e1lise Microbiol\u00f3gica De Superf\u00edcies"},"content":{"rendered":"","protected":false},"excerpt":{"rendered":"<p>Col\u00e9gio Militar de Belo Horizonte<br \/>\nBelo\u00a0Horizonte<\/p>\n","protected":false},"author":2,"comment_status":"closed","ping_status":"closed","template":"","aiovg_categories":[9],"aiovg_tags":[19],"acf":[],"_links":{"self":[{"href":"https:\/\/www.ufmg.br\/ufmgjovem\/wp-json\/wp\/v2\/aiovg_videos\/1434"}],"collection":[{"href":"https:\/\/www.ufmg.br\/ufmgjovem\/wp-json\/wp\/v2\/aiovg_videos"}],"about":[{"href":"https:\/\/www.ufmg.br\/ufmgjovem\/wp-json\/wp\/v2\/types\/aiovg_videos"}],"author":[{"embeddable":true,"href":"https:\/\/www.ufmg.br\/ufmgjovem\/wp-json\/wp\/v2\/users\/2"}],"replies":[{"embeddable":true,"href":"https:\/\/www.ufmg.br\/ufmgjovem\/wp-json\/wp\/v2\/comments?post=1434"}],"wp:attachment":[{"href":"https:\/\/www.ufmg.br\/ufmgjovem\/wp-json\/wp\/v2\/media?parent=1434"}],"wp:term":[{"taxonomy":"aiovg_categories","embeddable":true,"href":"https:\/\/www.ufmg.br\/ufmgjovem\/wp-json\/wp\/v2\/aiovg_categories?post=1434"},{"taxonomy":"aiovg_tags","embeddable":true,"href":"https:\/\/www.ufmg.br\/ufmgjovem\/wp-json\/wp\/v2\/aiovg_tags?post=1434"}],"curies":[{"name":"wp","href":"https:\/\/api.w.org\/{rel}","templated":true}]}}

Iniciação Científica No Colégio Militar: Análise Microbiológica De Superfícies

<p>Colégio Militar de Belo Horizonte<br />
Belo Horizonte</p>
