{"id":2635,"date":"2025-10-10T17:11:30","date_gmt":"2025-10-10T20:11:30","guid":{"rendered":"https:\/\/www.ufmg.br\/ufmgjovem\/?page_id=2635"},"modified":"2025-10-10T17:11:00","modified_gmt":"2025-10-10T20:11:00","slug":"trabalhos-premiados","status":"publish","type":"page","link":"https:\/\/www.ufmg.br\/ufmgjovem\/feira-da-educacao-basica\/trabalhos-premiados\/","title":{"rendered":"Trabalhos Premiados"},"content":{"rendered":"<h2>Men\u00e7\u00f5es Honrosas<\/h2>\n<h3>Docente destaque &#8211; dia 09\/10<\/h3>\n<p>Profa. Jana\u00edna Siqueira Vieira<\/p>\n<p>Escola Municipal Vicente Est\u00eav\u00e3o dos Santos<\/p>\n<h3>Escola destaque &#8211; dia 09\/10<\/h3>\n<p>IFSULDEMINAS &#8211; Campus Tr\u00eas Cora\u00e7\u00f5es<\/p>\n<p>Profa. Emanuela Francisca Ferreira Silva<\/p>\n<h3>Docente destaque &#8211; dia 10\/10<\/h3>\n<p>Prof. Eduardo Teixeira<\/p>\n<p>Col\u00e9gio Unifemm (Funda\u00e7\u00e3o Educacional Monsenhor Messias)<\/p>\n<h3>Escola destaque &#8211; dia 10\/10<\/h3>\n<p>Col\u00e9gio Bom Come\u00e7o &amp; Leme\u00a0 &#8211; Curvelo &#8211; MG<\/p>\n<p>Profs Luiz Filipe Vaz do Carmo e Leandro Pires<\/p>\n<h2>Ensino Infantil<\/h2>\n<p><strong>\u201cNO MEU QUINTAL CABE O MUNDO\u201d &#8211; HIST\u00d3RIAS, RA\u00cdZES E SORRISOS \u201cUnindo Identidades: crian\u00e7as, fam\u00edlias, escola e territ\u00f3rio em uma narrativa afetiva<\/strong><\/p>\n<p><span class=\"a_GcMg font-feature-liga-off font-feature-clig-off font-feature-calt-off text-decoration-none text-strikethrough-none\">Escola Municipal Rubem Costa Lima &#8211; Nova Lima<\/span><\/p>\n<p><strong>CANTANDO, BRINCANDO E APRENDENDO \u201cA M\u00fasica guiando o saber na primeira Inf\u00e2ncia\u201d<\/strong><\/p>\n<p>Escola Municipal Rubem Costa Lima &#8211; Nova Lima<\/p>\n<p><strong>Pequenos Cientistas: Oficinas de ci\u00eancias na Educa\u00e7\u00e3o Infantil<\/strong><\/p>\n<p><span class=\"a_GcMg font-feature-liga-off font-feature-clig-off font-feature-calt-off text-decoration-none text-strikethrough-none\">CEMEI Professora Juverci de Freitas Ferreira &#8211; Contagem<\/span><\/p>\n<p><strong>Borboletas de Todas as Cores: Aprendendo Sobre Inclus\u00e3o e Diversidade<\/strong><\/p>\n<p>Col\u00e9gio Villa Real &#8211; Sabar\u00e1<\/p>\n<h2>Ensino Fundamental<\/h2>\n<h3>1\u00ba lugar<\/h3>\n<p>Eu digital: tecnologias e identidade<br \/>\nEscola Municipal George Chalmers<br \/>\nCidade: Nova Lima<br \/>\nProfessor: Ot\u00e1vio Neves<\/p>\n<h3>2\u00ba lugar<\/h3>\n<p>Projeto TAMPART e a cria\u00e7\u00e3o do mascote da Campanha de Coleta Seletiva<br \/>\nEscola Estadual Padre Afonso de Lemos<br \/>\nCidade: Ouro Preto<br \/>\nProfessora Gabriela Pacheco<\/p>\n<h3>3\u00ba lugar<\/h3>\n<p>Condensador de \u00e1gua controlado por Arduino<br \/>\nCol\u00e9gio Unifemm (Funda\u00e7\u00e3o Educacional Monsenhor Messias)<br \/>\nCidade: Sete Lagoas<br \/>\nProfessor Eduardo Teixeira<\/p>\n<h3>4\u00ba lugar<\/h3>\n<p>Contando com as abelhas: hist\u00f3rias sobre poliniza\u00e7\u00e3o e biodiversidade<br \/>\nCol\u00e9gio Santa Maria Minas &#8211; Unidade Floresta<br \/>\nCidade: Belo Horizonte<br \/>\nProfessor Lucas Gon\u00e7alves<\/p>\n<h2>Ensino M\u00e9dio<\/h2>\n<h3>1\u00ba lugar<\/h3>\n<p>Clima e cor: ra\u00edzes do racismo ambiental<br \/>\nCol\u00e9gio Santa Maria Minas &#8211; Unidade Betim<br \/>\nCidade: Betim<br \/>\nProfessora Graciele Batista Gonzaga<\/p>\n<h3>2\u00ba lugar<\/h3>\n<p>\u00c9 s\u00f3 o sapo que mora na lagoa? Monitoramento participativo da fauna da Lagoa da Pampulha, Belo Horizonte\/MG<br \/>\nCol\u00e9gio Santa Maria Minas &#8211; Unidade Pampulha<br \/>\nCidade: Belo Horizonte<br \/>\nProfessor Henrique Bethonico de Jesus<\/p>\n<h3>3\u00ba lugar<\/h3>\n<p>LEDuca\u00e7\u00e3o: dando luz as futuras gera\u00e7\u00f5es<br \/>\nCol\u00e9gio Villa Real<br \/>\nCidade: Sabar\u00e1<br \/>\nProfessor GABRIEL ARTHUR DA SILVA DUARTE<\/p>\n<h3>4\u00ba lugar<\/h3>\n<p>Re.CRIAR: O uso das redes sociais na reconstru\u00e7\u00e3o sustent\u00e1vel da moda liderada por jovens<br \/>\nCol\u00e9gio Santa Maria Minas &#8211; Unidade Betim<br \/>\nCidade: Betim<br \/>\nProfessora Graciele Batista Gonzaga<\/p>\n<p>&nbsp;<\/p>\n<h3><\/h3>\n","protected":false},"excerpt":{"rendered":"<p>Men\u00e7\u00f5es Honrosas Docente destaque &#8211; dia 09\/10 Profa. Jana\u00edna Siqueira [&hellip;]<\/p>\n","protected":false},"author":2,"featured_media":0,"parent":222,"menu_order":0,"comment_status":"closed","ping_status":"closed","template":"","meta":{"_acf_changed":false,"spay_email":"","footnotes":""},"acf":[],"_links":{"self":[{"href":"https:\/\/www.ufmg.br\/ufmgjovem\/wp-json\/wp\/v2\/pages\/2635"}],"collection":[{"href":"https:\/\/www.ufmg.br\/ufmgjovem\/wp-json\/wp\/v2\/pages"}],"about":[{"href":"https:\/\/www.ufmg.br\/ufmgjovem\/wp-json\/wp\/v2\/types\/page"}],"author":[{"embeddable":true,"href":"https:\/\/www.ufmg.br\/ufmgjovem\/wp-json\/wp\/v2\/users\/2"}],"replies":[{"embeddable":true,"href":"https:\/\/www.ufmg.br\/ufmgjovem\/wp-json\/wp\/v2\/comments?post=2635"}],"version-history":[{"count":2,"href":"https:\/\/www.ufmg.br\/ufmgjovem\/wp-json\/wp\/v2\/pages\/2635\/revisions"}],"predecessor-version":[{"id":2638,"href":"https:\/\/www.ufmg.br\/ufmgjovem\/wp-json\/wp\/v2\/pages\/2635\/revisions\/2638"}],"up":[{"embeddable":true,"href":"https:\/\/www.ufmg.br\/ufmgjovem\/wp-json\/wp\/v2\/pages\/222"}],"wp:attachment":[{"href":"https:\/\/www.ufmg.br\/ufmgjovem\/wp-json\/wp\/v2\/media?parent=2635"}],"curies":[{"name":"wp","href":"https:\/\/api.w.org\/{rel}","templated":true}]}}