{"id":1182,"date":"2022-03-17T15:10:31","date_gmt":"2022-03-17T18:10:31","guid":{"rendered":"https:\/\/www.ufmg.br\/viverufmg\/?page_id=1182"},"modified":"2025-07-24T09:58:04","modified_gmt":"2025-07-24T12:58:04","slug":"mensagem-de-boas-vindas","status":"publish","type":"page","link":"https:\/\/www.ufmg.br\/viverufmg\/mensagem-de-boas-vindas\/","title":{"rendered":"Mensagem de boas-vindas"},"content":{"rendered":"\n<p>Caro (a) estudante,<\/p>\n\n\n\n<p>Seja bem-vindo (a) \u00e0 Universidade Federal de Minas Gerais, a sua UFMG!<\/p>\n\n\n\n<p>Ingressar em uma universidade representa o in\u00edcio de uma vida nova, a entrada em um universo de m\u00faltiplas possibilidades. E a UFMG tem um lema, em latim, que traduz esse esp\u00edrito: <em>Incipit vita nova<\/em>, uma vida nova principia.<\/p>\n\n\n\n<p>Foi essa m\u00e1xima que inspirou os fundadores da Universidade, em 1927, e continuou inspirando as gera\u00e7\u00f5es seguintes. A cada per\u00edodo letivo, a chegada de estudantes como voc\u00ea traz frescor e esperan\u00e7a para o ambiente acad\u00eamico, mantendo um c\u00edrculo virtuoso que \u00e9 a base de nossa exist\u00eancia.<\/p>\n\n\n\n<p>A UFMG vive a contagem regressiva de seu primeiro centen\u00e1rio, que ser\u00e1 comemorado em setembro de 2027. Nossa universidade \u00e9, ao mesmo tempo, \u201cuma senhora\u201d \u2013 para os padr\u00f5es do Brasil, onde o sistema universit\u00e1rio foi institu\u00eddo tardiamente \u2013, e \u201cuma adolescente\u201d \u2013 para os padr\u00f5es europeus, com suas universidades seculares.<\/p>\n\n\n\n<p>Madura ou jovem, a depender do ponto de vista, o que n\u00e3o se discute \u00e9 sua forte presen\u00e7a na vida das nossas cidades (sobretudo em Belo Horizonte, Montes Claros, Pedro Leopoldo, Diamantina e Tiradentes), do nosso estado e do nosso pa\u00eds. \u00c9 uma universidade p\u00fablica de qualidade, plural, diversa e inclusiva, que nos enche de orgulho \u2013 e temos certeza de que voc\u00ea tamb\u00e9m sentir\u00e1 orgulho dela.<\/p>\n\n\n\n<p>Os pr\u00f3ximos quatro, cinco anos de sua vida ser\u00e3o vividos em nossos <em>campi<\/em>, salas de aula, laborat\u00f3rios e outros espa\u00e7os de conviv\u00eancia. Aqui, voc\u00ea ter\u00e1 a oportunidade de viver a experi\u00eancia de uma travessia importante para sua forma\u00e7\u00e3o como pessoa e profissional. Como lembrou o escritor Guimar\u00e3es Rosa, um dos alunos mais ilustres da UFMG, \u201co real n\u00e3o est\u00e1 na sa\u00edda nem na chegada: ele se disp\u00f5e para a gente \u00e9 no meio da travessia\u201d. E \u00e9 essa travessia que ditar\u00e1 os rumos de sua forma\u00e7\u00e3o. Uma das melhores universidades do Brasil, reconhecida em avalia\u00e7\u00f5es nacionais e internacionais, a UFMG, al\u00e9m de oferecer uma educa\u00e7\u00e3o de qualidade, promove uma relevante forma\u00e7\u00e3o cidad\u00e3, marcada pela intera\u00e7\u00e3o com a sociedade, outros saberes e concep\u00e7\u00f5es de mundo, e oferece um ambiente diverso, acolhedor e instigante.<\/p>\n\n\n\n<p>Nesta institui\u00e7\u00e3o, que come\u00e7a a fazer parte de sua vida, voc\u00ea passar\u00e1 os melhores anos da sua jornada. E, independentemente dos rumos que sua vida possa tomar, temos certeza de que voc\u00ea levar\u00e1 a UFMG consigo para onde for, cumprindo uma esp\u00e9cie de profecia feita pelo historiador Jos\u00e9 Murilo de Carvalho, outro filho ilustre: \u201cDa UFMG, a gente n\u00e3o sai, nem nunca quer sair\u201d.<\/p>\n\n\n\n<p>Uma vez UFMG, sempre UFMG! A partir de hoje, voc\u00ea \u00e9 e ser\u00e1 sempre UFMG!<\/p>\n\n\n\n<p><\/p>\n\n\n\n<p>Sandra Regina Goulart Almeida (Reitora)&nbsp;<\/p>\n\n\n\n<p>Alessandro Fernandes Moreira (Vice-reitor)<\/p>\n","protected":false},"excerpt":{"rendered":"<p>Caro (a) estudante, Seja bem-vindo (a) \u00e0 Universidade Federal de [&hellip;]<\/p>\n","protected":false},"author":1,"featured_media":0,"parent":0,"menu_order":0,"comment_status":"closed","ping_status":"closed","template":"","meta":[],"_links":{"self":[{"href":"https:\/\/www.ufmg.br\/viverufmg\/wp-json\/wp\/v2\/pages\/1182"}],"collection":[{"href":"https:\/\/www.ufmg.br\/viverufmg\/wp-json\/wp\/v2\/pages"}],"about":[{"href":"https:\/\/www.ufmg.br\/viverufmg\/wp-json\/wp\/v2\/types\/page"}],"author":[{"embeddable":true,"href":"https:\/\/www.ufmg.br\/viverufmg\/wp-json\/wp\/v2\/users\/1"}],"replies":[{"embeddable":true,"href":"https:\/\/www.ufmg.br\/viverufmg\/wp-json\/wp\/v2\/comments?post=1182"}],"version-history":[{"count":12,"href":"https:\/\/www.ufmg.br\/viverufmg\/wp-json\/wp\/v2\/pages\/1182\/revisions"}],"predecessor-version":[{"id":2286,"href":"https:\/\/www.ufmg.br\/viverufmg\/wp-json\/wp\/v2\/pages\/1182\/revisions\/2286"}],"wp:attachment":[{"href":"https:\/\/www.ufmg.br\/viverufmg\/wp-json\/wp\/v2\/media?parent=1182"}],"curies":[{"name":"wp","href":"https:\/\/api.w.org\/{rel}","templated":true}]}}

<p>Caro (a) estudante,</p>



<p>Seja bem-vindo (a) à Universidade Federal de Minas Gerais, a sua UFMG!</p>



<p>Ingressar em uma universidade representa o início de uma vida nova, a entrada em um universo de múltiplas possibilidades. E a UFMG tem um lema, em latim, que traduz esse espírito: <em>Incipit vita nova</em>, uma vida nova principia.</p>



<p>Foi essa máxima que inspirou os fundadores da Universidade, em 1927, e continuou inspirando as gerações seguintes. A cada período letivo, a chegada de estudantes como você traz frescor e esperança para o ambiente acadêmico, mantendo um círculo virtuoso que é a base de nossa existência.</p>



<p>A UFMG vive a contagem regressiva de seu primeiro centenário, que será comemorado em setembro de 2027. Nossa universidade é, ao mesmo tempo, “uma senhora” – para os padrões do Brasil, onde o sistema universitário foi instituído tardiamente –, e “uma adolescente” – para os padrões europeus, com suas universidades seculares.</p>



<p>Madura ou jovem, a depender do ponto de vista, o que não se discute é sua forte presença na vida das nossas cidades (sobretudo em Belo Horizonte, Montes Claros, Pedro Leopoldo, Diamantina e Tiradentes), do nosso estado e do nosso país. É uma universidade pública de qualidade, plural, diversa e inclusiva, que nos enche de orgulho – e temos certeza de que você também sentirá orgulho dela.</p>



<p>Os próximos quatro, cinco anos de sua vida serão vividos em nossos <em>campi</em>, salas de aula, laboratórios e outros espaços de convivência. Aqui, você terá a oportunidade de viver a experiência de uma travessia importante para sua formação como pessoa e profissional. Como lembrou o escritor Guimarães Rosa, um dos alunos mais ilustres da UFMG, “o real não está na saída nem na chegada: ele se dispõe para a gente é no meio da travessia”. E é essa travessia que ditará os rumos de sua formação. Uma das melhores universidades do Brasil, reconhecida em avaliações nacionais e internacionais, a UFMG, além de oferecer uma educação de qualidade, promove uma relevante formação cidadã, marcada pela interação com a sociedade, outros saberes e concepções de mundo, e oferece um ambiente diverso, acolhedor e instigante.</p>



<p>Nesta instituição, que começa a fazer parte de sua vida, você passará os melhores anos da sua jornada. E, independentemente dos rumos que sua vida possa tomar, temos certeza de que você levará a UFMG consigo para onde for, cumprindo uma espécie de profecia feita pelo historiador José Murilo de Carvalho, outro filho ilustre: “Da UFMG, a gente não sai, nem nunca quer sair”.</p>



<p>Uma vez UFMG, sempre UFMG! A partir de hoje, você é e será sempre UFMG!</p>



<p></p>



<p>Sandra Regina Goulart Almeida (Reitora)&nbsp;</p>



<p>Alessandro Fernandes Moreira (Vice-reitor)</p>

<p>Caro (a) estudante, Seja bem-vindo (a) à Universidade Federal de [&hellip;]</p>
