{"id":238,"date":"2021-09-01T12:52:10","date_gmt":"2021-09-01T15:52:10","guid":{"rendered":"https:\/\/www.ufmg.br\/viverufmg\/?page_id=238"},"modified":"2023-03-16T14:58:10","modified_gmt":"2023-03-16T17:58:10","slug":"acessos-aos-sistemas","status":"publish","type":"page","link":"https:\/\/www.ufmg.br\/viverufmg\/primeiros-passos\/acessos-aos-sistemas\/","title":{"rendered":"Acessos aos sistemas UFMG"},"content":{"rendered":"<div id=\"sp-ea-661\" class=\"sp-ea-one sp-easy-accordion\" data-ex-icon=\"fa-minus\" data-col-icon=\"fa-plus\"  data-ea-active=\"ea-click\"  data-ea-mode=\"vertical\" data-preloader=\"\"><div class=\"ea-card  sp-ea-single\"><h3 class=\"ea-header\"><a class=\"collapsed\" data-sptoggle=\"spcollapse\" data-sptarget=\"#collapse6610\" href=\"javascript:void(0)\" aria-expanded=\"false\"><i class=\"ea-expand-icon fa fa-plus\"><\/i> NIPs e minhaUFMG<\/a><\/h3><div class=\"sp-collapse spcollapse spcollapse\" id=\"collapse6610\" data-parent=\"#sp-ea-661\"><div class=\"ea-body\"> <p>Ap\u00f3s realizar o seu\u00a0<strong><u><a href=\"https:\/\/www.ufmg.br\/sisu\/registro-e-matricula\/\" target=\"_blank\" rel=\"noopener\">registro acad\u00eamico<\/a><\/u><\/strong>, que \u00e9 o primeiro ato obrigat\u00f3rio para ocupar a vaga obtida na sele\u00e7\u00e3o, voc\u00ea precisar\u00e1 obter a sua identidade digital UFMG. Por meio da\u00a0<strong><u><a href=\"https:\/\/sistemas.ufmg.br\/nips\/home.seam\" target=\"_blank\" rel=\"noopener\">Folha de N\u00fameros de Identifica\u00e7\u00e3o Pessoal<\/a><\/u><\/strong> (NIPs), voc\u00ea far\u00e1 o seu primeiro cadastro no <strong><u><a href=\"https:\/\/sistemas.ufmg.br\/\" target=\"_blank\" rel=\"noopener\">minhaUFMG<\/a><\/u><\/strong>.<\/p>\n<p><strong><u><a href=\"https:\/\/www.ufmg.br\/dti\/blog\/calouros-grad\/\" target=\"_blank\" rel=\"noopener\">Acesse aqui<\/a><\/u><\/strong> as instru\u00e7\u00f5es para o cadastramento de novos estudantes no <strong><u><a href=\"http:\/\/minha.ufmg.br\/\" target=\"_blank\" rel=\"noopener\">minhaUFMG.<\/a><\/u><\/strong><\/p>\n<p>O <strong><u><a href=\"https:\/\/sistemas.ufmg.br\/\" target=\"_blank\" rel=\"noopener\">minhaUFMG<\/a><\/u><\/strong>\u00a0\u00e9 um sistema que integra professores, alunos e funcion\u00e1rios num mesmo ambiente virtual. Cada estudante possui uma conta individual que lhe permitir\u00e1 o acesso a v\u00e1rias aplica\u00e7\u00f5es e sistemas de forma integrada, como e-mail @ufmg, UFMG Virtual - Moodle (usada como apoio on-line \u00e0s atividades acad\u00eamicas), di\u00e1rio de classe, not\u00edcias, entre outros.<\/p>\n<p>Caso tenha problemas com a folha NIPs ou o acesso ao <a href=\"https:\/\/sistemas.ufmg.br\/\">minhaUFMG<\/a>, entre em contato com a <strong><u><a href=\"https:\/\/www.ufmg.br\/dti\/\" target=\"_blank\" rel=\"noopener\">Diretoria de Tecnologia da Informa\u00e7\u00e3o<\/a><\/u><\/strong>\u00a0(DTI) pelo e-mail <a href=\"mailto:suporte@dti.ufmg.br\">suporte@dti.ufmg.br<\/a>.<\/p>\n <\/div><\/div><\/div><div class=\"ea-card  sp-ea-single\"><h3 class=\"ea-header\"><a class=\"collapsed\" data-sptoggle=\"spcollapse\" data-sptarget=\"#collapse6611\" href=\"javascript:void(0)\" aria-expanded=\"false\"><i class=\"ea-expand-icon fa fa-plus\"><\/i> Siga UFMG<\/a><\/h3><div class=\"sp-collapse spcollapse spcollapse\" id=\"collapse6611\" data-parent=\"#sp-ea-661\"><div class=\"ea-body\"> <p>O Sistema Integrado de Gest\u00e3o Acad\u00eamica (Siga) re\u00fane informa\u00e7\u00f5es pessoais diversas relacionadas \u00e0 vida acad\u00eamica do estudante, como suas matr\u00edculas e sua integraliza\u00e7\u00e3o curricular. Assista ao v\u00eddeo abaixo e conhe\u00e7a um pouco mais sobre o Siga:<\/p>\n<div class=\"embedpress-gutenberg-wrapper \">\n<div class=\"wp-block-embed__wrapper\">\n<div class=\"ose-youtube ose-uid-c03ab8c7f8d6ee3daf194a002fa5181a ose-embedpress-responsive\"><iframe title=\"#perguntepraUFMG: O que \u00e9 o Siga UFMG?\" src=\"https:\/\/www.youtube.com\/embed\/JpBGj59NPqs?feature=oembed&controls=1&fs=1&iv_load_policy=1\" width=\"600\" height=\"450\" frameborder=\"0\" allowfullscreen=\"allowfullscreen\" data-mce-fragment=\"1\"><\/iframe><\/div>\n<\/div>\n<\/div>\n<p>Com o seu perfil <a href=\"https:\/\/sistemas.ufmg.br\/\" target=\"_blank\" rel=\"noopener\"><strong>minhaUFMG<\/strong><\/a>, n\u00e3o deixe de explorar o Siga. De f\u00e1cil utiliza\u00e7\u00e3o, ele possibilita mais flexibilidade no planejamento e gerenciamento do seu curso, favorecendo, assim, a condu\u00e7\u00e3o da sua vida acad\u00eamica e organizando as diversas informa\u00e7\u00f5es relacionadas \u00e0 sua trajet\u00f3ria acad\u00eamica na UFMG.<\/p>\n<p>Para quem preferir, existe tamb\u00e9m o aplicativo SigaUFMG, dispon\u00edvel nos sistemas operacionais <a href=\"https:\/\/play.google.com\/store\/apps\/details?id=br.ufmg.ddp.cecom.academico.sigaufmg\" target=\"_blank\" rel=\"noopener\"><strong>Android<\/strong><\/a>\u00a0e\u00a0<u><a href=\"https:\/\/apps.apple.com\/br\/app\/siga-ufmg\/id1456022680\" target=\"_blank\" rel=\"noopener\"><strong>IOS<\/strong><\/a><\/u>.\u00a0O v\u00eddeo abaixo apresenta algumas possibilidades deste aplicativo. Para mais informa\u00e7\u00f5es, acesse o <u><a href=\"https:\/\/www.ufmg.br\/dti\/wp-content\/uploads\/2016\/08\/Manual_Aplicativo_Siga_UFMG.pdf\" target=\"_blank\" rel=\"noopener\"><strong>Manual de Funcionalidades do Aplicativo Siga UFMG<\/strong><\/a><\/u>:<\/p>\n<p>\u00a0<\/p>\n<div class=\"ose-youtube wp-block-embed-youtube aligncenter\"><iframe src=\"https:\/\/www.youtube.com\/embed\/g8979vI6M-s?controls=1&fs=1&iv_load_policy=1\" width=\"640\" height=\"360\" frameborder=\"0\" allowfullscreen=\"allowfullscreen\" data-mce-fragment=\"1\"><\/iframe><\/div>\n <\/div><\/div><\/div><div class=\"ea-card  sp-ea-single\"><h3 class=\"ea-header\"><a class=\"collapsed\" data-sptoggle=\"spcollapse\" data-sptarget=\"#collapse6612\" href=\"javascript:void(0)\" aria-expanded=\"false\"><i class=\"ea-expand-icon fa fa-plus\"><\/i> UFMG Virtual \u2013 Moodle<\/a><\/h3><div class=\"sp-collapse spcollapse spcollapse\" id=\"collapse6612\" data-parent=\"#sp-ea-661\"><div class=\"ea-body\"> <p>O UFMG Virtual \u2013\u00a0<strong><a href=\"https:\/\/www.ufmg.br\/dti\/pagina-inicial\/servicos\/#moodleaplicativoparadispositivosmoveis\" target=\"_blank\" rel=\"noopener\">Moodle<\/a> <\/strong>\u00e9 um ambiente de aprendizagem, por meio do qual voc\u00ea ter\u00e1 acesso \u00e0s suas disciplinas. O seu login no portal <a href=\"https:\/\/sistemas.ufmg.br\" target=\"_blank\" rel=\"noopener\"><strong>minhaUFMG<\/strong><\/a> lhe d\u00e1 acesso ao <a href=\"https:\/\/www.ufmg.br\/dti\/pagina-inicial\/servicos\/#moodleaplicativoparadispositivosmoveis\" target=\"_blank\" rel=\"noopener\"><strong>Moodle<\/strong><\/a>.<\/p>\n<p>No <a href=\"https:\/\/www.ufmg.br\/dti\/pagina-inicial\/servicos\/#moodleaplicativoparadispositivosmoveis\" target=\"_blank\" rel=\"noopener\"><strong>Moodle<\/strong><\/a>, voc\u00ea poder\u00e1 acessar suas turmas, fazer download do conte\u00fado do curso, receber notifica\u00e7\u00f5es instant\u00e2neas de mensagens, fazer upload de imagens, \u00e1udio, v\u00eddeos e outros arquivos.<\/p>\n<p>Entenda o procedimento para postar um trabalho no <a href=\"https:\/\/www.ufmg.br\/dti\/pagina-inicial\/servicos\/#moodleaplicativoparadispositivosmoveis\" target=\"_blank\" rel=\"noopener\"><strong>Moodle<\/strong><\/a> no seguinte tutorial feito pela\u00a0<u><a href=\"https:\/\/www.ufmg.br\/giz\/\" target=\"_blank\" rel=\"noopener\"><strong>Diretoria de Inova\u00e7\u00e3o e Metodologias de Ensino<\/strong><\/a><\/u>\u00a0(GIZ):<\/p>\n<div class=\"embedpress-gutenberg-wrapper \">\n<div class=\"wp-block-embed__wrapper\">\n<div class=\"ose-youtube ose-uid-327f10cacbb2c95df04f9f360c2f1764 ose-embedpress-responsive\"><iframe title=\"Tutorial \" src=\"https:\/\/www.youtube.com\/embed\/gZI42d0rrfk?feature=oembed&controls=1&fs=1&iv_load_policy=1\" width=\"600\" height=\"450\" frameborder=\"0\" allowfullscreen=\"allowfullscreen\" data-mce-fragment=\"1\"><\/iframe><\/div>\n<\/div>\n<\/div>\n <\/div><\/div><\/div><\/div>\n\n\n\n<figure class=\"wp-block-image size-full is-resized\"><img loading=\"lazy\" src=\"https:\/\/www.ufmg.br\/viverufmg\/wp-content\/uploads\/2023\/03\/AcessoSistemas.png\" alt=\"\" class=\"wp-image-1586\" width=\"134\" height=\"204\" srcset=\"https:\/\/www.ufmg.br\/viverufmg\/wp-content\/uploads\/2023\/03\/AcessoSistemas.png 644w, https:\/\/www.ufmg.br\/viverufmg\/wp-content\/uploads\/2023\/03\/AcessoSistemas-198x300.png 198w\" sizes=\"(max-width: 134px) 100vw, 134px\" \/><\/figure>\n","protected":false},"excerpt":{"rendered":"","protected":false},"author":1,"featured_media":0,"parent":236,"menu_order":1,"comment_status":"closed","ping_status":"closed","template":"","meta":[],"_links":{"self":[{"href":"https:\/\/www.ufmg.br\/viverufmg\/wp-json\/wp\/v2\/pages\/238"}],"collection":[{"href":"https:\/\/www.ufmg.br\/viverufmg\/wp-json\/wp\/v2\/pages"}],"about":[{"href":"https:\/\/www.ufmg.br\/viverufmg\/wp-json\/wp\/v2\/types\/page"}],"author":[{"embeddable":true,"href":"https:\/\/www.ufmg.br\/viverufmg\/wp-json\/wp\/v2\/users\/1"}],"replies":[{"embeddable":true,"href":"https:\/\/www.ufmg.br\/viverufmg\/wp-json\/wp\/v2\/comments?post=238"}],"version-history":[{"count":21,"href":"https:\/\/www.ufmg.br\/viverufmg\/wp-json\/wp\/v2\/pages\/238\/revisions"}],"predecessor-version":[{"id":1587,"href":"https:\/\/www.ufmg.br\/viverufmg\/wp-json\/wp\/v2\/pages\/238\/revisions\/1587"}],"up":[{"embeddable":true,"href":"https:\/\/www.ufmg.br\/viverufmg\/wp-json\/wp\/v2\/pages\/236"}],"wp:attachment":[{"href":"https:\/\/www.ufmg.br\/viverufmg\/wp-json\/wp\/v2\/media?parent=238"}],"curies":[{"name":"wp","href":"https:\/\/api.w.org\/{rel}","templated":true}]}}