{"id":242,"date":"2021-09-01T12:53:28","date_gmt":"2021-09-01T15:53:28","guid":{"rendered":"https:\/\/www.ufmg.br\/viverufmg\/?page_id=242"},"modified":"2023-07-06T15:15:29","modified_gmt":"2023-07-06T18:15:29","slug":"wifi","status":"publish","type":"page","link":"https:\/\/www.ufmg.br\/viverufmg\/primeiros-passos\/wifi\/","title":{"rendered":"Conex\u00e3o Wi-Fi"},"content":{"rendered":"\n<p>Usando seu notebook, tablet ou smartphone, voc\u00ea poder\u00e1 acessar a rede sem fio da UFMG nas depend\u00eancias da Universidade, gratuitamente. Para acess\u00e1-la, utilize o seu cadastro do <a rel=\"noreferrer noopener\" href=\"https:\/\/sistemas.ufmg.br\" target=\"_blank\">minhaUFMG<\/a>.<\/p>\n\n\n\n<div class=\"wp-block-image\"><figure class=\"aligncenter size-large is-resized\"><img loading=\"lazy\" src=\"https:\/\/www.ufmg.br\/viverufmg\/wp-content\/uploads\/2023\/03\/ConexaoWifi-1024x541.png\" alt=\"\" class=\"wp-image-1507\" width=\"287\" height=\"151\" srcset=\"https:\/\/www.ufmg.br\/viverufmg\/wp-content\/uploads\/2023\/03\/ConexaoWifi-1024x541.png 1024w, https:\/\/www.ufmg.br\/viverufmg\/wp-content\/uploads\/2023\/03\/ConexaoWifi-300x159.png 300w, https:\/\/www.ufmg.br\/viverufmg\/wp-content\/uploads\/2023\/03\/ConexaoWifi-768x406.png 768w, https:\/\/www.ufmg.br\/viverufmg\/wp-content\/uploads\/2023\/03\/ConexaoWifi.png 1400w\" sizes=\"(max-width: 287px) 100vw, 287px\" \/><\/figure><\/div>\n\n\n\n<p>Saiba como configurar e se conectar \u00e0 rede sem fio da UFMG, <a rel=\"noreferrer noopener\" href=\"http:\/\/www.redesemfio.ufmg.br\/como-usar\/\" data-type=\"URL\" data-id=\"http:\/\/www.redesemfio.ufmg.br\/como-usar\/\" target=\"_blank\">clicando aqui<\/a>. <\/p>\n\n\n\n<p>Para utilizar os servi\u00e7os oferecidos, cada usu\u00e1rio dever\u00e1 ler e aceitar um Termo de Uso, onde s\u00e3o expostos os seus direitos e deveres como usu\u00e1rio da rede.<\/p>\n","protected":false},"excerpt":{"rendered":"<p>Usando seu notebook, tablet ou smartphone, voc\u00ea poder\u00e1 acessar a [&hellip;]<\/p>\n","protected":false},"author":1,"featured_media":0,"parent":236,"menu_order":4,"comment_status":"closed","ping_status":"closed","template":"","meta":[],"_links":{"self":[{"href":"https:\/\/www.ufmg.br\/viverufmg\/wp-json\/wp\/v2\/pages\/242"}],"collection":[{"href":"https:\/\/www.ufmg.br\/viverufmg\/wp-json\/wp\/v2\/pages"}],"about":[{"href":"https:\/\/www.ufmg.br\/viverufmg\/wp-json\/wp\/v2\/types\/page"}],"author":[{"embeddable":true,"href":"https:\/\/www.ufmg.br\/viverufmg\/wp-json\/wp\/v2\/users\/1"}],"replies":[{"embeddable":true,"href":"https:\/\/www.ufmg.br\/viverufmg\/wp-json\/wp\/v2\/comments?post=242"}],"version-history":[{"count":15,"href":"https:\/\/www.ufmg.br\/viverufmg\/wp-json\/wp\/v2\/pages\/242\/revisions"}],"predecessor-version":[{"id":1839,"href":"https:\/\/www.ufmg.br\/viverufmg\/wp-json\/wp\/v2\/pages\/242\/revisions\/1839"}],"up":[{"embeddable":true,"href":"https:\/\/www.ufmg.br\/viverufmg\/wp-json\/wp\/v2\/pages\/236"}],"wp:attachment":[{"href":"https:\/\/www.ufmg.br\/viverufmg\/wp-json\/wp\/v2\/media?parent=242"}],"curies":[{"name":"wp","href":"https:\/\/api.w.org\/{rel}","templated":true}]}}

Conexão Wi-Fi

<p>Usando seu notebook, tablet ou smartphone, você poderá acessar a rede sem fio da UFMG nas dependências da Universidade, gratuitamente. Para acessá-la, utilize o seu cadastro do <a rel="noreferrer noopener" href="https://sistemas.ufmg.br" target="_blank">minhaUFMG</a>.</p>



<div class="wp-block-image"><figure class="aligncenter size-large is-resized"><img loading="lazy" src="https://www.ufmg.br/viverufmg/wp-content/uploads/2023/03/ConexaoWifi-1024x541.png" alt="" class="wp-image-1507" width="287" height="151" srcset="https://www.ufmg.br/viverufmg/wp-content/uploads/2023/03/ConexaoWifi-1024x541.png 1024w, https://www.ufmg.br/viverufmg/wp-content/uploads/2023/03/ConexaoWifi-300x159.png 300w, https://www.ufmg.br/viverufmg/wp-content/uploads/2023/03/ConexaoWifi-768x406.png 768w, https://www.ufmg.br/viverufmg/wp-content/uploads/2023/03/ConexaoWifi.png 1400w" sizes="(max-width: 287px) 100vw, 287px" /></figure></div>



<p>Saiba como configurar e se conectar à rede sem fio da UFMG, <a rel="noreferrer noopener" href="http://www.redesemfio.ufmg.br/como-usar/" data-type="URL" data-id="http://www.redesemfio.ufmg.br/como-usar/" target="_blank">clicando aqui</a>. </p>



<p>Para utilizar os serviços oferecidos, cada usuário deverá ler e aceitar um Termo de Uso, onde são expostos os seus direitos e deveres como usuário da rede.</p>

<p>Usando seu notebook, tablet ou smartphone, você poderá acessar a [&hellip;]</p>
