{"id":310,"date":"2021-09-01T13:32:36","date_gmt":"2021-09-01T16:32:36","guid":{"rendered":"https:\/\/www.ufmg.br\/viverufmg\/?page_id=310"},"modified":"2023-03-17T12:12:58","modified_gmt":"2023-03-17T15:12:58","slug":"links-de-interesse","status":"publish","type":"page","link":"https:\/\/www.ufmg.br\/viverufmg\/vida-academica\/links-de-interesse\/","title":{"rendered":"Outros temas de interesse"},"content":{"rendered":"\n<div class=\"wp-block-image\"><figure class=\"alignleft size-large is-resized\"><img loading=\"lazy\" src=\"https:\/\/www.ufmg.br\/viverufmg\/wp-content\/uploads\/2023\/03\/minastauro-1024x681.png\" alt=\"\" class=\"wp-image-1649\" width=\"190\" height=\"126\" srcset=\"https:\/\/www.ufmg.br\/viverufmg\/wp-content\/uploads\/2023\/03\/minastauro-1024x681.png 1024w, https:\/\/www.ufmg.br\/viverufmg\/wp-content\/uploads\/2023\/03\/minastauro-300x199.png 300w, https:\/\/www.ufmg.br\/viverufmg\/wp-content\/uploads\/2023\/03\/minastauro-768x511.png 768w, https:\/\/www.ufmg.br\/viverufmg\/wp-content\/uploads\/2023\/03\/minastauro-1536x1021.png 1536w, https:\/\/www.ufmg.br\/viverufmg\/wp-content\/uploads\/2023\/03\/minastauro-2048x1361.png 2048w\" sizes=\"(max-width: 190px) 100vw, 190px\" \/><\/figure><\/div>\n\n\n<div id=\"sp-ea-719\" class=\"sp-ea-one sp-easy-accordion\" data-ex-icon=\"fa-minus\" data-col-icon=\"fa-plus\"  data-ea-active=\"ea-click\"  data-ea-mode=\"vertical\" data-preloader=\"\"><div class=\"ea-card  sp-ea-single\"><h3 class=\"ea-header\"><a class=\"collapsed\" data-sptoggle=\"spcollapse\" data-sptarget=\"#collapse7190\" href=\"javascript:void(0)\" aria-expanded=\"false\"><i class=\"ea-expand-icon fa fa-plus\"><\/i> A\u00e7\u00f5es Afirmativas<\/a><\/h3><div class=\"sp-collapse spcollapse spcollapse\" id=\"collapse7190\" data-parent=\"#sp-ea-719\"><div class=\"ea-body\"> <p><span style=\"font-weight: 400;\">A pol\u00edtica de a\u00e7\u00f5es afirmativas promove o reconhecimento das identidades de estudantes e o fortalecimento de seus v\u00ednculos de pertencimento \u00e0 UFMG. Orientada pelo princ\u00edpio da equidade de direitos, desenvolve a\u00e7\u00f5es que visam a combater as desigualdades de oportunidades e as discrimina\u00e7\u00f5es e opress\u00f5es que afetam o acesso e a perman\u00eancia\u00a0 de estudantes na Universidade.\u00a0<\/span><\/p>\n<p><a href=\"https:\/\/www.ufmg.br\/prae\/acoes-afirmativas\/\"><span style=\"font-weight: 400;\">Clique aqui<\/span><\/a><span style=\"font-weight: 400;\"> para mais informa\u00e7\u00f5es.<\/span><\/p>\n <\/div><\/div><\/div><div class=\"ea-card  sp-ea-single\"><h3 class=\"ea-header\"><a class=\"collapsed\" data-sptoggle=\"spcollapse\" data-sptarget=\"#collapse7191\" href=\"javascript:void(0)\" aria-expanded=\"false\"><i class=\"ea-expand-icon fa fa-plus\"><\/i> Estrutura Organizacional da UFMG<\/a><\/h3><div class=\"sp-collapse spcollapse spcollapse\" id=\"collapse7191\" data-parent=\"#sp-ea-719\"><div class=\"ea-body\"> <p><!-- wp:paragraph --><\/p>\n<p>A UFMG se organiza em um modelo em que predominam as decis\u00f5es de \u00f3rg\u00e3os colegiados. Isso significa dizer que toda decis\u00e3o tomada pela Universidade leva em conta o di\u00e1logo entre representantes de seus diversos segmentos, em espa\u00e7os de encontro e debate.<\/p>\n<p><!-- \/wp:paragraph --> <!-- wp:paragraph --><\/p>\n<p>Na Universidade h\u00e1 dois colegiados superiores diretamente respons\u00e1veis pelas quest\u00f5es acad\u00eamicas: o <a href=\"https:\/\/www2.ufmg.br\/sods\/Sods\/Conselho-Universitario\" target=\"_blank\" rel=\"noreferrer noopener\" data-type=\"URL\" data-id=\"https:\/\/www2.ufmg.br\/sods\/Sods\/Conselho-Universitario\">Conselho Universit\u00e1rio<\/a>, que estabelece as principais linhas pol\u00edticas da Universidade, e o <a href=\"https:\/\/www2.ufmg.br\/sods\/Sods\/CEPE\" target=\"_blank\" rel=\"noreferrer noopener\" data-type=\"URL\" data-id=\"https:\/\/www2.ufmg.br\/sods\/Sods\/CEPE\">Conselho de Ensino, Pesquisa e Extens\u00e3o (Cepe)<\/a>, que coordena a pol\u00edtica acad\u00eamica da Institui\u00e7\u00e3o.<\/p>\n<p><!-- \/wp:paragraph --> <!-- wp:paragraph --><\/p>\n<p>A estrutura da Reitoria \u2013 \u00f3rg\u00e3o da Administra\u00e7\u00e3o Central da Universidade \u2013 conta, tamb\u00e9m, com as pr\u00f3-reitorias, as diretorias, as coordenadorias e demais inst\u00e2ncias administrativas, que transformam as decis\u00f5es do Conselho Universit\u00e1rio e do Cepe em pol\u00edticas e a\u00e7\u00f5es.<\/p>\n<p><!-- \/wp:paragraph --> <!-- wp:paragraph --><\/p>\n<p><a href=\"https:\/\/www.ufmg.br\/a-universidade\/estrutura-organizacional\/\" target=\"_blank\" rel=\"noreferrer noopener\">A estrutura organizacional da UFMG<\/a> inclui, ainda, unidades acad\u00eamicas e unidades especiais \u2013 espa\u00e7os destinados a aulas, pesquisas e projetos. Departamentos e cursos, por sua vez, s\u00e3o subordinados a essas unidades acad\u00eamicas. Cada curso \u00e9 administrado por um colegiado, cuja autoridade m\u00e1xima \u00e9 o(a) coordenador(a). Cada estudante \u00e9 diretamente vinculado(a) ao colegiado do seu curso.<\/p>\n<p><!-- \/wp:paragraph --> <!-- wp:paragraph --><\/p>\n<p>Algumas das inst\u00e2ncias da Reitoria que mant\u00eam rela\u00e7\u00e3o muito pr\u00f3xima com estudantes da gradua\u00e7\u00e3o s\u00e3o:<\/p>\n<p><!-- \/wp:paragraph --> <!-- wp:paragraph --><\/p>\n<p>\u2022 <a href=\"https:\/\/www.ufmg.br\/prograd\/\" target=\"_blank\" rel=\"noreferrer noopener\" data-type=\"URL\">Pr\u00f3-reitoria de Gradua\u00e7\u00e3o (Prograd)<\/a> \u00e9 respons\u00e1vel por coordenar, em articula\u00e7\u00e3o com as Unidades de Ensino e com os \u00f3rg\u00e3os da Administra\u00e7\u00e3o Central, a formula\u00e7\u00e3o e a implementa\u00e7\u00e3o de pol\u00edticas para o ensino de gradua\u00e7\u00e3o e as atividades dos \u00f3rg\u00e3os executores dessas pol\u00edticas. Seu principal objetivo \u00e9 criar condi\u00e7\u00f5es favor\u00e1veis \u00e0 melhoria do funcionamento da vida acad\u00eamica e da qualidade dos cursos oferecidos pela UFMG. <a href=\"https:\/\/www.ufmg.br\/prograd\/estudantes\/.\" target=\"_blank\" rel=\"noopener\">Clique aqui<\/a> para acessar a p\u00e1gina da Prograd destinada especialmente aos estudantes.<\/p>\n<p><!-- \/wp:paragraph --> <!-- wp:paragraph --><\/p>\n<p>\u2022 <a href=\"https:\/\/www.ufmg.br\/prae\/\" target=\"_blank\" rel=\"noreferrer noopener\" data-type=\"URL\" data-id=\"https:\/\/www.ufmg.br\/prae\/\">Pr\u00f3-reitoria de Assuntos Estudantis (Prae)<\/a> \u00e9 respons\u00e1vel por elaborar, coordenar e avaliar pol\u00edticas que contribuam para a perman\u00eancia e o percurso acad\u00eamico de estudantes, segundo os princ\u00edpios de igualdade de oportunidades e de equidade de direitos na UFMG.<\/p>\n<p><!-- \/wp:paragraph --> <!-- wp:paragraph --><\/p>\n<p>\u2022 <a href=\"https:\/\/www.ufmg.br\/proex\/\" target=\"_blank\" rel=\"noreferrer noopener\" data-type=\"URL\">Pr\u00f3-reitoria de Extens\u00e3o (Proex)<\/a> \u00e9 respons\u00e1vel por acompanhar, avaliar, articular, divulgar e coordenar as a\u00e7\u00f5es de extens\u00e3o, de acordo com as delibera\u00e7\u00f5es do Conselho de Ensino, Pesquisa e Extens\u00e3o (Cepe). Para essa atividade, a Pr\u00f3-reitoria conta com os Centros de Extens\u00e3o, em sua maioria vinculados a Unidades Acad\u00eamicas ou Unidades Especiais da Universidade.<\/p>\n<p><!-- \/wp:paragraph --> <!-- wp:paragraph --><\/p>\n<p>\u2022 <a href=\"https:\/\/www.ufmg.br\/cultura\/\" target=\"_blank\" rel=\"noreferrer noopener\" data-type=\"URL\" data-id=\"https:\/\/www.ufmg.br\/cultura\/\">Pr\u00f3-reitoria de Cultura (Procult)<\/a> \u00e9 respons\u00e1vel pela gest\u00e3o, coordena\u00e7\u00e3o, promo\u00e7\u00e3o, desenvolvimento e difus\u00e3o da produ\u00e7\u00e3o e da pol\u00edtica cultural da UFMG. Tamb\u00e9m \u00e9 respons\u00e1vel pela gest\u00e3o dos espa\u00e7os culturais da Reitoria como o\u00a0<a href=\"https:\/\/www.ufmg.br\/centrocultural\/\" target=\"_blank\" rel=\"noreferrer noopener\">Centro Cultural UFMG<\/a>, o\u00a0<a href=\"https:\/\/www.ufmg.br\/conservatorio\/\" target=\"_blank\" rel=\"noreferrer noopener\">Conservat\u00f3rio UFMG<\/a>, o\u00a0<a href=\"https:\/\/www.ufmg.br\/espacodoconhecimento\/\" target=\"_blank\" rel=\"noreferrer noopener\">Espa\u00e7o do Conhecimento UFMG\u00a0<\/a>e o\u00a0<a href=\"https:\/\/www.ufmg.br\/campustiradentes\/\" target=\"_blank\" rel=\"noreferrer noopener\">Campus Cultural UFMG em Tiradentes<\/a>.<\/p>\n<p><!-- \/wp:paragraph --> <!-- wp:paragraph --><\/p>\n<p>\u2022 <a href=\"https:\/\/www.ufmg.br\/dri\/\" target=\"_blank\" rel=\"noreferrer noopener\" data-type=\"URL\" data-id=\"https:\/\/www.ufmg.br\/dri\/\">Diretoria de Rela\u00e7\u00f5es Internacionais (DRI)<\/a> \u00e9 um \u00f3rg\u00e3o assessor vinculado ao Gabinete do(a) Reitor(a). Tem como compet\u00eancia coordenar as a\u00e7\u00f5es institucionais voltadas \u00e0 coopera\u00e7\u00e3o e ao interc\u00e2mbio da UFMG com outras institui\u00e7\u00f5es de ensino superior, de pesquisa ou de fomento, sediadas em outros pa\u00edses ou que tenham atua\u00e7\u00e3o internacional.<\/p>\n<p><!-- \/wp:paragraph --> <!-- wp:paragraph --><\/p>\n<p>\u2022 <a href=\"https:\/\/www2.ufmg.br\/drca\/\" target=\"_blank\" rel=\"noreferrer noopener\" data-type=\"URL\" data-id=\"https:\/\/www2.ufmg.br\/drca\/\">Departamento de Registro e Controle Acad\u00eamico (DRCA)<\/a> \u00e9 respons\u00e1vel pelos registros e os controles acad\u00eamicos, conforme a legisla\u00e7\u00e3o educacional e as normas internas da Institui\u00e7\u00e3o, que come\u00e7am no ingresso do estudante na Institui\u00e7\u00e3o e terminam com a expedi\u00e7\u00e3o do diploma.<\/p>\n<p><!-- \/wp:paragraph --> <!-- wp:paragraph --><\/p>\n<p>\u2022 <a href=\"https:\/\/www.ufmg.br\/nai\/\" target=\"_blank\" rel=\"noreferrer noopener\" data-type=\"URL\" data-id=\"https:\/\/www.ufmg.br\/nai\/\">N\u00facleo de Acessibilidade e Inclus\u00e3o (NAI)<\/a> \u00e9 respons\u00e1vel pela proposi\u00e7\u00e3o, organiza\u00e7\u00e3o, coordena\u00e7\u00e3o e execu\u00e7\u00e3o de a\u00e7\u00f5es para assegurar a inclus\u00e3o de pessoas com defici\u00eancia \u00e0 vida acad\u00eamica e profissional.<\/p>\n<p><!-- \/wp:paragraph --> <!-- wp:paragraph --><\/p>\n<p>\u2022 <a href=\"https:\/\/www.ufmg.br\/dgi\/ouvidoria\/\" target=\"_blank\" rel=\"noreferrer noopener\" data-type=\"URL\" data-id=\"https:\/\/www.ufmg.br\/dgi\/ouvidoria\/\">Ouvidoria UFMG<\/a> \u00e9 um \u00f3rg\u00e3o mediador com o papel institucional de zelar pelo direito \u00e0 manifesta\u00e7\u00e3o e \u00e0 informa\u00e7\u00e3o do cidad\u00e3o.<\/p>\n<p><!-- \/wp:paragraph --><\/p>\n <\/div><\/div><\/div><div class=\"ea-card  sp-ea-single\"><h3 class=\"ea-header\"><a class=\"collapsed\" data-sptoggle=\"spcollapse\" data-sptarget=\"#collapse7192\" href=\"javascript:void(0)\" aria-expanded=\"false\"><i class=\"ea-expand-icon fa fa-plus\"><\/i> Unidades Acad\u00eamicas<\/a><\/h3><div class=\"sp-collapse spcollapse spcollapse\" id=\"collapse7192\" data-parent=\"#sp-ea-719\"><div class=\"ea-body\"> <p><!-- wp:paragraph --><\/p>\n<p>O ensino na UFMG \u00e9 ofertado pelas suas <a href=\"https:\/\/www.ufmg.br\/a-universidade\/estrutura-organizacional\/unidades-de-ensino-pesquisa-e-extensao\/\" target=\"_blank\" rel=\"noreferrer noopener\" data-type=\"URL\" data-id=\"https:\/\/ufmg.br\/cursos\/unidades-academicas\">unidades acad\u00eamicas<\/a>, que se organizam em departamentos e cursos.<\/p>\n<p><!-- \/wp:paragraph --> <!-- wp:paragraph --><\/p>\n<p>Para entender um pouco mais o funcionamento das unidades:<\/p>\n<p><!-- \/wp:paragraph --> <!-- wp:list --><\/p>\n<ul>\n<li>A unidade acad\u00eamica \u00e9 administrada pela Congrega\u00e7\u00e3o e tem como dirigente m\u00e1ximo o(a) diretor(a);<\/li>\n<li>Os departamentos, por sua vez, t\u00eam como inst\u00e2ncia decis\u00f3ria a C\u00e2mara Departamental, que \u00e9 presidida pelo(a) chefe de departamento;<\/li>\n<li>Nos espa\u00e7os dos departamentos \u00e9 que s\u00e3o desenvolvidas as atividades acad\u00eamicas que comp\u00f5em o curr\u00edculo dos cursos da UFMG;<\/li>\n<li>O departamento \u00e9 que indica os(as) professores(as) respons\u00e1veis por ministrar cada disciplina. Contudo, quem planeja e autoriza as atividades propostas s\u00e3o os colegiados de cada curso.<\/li>\n<\/ul>\n<p><!-- \/wp:list --> <!-- wp:paragraph --><\/p>\n<p><!-- \/wp:paragraph --> <!-- wp:paragraph --><\/p>\n<p>Neste in\u00edcio de conviv\u00eancia com a UFMG, o \u00f3rg\u00e3o que mais merece sua aten\u00e7\u00e3o \u00e9 o colegiado de curso, composto de representantes de professores(as) e estudantes. \u00c9 ele que vai determinar, num primeiro momento, as quest\u00f5es relacionadas com o percurso do(a) estudante na Universidade.<\/p>\n<p><!-- \/wp:paragraph --> <!-- wp:paragraph --><\/p>\n<p>Veja aqui a <a href=\"https:\/\/www.ufmg.br\/a-universidade\/estrutura-organizacional\/unidades-de-ensino-pesquisa-e-extensao\/\" target=\"_blank\" rel=\"noreferrer noopener\" data-type=\"URL\" data-id=\"https:\/\/ufmg.br\/cursos\/unidades-academicas\">rela\u00e7\u00e3o de todas as unidades acad\u00eamicas<\/a>.<\/p>\n<p><!-- \/wp:paragraph --><\/p>\n <\/div><\/div><\/div><div class=\"ea-card  sp-ea-single\"><h3 class=\"ea-header\"><a class=\"collapsed\" data-sptoggle=\"spcollapse\" data-sptarget=\"#collapse7193\" href=\"javascript:void(0)\" aria-expanded=\"false\"><i class=\"ea-expand-icon fa fa-plus\"><\/i> Centro de Extens\u00e3o (Cenex) da UFMG<\/a><\/h3><div class=\"sp-collapse spcollapse spcollapse\" id=\"collapse7193\" data-parent=\"#sp-ea-719\"><div class=\"ea-body\"> <p>Cada uma das <a href=\"https:\/\/www.ufmg.br\/a-universidade\/estrutura-organizacional\/unidades-de-ensino-pesquisa-e-extensao\/\">Unidades Acad\u00eamicas<\/a> da UFMG tem um Centro de Extens\u00e3o (Cenex). Esses \u00f3rg\u00e3os executam a gest\u00e3o da pol\u00edtica de extens\u00e3o nas Unidades, em conson\u00e2ncia com a pol\u00edtica geral de extens\u00e3o universit\u00e1ria. Por meio das a\u00e7\u00f5es desenvolvidas pelo Cenex, os estudantes podem participar das a\u00e7\u00f5es de extens\u00e3o da UFMG.<\/p>\n<p>Conhe\u00e7a cada <a href=\"https:\/\/www.ufmg.br\/proex\/centros-de-extensao\/\" target=\"_blank\" rel=\"noopener\">Cenex da UFMG<\/a>.<\/p>\n <\/div><\/div><\/div><div class=\"ea-card  sp-ea-single\"><h3 class=\"ea-header\"><a class=\"collapsed\" data-sptoggle=\"spcollapse\" data-sptarget=\"#collapse7194\" href=\"javascript:void(0)\" aria-expanded=\"false\"><i class=\"ea-expand-icon fa fa-plus\"><\/i> Empresas Juniores UFMG<\/a><\/h3><div class=\"sp-collapse spcollapse spcollapse\" id=\"collapse7194\" data-parent=\"#sp-ea-719\"><div class=\"ea-body\"> <p>Empresas Juniores s\u00e3o organiza\u00e7\u00f5es constitu\u00eddas por alunos de gradua\u00e7\u00e3o e destinadas a serem espa\u00e7os formativos para o empreendedorismo e profissionaliza\u00e7\u00e3o em vincula\u00e7\u00e3o com a sociedade. Elas oferecem servi\u00e7os a baixo custo nas diversas \u00e1reas do conhecimento, e as atividades dos alunos s\u00e3o orientadas por professores da Universidade.<\/p>\n<p class=\"news__subtitle\"><a href=\"https:\/\/www.ufmg.br\/proex\/empresas-juniores\/\" target=\"_blank\" rel=\"noopener\">Conhe\u00e7a as empresas<\/a>.<\/p>\n <\/div><\/div><\/div><div class=\"ea-card  sp-ea-single\"><h3 class=\"ea-header\"><a class=\"collapsed\" data-sptoggle=\"spcollapse\" data-sptarget=\"#collapse7195\" href=\"javascript:void(0)\" aria-expanded=\"false\"><i class=\"ea-expand-icon fa fa-plus\"><\/i> Comunica\u00e7\u00e3o e Informa\u00e7\u00e3o<\/a><\/h3><div class=\"sp-collapse spcollapse spcollapse\" id=\"collapse7195\" data-parent=\"#sp-ea-719\"><div class=\"ea-body\"> <p><!-- wp:paragraph --><\/p>\n<p>O\u00a0<a href=\"https:\/\/www.ufmg.br\/comunicacao\/cedecom\/\" target=\"_blank\" rel=\"noreferrer noopener\" data-type=\"URL\" data-id=\"https:\/\/ufmg.br\/comunicacao\/sobre-o-cedecom\">Centro de Comunica\u00e7\u00e3o da UFMG\u00a0<\/a>(Cedecom) \u00e9 o principal n\u00facleo de comunica\u00e7\u00e3o da Universidade Federal de Minas Gerais. Ele articula a\u00e7\u00f5es, experi\u00eancias e estruturas \u2013 de comunica\u00e7\u00e3o e informa\u00e7\u00e3o \u2013 que possam fortalecer a imagem institucional da UFMG.<\/p>\n<p>Tamb\u00e9m cabe ao Cedecom a gest\u00e3o das m\u00eddias oficiais da UFMG, o desenvolvimento de campanhas e projetos institucionais e o relacionamento com a imprensa e outras m\u00eddias.<\/p>\n<p>Conhe\u00e7a os canais de comunica\u00e7\u00e3o:<\/p>\n<ul>\n<li><a href=\"http:\/\/ufmg.br\/\" target=\"_blank\" rel=\"noreferrer noopener\" data-type=\"URL\" data-id=\"http:\/\/ufmg.br\/\">Portal UFMG<\/a>\u00a0(Not\u00edcias, Fique Atento, Agenda, Releases)<\/li>\n<\/ul>\n<ul>\n<li><a href=\"https:\/\/www.ufmg.br\/comunicacao\/boletim\/\" target=\"_blank\" rel=\"noreferrer noopener\" data-type=\"URL\" data-id=\"ufmg.br\/comunicacao\/publicacoes\/boletim\">Boletim UFMG<\/a><\/li>\n<\/ul>\n<ul>\n<li><a href=\"https:\/\/www.ufmg.br\/comunicacao\/tv-ufmg\/\" target=\"_blank\" rel=\"noreferrer noopener\" data-type=\"URL\" data-id=\"https:\/\/ufmg.br\/comunicacao\/tv-ufmg\">TV UFMG<\/a><\/li>\n<\/ul>\n<ul>\n<li><a href=\"https:\/\/www.ufmg.br\/comunicacao\/radio-ufmg-educativa\/\" target=\"_blank\" rel=\"noreferrer noopener\" data-type=\"URL\" data-id=\"https:\/\/ufmg.br\/comunicacao\/radio-ufmg-educativa\">R\u00e1dio UFMG Educativa<\/a>\u00a0(FM 104,5)<\/li>\n<\/ul>\n<ul>\n<li><a href=\"https:\/\/www.ufmg.br\/comunicacao\/redes-sociais\/\" target=\"_blank\" rel=\"noreferrer noopener\" data-type=\"URL\">Redes Sociais<\/a> (Instagram, Facebook, YouTube, Linkedin, TikTok, Bluesky)<\/li>\n<\/ul>\n<p><!-- \/wp:list --><\/p>\n <\/div><\/div><\/div><div class=\"ea-card  sp-ea-single\"><h3 class=\"ea-header\"><a class=\"collapsed\" data-sptoggle=\"spcollapse\" data-sptarget=\"#collapse7196\" href=\"javascript:void(0)\" aria-expanded=\"false\"><i class=\"ea-expand-icon fa fa-plus\"><\/i> Acesso gratuito ao Microsoft 365 e Microsoft Teams<\/a><\/h3><div class=\"sp-collapse spcollapse spcollapse\" id=\"collapse7196\" data-parent=\"#sp-ea-719\"><div class=\"ea-body\"> <p>A comunidade da UFMG tem acesso aos servi\u00e7os gratuitos disponibilizados pela Microsoft para a utiliza\u00e7\u00e3o dos <a href=\"https:\/\/www.ufmg.br\/dti\/wp-content\/uploads\/2020\/06\/OFFICE365-CriacaoConta.Ver1_.1-2.pdf\" target=\"_blank\" rel=\"noopener\"><em>softwares<\/em> Office 365<\/a> (Word, Excel, PowerPoint e OneNote) e do Microsoft Teams.<\/p>\n<p>Para acessar esses recursos utilize o seu endere\u00e7o de e-mail @ufmg.br como endere\u00e7o de e-mail escolar. Obrigatoriamente ele \u00e9 o seu login no portal minhaUFMG, acrescido de @ufmg.br.<\/p>\n<p>Para mais informa\u00e7\u00f5es, <a href=\"https:\/\/www.ufmg.br\/dti\/pagina-inicial\/servicos\/#microsoftoffice365eteams\" target=\"_blank\" rel=\"noopener\">clique aqui<\/a>. Conhe\u00e7a tamb\u00e9m o <a href=\"https:\/\/www.ufmg.br\/dti\/faq\/categoria\/office365\/\" target=\"_blank\" rel=\"noopener\">FAQ do servi\u00e7o<\/a>.<\/p>\n <\/div><\/div><\/div><div class=\"ea-card  sp-ea-single\"><h3 class=\"ea-header\"><a class=\"collapsed\" data-sptoggle=\"spcollapse\" data-sptarget=\"#collapse7197\" href=\"javascript:void(0)\" aria-expanded=\"false\"><i class=\"ea-expand-icon fa fa-plus\"><\/i> Telefones<\/a><\/h3><div class=\"sp-collapse spcollapse spcollapse\" id=\"collapse7197\" data-parent=\"#sp-ea-719\"><div class=\"ea-body\"> <p>Encontre\u00a0<a href=\"https:\/\/www.ufmg.br\/a-universidade\/telefones\/\" target=\"_blank\" rel=\"noopener\">nesta p\u00e1gina<\/a>\u00a0o n\u00famero de telefone do setor com o qual deseja entrar em contato.<\/p>\n <\/div><\/div><\/div><\/div>\n","protected":false},"excerpt":{"rendered":"","protected":false},"author":1,"featured_media":0,"parent":295,"menu_order":8,"comment_status":"closed","ping_status":"closed","template":"","meta":[],"_links":{"self":[{"href":"https:\/\/www.ufmg.br\/viverufmg\/wp-json\/wp\/v2\/pages\/310"}],"collection":[{"href":"https:\/\/www.ufmg.br\/viverufmg\/wp-json\/wp\/v2\/pages"}],"about":[{"href":"https:\/\/www.ufmg.br\/viverufmg\/wp-json\/wp\/v2\/types\/page"}],"author":[{"embeddable":true,"href":"https:\/\/www.ufmg.br\/viverufmg\/wp-json\/wp\/v2\/users\/1"}],"replies":[{"embeddable":true,"href":"https:\/\/www.ufmg.br\/viverufmg\/wp-json\/wp\/v2\/comments?post=310"}],"version-history":[{"count":10,"href":"https:\/\/www.ufmg.br\/viverufmg\/wp-json\/wp\/v2\/pages\/310\/revisions"}],"predecessor-version":[{"id":1656,"href":"https:\/\/www.ufmg.br\/viverufmg\/wp-json\/wp\/v2\/pages\/310\/revisions\/1656"}],"up":[{"embeddable":true,"href":"https:\/\/www.ufmg.br\/viverufmg\/wp-json\/wp\/v2\/pages\/295"}],"wp:attachment":[{"href":"https:\/\/www.ufmg.br\/viverufmg\/wp-json\/wp\/v2\/media?parent=310"}],"curies":[{"name":"wp","href":"https:\/\/api.w.org\/{rel}","templated":true}]}}