{"id":408,"date":"2021-09-02T16:54:12","date_gmt":"2021-09-02T19:54:12","guid":{"rendered":"https:\/\/www.ufmg.br\/viverufmg\/?page_id=408"},"modified":"2025-11-19T13:05:13","modified_gmt":"2025-11-19T16:05:13","slug":"calendario-escolar","status":"publish","type":"page","link":"https:\/\/www.ufmg.br\/viverufmg\/vida-academica\/calendario-escolar\/","title":{"rendered":"Calend\u00e1rio Escolar"},"content":{"rendered":"\n<div class=\"wp-block-image\"><figure class=\"alignright size-full is-resized\"><img loading=\"lazy\" src=\"https:\/\/www.ufmg.br\/viverufmg\/wp-content\/uploads\/2023\/03\/Calendario-Escolar.png\" alt=\"\" class=\"wp-image-1618\" width=\"179\" height=\"180\" srcset=\"https:\/\/www.ufmg.br\/viverufmg\/wp-content\/uploads\/2023\/03\/Calendario-Escolar.png 715w, https:\/\/www.ufmg.br\/viverufmg\/wp-content\/uploads\/2023\/03\/Calendario-Escolar-298x300.png 298w, https:\/\/www.ufmg.br\/viverufmg\/wp-content\/uploads\/2023\/03\/Calendario-Escolar-450x450.png 450w\" sizes=\"(max-width: 179px) 100vw, 179px\" \/><\/figure><\/div>\n\n\n\n<p>O Calend\u00e1rio Escolar re\u00fane as datas anuais importantes relacionadas \u00e0 gest\u00e3o da UFMG.  Nele voc\u00ea encontra algumas atividades do ano letivo e seus prazos, como por exemplo: datas do in\u00edcio e final do semestre (per\u00edodo letivo), das matr\u00edculas, dos feriados, de alguns eventos e feiras, dentre outras.<\/p>\n\n\n\n<p>Acesse o <a href=\"https:\/\/www.ufmg.br\/a-universidade\/calendario-escolar\/\" data-type=\"URL\" target=\"_blank\" rel=\"noreferrer noopener\">Calend\u00e1rio Escolar da UFMG<\/a>. <\/p>\n","protected":false},"excerpt":{"rendered":"<p>O Calend\u00e1rio Escolar re\u00fane as datas anuais importantes relacionadas \u00e0 [&hellip;]<\/p>\n","protected":false},"author":1,"featured_media":0,"parent":295,"menu_order":0,"comment_status":"closed","ping_status":"closed","template":"","meta":[],"_links":{"self":[{"href":"https:\/\/www.ufmg.br\/viverufmg\/wp-json\/wp\/v2\/pages\/408"}],"collection":[{"href":"https:\/\/www.ufmg.br\/viverufmg\/wp-json\/wp\/v2\/pages"}],"about":[{"href":"https:\/\/www.ufmg.br\/viverufmg\/wp-json\/wp\/v2\/types\/page"}],"author":[{"embeddable":true,"href":"https:\/\/www.ufmg.br\/viverufmg\/wp-json\/wp\/v2\/users\/1"}],"replies":[{"embeddable":true,"href":"https:\/\/www.ufmg.br\/viverufmg\/wp-json\/wp\/v2\/comments?post=408"}],"version-history":[{"count":8,"href":"https:\/\/www.ufmg.br\/viverufmg\/wp-json\/wp\/v2\/pages\/408\/revisions"}],"predecessor-version":[{"id":2336,"href":"https:\/\/www.ufmg.br\/viverufmg\/wp-json\/wp\/v2\/pages\/408\/revisions\/2336"}],"up":[{"embeddable":true,"href":"https:\/\/www.ufmg.br\/viverufmg\/wp-json\/wp\/v2\/pages\/295"}],"wp:attachment":[{"href":"https:\/\/www.ufmg.br\/viverufmg\/wp-json\/wp\/v2\/media?parent=408"}],"curies":[{"name":"wp","href":"https:\/\/api.w.org\/{rel}","templated":true}]}}

Calendário Escolar

<div class="wp-block-image"><figure class="alignright size-full is-resized"><img loading="lazy" src="https://www.ufmg.br/viverufmg/wp-content/uploads/2023/03/Calendario-Escolar.png" alt="" class="wp-image-1618" width="179" height="180" srcset="https://www.ufmg.br/viverufmg/wp-content/uploads/2023/03/Calendario-Escolar.png 715w, https://www.ufmg.br/viverufmg/wp-content/uploads/2023/03/Calendario-Escolar-298x300.png 298w, https://www.ufmg.br/viverufmg/wp-content/uploads/2023/03/Calendario-Escolar-450x450.png 450w" sizes="(max-width: 179px) 100vw, 179px" /></figure></div>



<p>O Calendário Escolar reúne as datas anuais importantes relacionadas à gestão da UFMG.  Nele você encontra algumas atividades do ano letivo e seus prazos, como por exemplo: datas do início e final do semestre (período letivo), das matrículas, dos feriados, de alguns eventos e feiras, dentre outras.</p>



<p>Acesse o <a href="https://www.ufmg.br/a-universidade/calendario-escolar/" data-type="URL" target="_blank" rel="noreferrer noopener">Calendário Escolar da UFMG</a>. </p>

<p>O Calendário Escolar reúne as datas anuais importantes relacionadas à [&hellip;]</p>
