{"id":411,"date":"2021-09-02T17:04:21","date_gmt":"2021-09-02T20:04:21","guid":{"rendered":"https:\/\/www.ufmg.br\/viverufmg\/?page_id=411"},"modified":"2026-02-05T10:32:37","modified_gmt":"2026-02-05T13:32:37","slug":"colegiados","status":"publish","type":"page","link":"https:\/\/www.ufmg.br\/viverufmg\/vida-academica\/colegiados\/","title":{"rendered":"Colegiados"},"content":{"rendered":"\n<p>Cada curso de gradua\u00e7\u00e3o \u00e9 gerido academicamente por um Colegiado, o qual \u00e9 administrado por um(a) coordenador(a) e um(a) subcoordenador(a). Trata-se de um \u00f3rg\u00e3o de primeira inst\u00e2ncia respons\u00e1vel por deliberar quest\u00f5es de ordem curricular e do dia-a-dia dos(as) estudantes.<\/p>\n\n\n\n<p>Em caso de necessidade, procure sempre o seu Colegiado. Ele \u00e9 a sua principal refer\u00eancia para as quest\u00f5es acad\u00eamicas. Assim que poss\u00edvel, busque saber em que sala da sua unidade acad\u00eamica funciona a secretaria do seu colegiado.<\/p>\n\n\n\n<p>Acesse a <a href=\"https:\/\/www.ufmg.br\/a-universidade\/estrutura-organizacional\/colegiados-de-curso\/\" data-type=\"URL\" target=\"_blank\" rel=\"noreferrer noopener\">lista dos e-mails e telefones dos colegiados da UFMG<\/a>.<\/p>\n\n\n\n<p><\/p>\n\n\n\n<div class=\"wp-block-image\"><figure class=\"aligncenter size-full is-resized\"><img loading=\"lazy\" src=\"https:\/\/www.ufmg.br\/viverufmg\/wp-content\/uploads\/2023\/03\/becano.png\" alt=\"\" class=\"wp-image-1536\" width=\"98\" height=\"142\" srcset=\"https:\/\/www.ufmg.br\/viverufmg\/wp-content\/uploads\/2023\/03\/becano.png 690w, https:\/\/www.ufmg.br\/viverufmg\/wp-content\/uploads\/2023\/03\/becano-207x300.png 207w\" sizes=\"(max-width: 98px) 100vw, 98px\" \/><\/figure><\/div>\n","protected":false},"excerpt":{"rendered":"<p>Cada curso de gradua\u00e7\u00e3o \u00e9 gerido academicamente por um Colegiado, [&hellip;]<\/p>\n","protected":false},"author":1,"featured_media":0,"parent":295,"menu_order":0,"comment_status":"closed","ping_status":"closed","template":"","meta":[],"_links":{"self":[{"href":"https:\/\/www.ufmg.br\/viverufmg\/wp-json\/wp\/v2\/pages\/411"}],"collection":[{"href":"https:\/\/www.ufmg.br\/viverufmg\/wp-json\/wp\/v2\/pages"}],"about":[{"href":"https:\/\/www.ufmg.br\/viverufmg\/wp-json\/wp\/v2\/types\/page"}],"author":[{"embeddable":true,"href":"https:\/\/www.ufmg.br\/viverufmg\/wp-json\/wp\/v2\/users\/1"}],"replies":[{"embeddable":true,"href":"https:\/\/www.ufmg.br\/viverufmg\/wp-json\/wp\/v2\/comments?post=411"}],"version-history":[{"count":14,"href":"https:\/\/www.ufmg.br\/viverufmg\/wp-json\/wp\/v2\/pages\/411\/revisions"}],"predecessor-version":[{"id":2344,"href":"https:\/\/www.ufmg.br\/viverufmg\/wp-json\/wp\/v2\/pages\/411\/revisions\/2344"}],"up":[{"embeddable":true,"href":"https:\/\/www.ufmg.br\/viverufmg\/wp-json\/wp\/v2\/pages\/295"}],"wp:attachment":[{"href":"https:\/\/www.ufmg.br\/viverufmg\/wp-json\/wp\/v2\/media?parent=411"}],"curies":[{"name":"wp","href":"https:\/\/api.w.org\/{rel}","templated":true}]}}

<p>Cada curso de graduação é gerido academicamente por um Colegiado, o qual é administrado por um(a) coordenador(a) e um(a) subcoordenador(a). Trata-se de um órgão de primeira instância responsável por deliberar questões de ordem curricular e do dia-a-dia dos(as) estudantes.</p>



<p>Em caso de necessidade, procure sempre o seu Colegiado. Ele é a sua principal referência para as questões acadêmicas. Assim que possível, busque saber em que sala da sua unidade acadêmica funciona a secretaria do seu colegiado.</p>



<p>Acesse a <a href="https://www.ufmg.br/a-universidade/estrutura-organizacional/colegiados-de-curso/" data-type="URL" target="_blank" rel="noreferrer noopener">lista dos e-mails e telefones dos colegiados da UFMG</a>.</p>



<p></p>



<div class="wp-block-image"><figure class="aligncenter size-full is-resized"><img loading="lazy" src="https://www.ufmg.br/viverufmg/wp-content/uploads/2023/03/becano.png" alt="" class="wp-image-1536" width="98" height="142" srcset="https://www.ufmg.br/viverufmg/wp-content/uploads/2023/03/becano.png 690w, https://www.ufmg.br/viverufmg/wp-content/uploads/2023/03/becano-207x300.png 207w" sizes="(max-width: 98px) 100vw, 98px" /></figure></div>

<p>Cada curso de graduação é gerido academicamente por um Colegiado, [&hellip;]</p>
