{"id":449,"date":"2021-09-06T14:14:45","date_gmt":"2021-09-06T17:14:45","guid":{"rendered":"https:\/\/www.ufmg.br\/viverufmg\/?page_id=449"},"modified":"2025-02-24T16:18:41","modified_gmt":"2025-02-24T19:18:41","slug":"como-ter-acesso","status":"publish","type":"page","link":"https:\/\/www.ufmg.br\/viverufmg\/assistencia-estudantil\/como-ter-acesso\/","title":{"rendered":"Como ter acesso"},"content":{"rendered":"\n<p>O programa foi criado especialmente para estudantes dos cursos de gradua\u00e7\u00e3o presenciais da UFMG, de acordo com crit\u00e9rios pr\u00e9-estabelecidos de vulnerabilidade econ\u00f4mica, social e cultural. \u00c9 necess\u00e1rio estar regularmente matriculado e ser frequente \u00e0s aulas. O discente pode solicitar ap\u00f3s a matr\u00edcula na UFMG ou em qualquer momento da trajet\u00f3ria acad\u00eamica.<\/p>\n\n\n\n<p>O primeiro passo para participar do programa \u00e9 a solicita\u00e7\u00e3o da an\u00e1lise socioecon\u00f4mica. Para isso, estudantes interessados(as) devem preencher o <a rel=\"noreferrer noopener\" href=\"https:\/\/fump.ufmg.br\/questionario-socioeconomico\/\" data-type=\"URL\" data-id=\"https:\/\/fump.ufmg.br\/questionario-socioeconomico\/\" target=\"_blank\">question\u00e1rio socioecon\u00f4mico<\/a> dispon\u00edvel no <a rel=\"noreferrer noopener\" href=\"http:\/\/www.fump.ufmg.br\" data-type=\"URL\" data-id=\"www.fump.ufmg.br\" target=\"_blank\">site da Fump<\/a> e anexar os documentos solicitados. Uma assistente social realizar\u00e1 a an\u00e1lise do question\u00e1rio e dos documentos. Posteriormente, a Fump enviar\u00e1 um e-mail informando o resultado final do posicionamento socioecon\u00f4mico de cada participante. <\/p>\n\n\n\n<p>O requerente poder\u00e1 ser posicionado nos n\u00edveis I, II, III ou IV. Os benef\u00edcios variam de acordo com os crit\u00e9rios de cada n\u00edvel de assist\u00eancia.<\/p>\n\n\n\n<p><\/p>\n\n\n\n<p><strong>Posi\u00e7\u00f5es<\/strong> <strong>Socioecon\u00f4micas<\/strong><\/p>\n\n\n\n<ul><li><strong>N\u00edvel I<\/strong>: estudantes de fam\u00edlia de baixa renda, cuja condi\u00e7\u00e3o socioecon\u00f4mica desfavorecida lhe restringe as oportunidades de capacita\u00e7\u00e3o e inclus\u00e3o. Ele apresenta ind\u00edcios de vulnerabilidade social caso n\u00e3o receba apoio para suprir suas necessidades b\u00e1sicas e corre risco de evas\u00e3o logo no in\u00edcio de sua trajet\u00f3ria acad\u00eamica.<\/li><\/ul>\n\n\n\n<p><\/p>\n\n\n\n<ul><li><strong>N\u00edvel II<\/strong>: estudante de fam\u00edlias de baixa renda, cuja condi\u00e7\u00e3o socioecon\u00f4mica desfavorecida lhe dificulta a perman\u00eancia na UFMG at\u00e9 a conclus\u00e3o de seus estudos. Embora possua suporte familiar um pouco mais consistente, caso n\u00e3o receba apoio para suprir suas necessidades b\u00e1sicas, poder\u00e1 ficar retido por mais tempo para a integraliza\u00e7\u00e3o do curso ou at\u00e9 mesmo n\u00e3o conseguir concluir a gradua\u00e7\u00e3o.<\/li><\/ul>\n\n\n\n<p><\/p>\n\n\n\n<ul><li><strong>N\u00edvel III<\/strong>: estudante que necessita de apoio para transposi\u00e7\u00e3o de alguns impedimentos ao bom desempenho acad\u00eamico, amenizando, assim, as dificuldades que apresenta.<\/li><\/ul>\n\n\n\n<p><\/p>\n\n\n\n<ul><li><strong>N\u00edveis IV-A e IV-B<\/strong>: esses n\u00edveis s\u00e3o exclusivos para acesso aos Restaurantes Universit\u00e1rios atrav\u00e9s de pre\u00e7os subsidiados e t\u00eam como crit\u00e9rio a renda <em>per capita<\/em> do grupo familiar. Os estudantes com renda familiar at\u00e9 um sal\u00e1rio m\u00ednimo<em>\u00a0per capita<\/em> pagam R$ 2,00 por refei\u00e7\u00e3o, e s\u00e3o posicionados no N\u00edvel IV-A. Alunos com renda familiar de um a tr\u00eas sal\u00e1rios m\u00ednimos\u00a0<em>per capita<\/em>\u00a0desembolsam o valor de R$ 2,90 por refei\u00e7\u00e3o e s\u00e3o posicionados no N\u00edvel IV-B.<\/li><\/ul>\n","protected":false},"excerpt":{"rendered":"<p>O programa foi criado especialmente para estudantes dos cursos de [&hellip;]<\/p>\n","protected":false},"author":1,"featured_media":0,"parent":290,"menu_order":0,"comment_status":"closed","ping_status":"closed","template":"","meta":[],"_links":{"self":[{"href":"https:\/\/www.ufmg.br\/viverufmg\/wp-json\/wp\/v2\/pages\/449"}],"collection":[{"href":"https:\/\/www.ufmg.br\/viverufmg\/wp-json\/wp\/v2\/pages"}],"about":[{"href":"https:\/\/www.ufmg.br\/viverufmg\/wp-json\/wp\/v2\/types\/page"}],"author":[{"embeddable":true,"href":"https:\/\/www.ufmg.br\/viverufmg\/wp-json\/wp\/v2\/users\/1"}],"replies":[{"embeddable":true,"href":"https:\/\/www.ufmg.br\/viverufmg\/wp-json\/wp\/v2\/comments?post=449"}],"version-history":[{"count":14,"href":"https:\/\/www.ufmg.br\/viverufmg\/wp-json\/wp\/v2\/pages\/449\/revisions"}],"predecessor-version":[{"id":2158,"href":"https:\/\/www.ufmg.br\/viverufmg\/wp-json\/wp\/v2\/pages\/449\/revisions\/2158"}],"up":[{"embeddable":true,"href":"https:\/\/www.ufmg.br\/viverufmg\/wp-json\/wp\/v2\/pages\/290"}],"wp:attachment":[{"href":"https:\/\/www.ufmg.br\/viverufmg\/wp-json\/wp\/v2\/media?parent=449"}],"curies":[{"name":"wp","href":"https:\/\/api.w.org\/{rel}","templated":true}]}}

<p>O programa foi criado especialmente para estudantes dos cursos de graduação presenciais da UFMG, de acordo com critérios pré-estabelecidos de vulnerabilidade econômica, social e cultural. É necessário estar regularmente matriculado e ser frequente às aulas. O discente pode solicitar após a matrícula na UFMG ou em qualquer momento da trajetória acadêmica.</p>



<p>O primeiro passo para participar do programa é a solicitação da análise socioeconômica. Para isso, estudantes interessados(as) devem preencher o <a rel="noreferrer noopener" href="https://fump.ufmg.br/questionario-socioeconomico/" data-type="URL" data-id="https://fump.ufmg.br/questionario-socioeconomico/" target="_blank">questionário socioeconômico</a> disponível no <a rel="noreferrer noopener" href="http://www.fump.ufmg.br" data-type="URL" data-id="www.fump.ufmg.br" target="_blank">site da Fump</a> e anexar os documentos solicitados. Uma assistente social realizará a análise do questionário e dos documentos. Posteriormente, a Fump enviará um e-mail informando o resultado final do posicionamento socioeconômico de cada participante. </p>



<p>O requerente poderá ser posicionado nos níveis I, II, III ou IV. Os benefícios variam de acordo com os critérios de cada nível de assistência.</p>



<p></p>



<p><strong>Posições</strong> <strong>Socioeconômicas</strong></p>



<ul><li><strong>Nível I</strong>: estudantes de família de baixa renda, cuja condição socioeconômica desfavorecida lhe restringe as oportunidades de capacitação e inclusão. Ele apresenta indícios de vulnerabilidade social caso não receba apoio para suprir suas necessidades básicas e corre risco de evasão logo no início de sua trajetória acadêmica.</li></ul>



<p></p>



<ul><li><strong>Nível II</strong>: estudante de famílias de baixa renda, cuja condição socioeconômica desfavorecida lhe dificulta a permanência na UFMG até a conclusão de seus estudos. Embora possua suporte familiar um pouco mais consistente, caso não receba apoio para suprir suas necessidades básicas, poderá ficar retido por mais tempo para a integralização do curso ou até mesmo não conseguir concluir a graduação.</li></ul>



<p></p>



<ul><li><strong>Nível III</strong>: estudante que necessita de apoio para transposição de alguns impedimentos ao bom desempenho acadêmico, amenizando, assim, as dificuldades que apresenta.</li></ul>



<p></p>



<ul><li><strong>Níveis IV-A e IV-B</strong>: esses níveis são exclusivos para acesso aos Restaurantes Universitários através de preços subsidiados e têm como critério a renda <em>per capita</em> do grupo familiar. Os estudantes com renda familiar até um salário mínimo<em> per capita</em> pagam R$ 2,00 por refeição, e são posicionados no Nível IV-A. Alunos com renda familiar de um a três salários mínimos <em>per capita</em> desembolsam o valor de R$ 2,90 por refeição e são posicionados no Nível IV-B.</li></ul>
