{"id":461,"date":"2021-09-06T14:18:16","date_gmt":"2021-09-06T17:18:16","guid":{"rendered":"https:\/\/www.ufmg.br\/viverufmg\/?page_id=461"},"modified":"2021-09-09T14:54:55","modified_gmt":"2021-09-09T17:54:55","slug":"saude-mental","status":"publish","type":"page","link":"https:\/\/www.ufmg.br\/viverufmg\/saude-mental\/","title":{"rendered":"Sa\u00fade Mental"},"content":{"rendered":"\n<p>O per\u00edodo em que voc\u00ea \u00e9 universit\u00e1rio pode ser a promessa de um tempo de liberdade, novas amizades, crescimento e aprendizagem, com muitas possibilidades e expectativas. Nesse per\u00edodo de mudan\u00e7as, nem sempre voc\u00ea est\u00e1 ciente da import\u00e2ncia e veracidade de suas d\u00favidas e ang\u00fastias. Pedir ajuda \u00e0s vezes n\u00e3o \u00e9 f\u00e1cil. <\/p>\n\n\n\n<p>Se voc\u00ea se v\u00ea perdido, enfrentando um conflito, tendo que resolver um problema com o qual n\u00e3o sabe lidar ou gostaria de falar com algu\u00e9m em um lugar seguro, lembre-se que aqui na UFMG voc\u00ea n\u00e3o est\u00e1 sozinho e pode contar com nossas equipes para lhe ajudar nos momentos que necessitar.  <\/p>\n\n\n\n<p>Esta Universidade se prop\u00f5e a ser acess\u00edvel, inclusiva, solid\u00e1ria e acolhedora.  Aqui existe uma s\u00e9rie de n\u00facleos de apoio, escuta e acolhimento, aptos a ouvir suas demandas e dispostos a ajudar caso a caso. Voc\u00ea pode contar conosco! <\/p>\n\n\n\n<p>Conhe\u00e7a aqui alguns <a rel=\"noreferrer noopener\" href=\"https:\/\/www.ufmg.br\/saudemental\/rede-de-apoio\/canais-de-acolhimento-internos-e-escutas\/\" target=\"_blank\">espa\u00e7os onde voc\u00ea pode ser acolhido<\/a>.<\/p>\n\n\n\n<p>Para saber mais sobre o acolhimento e sobre as a\u00e7\u00f5es em sa\u00fade mental na UFMG, acesse o site <a rel=\"noreferrer noopener\" href=\"http:\/\/www.ufmg.br\/saudemental\" data-type=\"URL\" data-id=\"www.ufmg.br\/saudemental\" target=\"_blank\">Sa\u00fade Mental<\/a>.<\/p>\n\n\n\t\t<div class=\"embedpress-gutenberg-wrapper \">\n\t\t\t<div class=\"wp-block-embed__wrapper\">\n\t\t\t\t<div class=\"ose-youtube ose-uid-fd4d3bf90b6ab35e114c01c1e9c0eb7c ose-embedpress-responsive\" style=\"width:600px; max-width:100%; height: auto\"><iframe loading=\"lazy\" title=\"Let\u00edcia Ribeiro: um ponto e v\u00edrgula, n\u00e3o um ponto final\" width=\"600\" height=\"450\" src=\"https:\/\/www.youtube.com\/embed\/LzVLJ_zE8uM?feature=oembed&#038;controls=1&#038;fs=1&#038;iv_load_policy=1\" frameborder=\"0\" allow=\"accelerometer; autoplay; clipboard-write; encrypted-media; gyroscope; picture-in-picture\" allowfullscreen><\/iframe><script type=\"application\/json\" data-arve-oembed>{\"title\":\"Let\u00edcia Ribeiro: um ponto e v\u00edrgula, n\u00e3o um ponto final\",\"author_name\":\"Universidade Federal de Minas Gerais - UFMG\",\"author_url\":\"https:\\\/\\\/www.youtube.com\\\/user\\\/UFMG\",\"type\":\"video\",\"height\":\"281\",\"width\":\"500\",\"version\":\"1.0\",\"provider_name\":\"YouTube\",\"provider_url\":\"https:\\\/\\\/www.youtube.com\\\/\",\"thumbnail_height\":\"360\",\"thumbnail_width\":\"480\",\"thumbnail_url\":\"https:\\\/\\\/i.ytimg.com\\\/vi\\\/LzVLJ_zE8uM\\\/hqdefault.jpg\",\"html\":\"&lt;iframe width=&quot;500&quot; height=&quot;281&quot; src=&quot;https:\\\/\\\/www.youtube.com\\\/embed\\\/LzVLJ_zE8uM?feature=oembed&quot; frameborder=&quot;0&quot; allow=&quot;accelerometer; autoplay; clipboard-write; encrypted-media; gyroscope; picture-in-picture&quot; allowfullscreen&gt;&lt;\\\/iframe&gt;\",\"arve_cachetime\":\"2021-09-09 17:54:51\",\"arve_url\":\"https:\\\/\\\/www.youtube.com\\\/watch?v=LzVLJ_zE8uM\",\"arve_srcset\":\"https:\\\/\\\/i.ytimg.com\\\/vi\\\/LzVLJ_zE8uM\\\/mqdefault.jpg 320w, https:\\\/\\\/i.ytimg.com\\\/vi\\\/LzVLJ_zE8uM\\\/hqdefault.jpg 480w, https:\\\/\\\/i.ytimg.com\\\/vi\\\/LzVLJ_zE8uM\\\/sddefault.jpg 640w, https:\\\/\\\/i.ytimg.com\\\/vi\\\/LzVLJ_zE8uM\\\/maxresdefault.jpg 1280w\"}<\/script><\/div>\t\t\t<\/div>\n\t\t<\/div>\n\t\t\n\n\n<p><\/p>\n","protected":false},"excerpt":{"rendered":"<p>O per\u00edodo em que voc\u00ea \u00e9 universit\u00e1rio pode ser a [&hellip;]<\/p>\n","protected":false},"author":1,"featured_media":0,"parent":0,"menu_order":0,"comment_status":"closed","ping_status":"closed","template":"","meta":[],"_links":{"self":[{"href":"https:\/\/www.ufmg.br\/viverufmg\/wp-json\/wp\/v2\/pages\/461"}],"collection":[{"href":"https:\/\/www.ufmg.br\/viverufmg\/wp-json\/wp\/v2\/pages"}],"about":[{"href":"https:\/\/www.ufmg.br\/viverufmg\/wp-json\/wp\/v2\/types\/page"}],"author":[{"embeddable":true,"href":"https:\/\/www.ufmg.br\/viverufmg\/wp-json\/wp\/v2\/users\/1"}],"replies":[{"embeddable":true,"href":"https:\/\/www.ufmg.br\/viverufmg\/wp-json\/wp\/v2\/comments?post=461"}],"version-history":[{"count":6,"href":"https:\/\/www.ufmg.br\/viverufmg\/wp-json\/wp\/v2\/pages\/461\/revisions"}],"predecessor-version":[{"id":639,"href":"https:\/\/www.ufmg.br\/viverufmg\/wp-json\/wp\/v2\/pages\/461\/revisions\/639"}],"wp:attachment":[{"href":"https:\/\/www.ufmg.br\/viverufmg\/wp-json\/wp\/v2\/media?parent=461"}],"curies":[{"name":"wp","href":"https:\/\/api.w.org\/{rel}","templated":true}]}}

Saúde Mental

<p>O período em que você é universitário pode ser a promessa de um tempo de liberdade, novas amizades, crescimento e aprendizagem, com muitas possibilidades e expectativas. Nesse período de mudanças, nem sempre você está ciente da importância e veracidade de suas dúvidas e angústias. Pedir ajuda às vezes não é fácil. </p>



<p>Se você se vê perdido, enfrentando um conflito, tendo que resolver um problema com o qual não sabe lidar ou gostaria de falar com alguém em um lugar seguro, lembre-se que aqui na UFMG você não está sozinho e pode contar com nossas equipes para lhe ajudar nos momentos que necessitar.  </p>



<p>Esta Universidade se propõe a ser acessível, inclusiva, solidária e acolhedora.  Aqui existe uma série de núcleos de apoio, escuta e acolhimento, aptos a ouvir suas demandas e dispostos a ajudar caso a caso. Você pode contar conosco! </p>



<p>Conheça aqui alguns <a rel="noreferrer noopener" href="https://www.ufmg.br/saudemental/rede-de-apoio/canais-de-acolhimento-internos-e-escutas/" target="_blank">espaços onde você pode ser acolhido</a>.</p>



<p>Para saber mais sobre o acolhimento e sobre as ações em saúde mental na UFMG, acesse o site <a rel="noreferrer noopener" href="http://www.ufmg.br/saudemental" data-type="URL" data-id="www.ufmg.br/saudemental" target="_blank">Saúde Mental</a>.</p>


		<div class="embedpress-gutenberg-wrapper ">
			<div class="wp-block-embed__wrapper">
				<div class="ose-youtube ose-uid-fd4d3bf90b6ab35e114c01c1e9c0eb7c ose-embedpress-responsive" style="width:600px; max-width:100%; height: auto"><iframe loading="lazy" title="Letícia Ribeiro: um ponto e vírgula, não um ponto final" width="600" height="450" src="https://www.youtube.com/embed/LzVLJ_zE8uM?feature=oembed&#038;controls=1&#038;fs=1&#038;iv_load_policy=1" frameborder="0" allow="accelerometer; autoplay; clipboard-write; encrypted-media; gyroscope; picture-in-picture" allowfullscreen></iframe><script type="application/json" data-arve-oembed>{"title":"Letícia Ribeiro: um ponto e vírgula, não um ponto final","author_name":"Universidade Federal de Minas Gerais - UFMG","author_url":"https:\/\/www.youtube.com\/user\/UFMG","type":"video","height":"281","width":"500","version":"1.0","provider_name":"YouTube","provider_url":"https:\/\/www.youtube.com\/","thumbnail_height":"360","thumbnail_width":"480","thumbnail_url":"https:\/\/i.ytimg.com\/vi\/LzVLJ_zE8uM\/hqdefault.jpg","html":"&lt;iframe width=&quot;500&quot; height=&quot;281&quot; src=&quot;https:\/\/www.youtube.com\/embed\/LzVLJ_zE8uM?feature=oembed&quot; frameborder=&quot;0&quot; allow=&quot;accelerometer; autoplay; clipboard-write; encrypted-media; gyroscope; picture-in-picture&quot; allowfullscreen&gt;&lt;\/iframe&gt;","arve_cachetime":"2021-09-09 17:54:51","arve_url":"https:\/\/www.youtube.com\/watch?v=LzVLJ_zE8uM","arve_srcset":"https:\/\/i.ytimg.com\/vi\/LzVLJ_zE8uM\/mqdefault.jpg 320w, https:\/\/i.ytimg.com\/vi\/LzVLJ_zE8uM\/hqdefault.jpg 480w, https:\/\/i.ytimg.com\/vi\/LzVLJ_zE8uM\/sddefault.jpg 640w, https:\/\/i.ytimg.com\/vi\/LzVLJ_zE8uM\/maxresdefault.jpg 1280w"}</script></div>			</div>
		</div>
		


<p></p>

<p>O período em que você é universitário pode ser a [&hellip;]</p>
