{"id":667,"date":"2021-09-09T16:25:18","date_gmt":"2021-09-09T19:25:18","guid":{"rendered":"https:\/\/www.ufmg.br\/viverufmg\/?page_id=667"},"modified":"2025-02-24T16:20:35","modified_gmt":"2025-02-24T19:20:35","slug":"alimentacao-no-campus","status":"publish","type":"page","link":"https:\/\/www.ufmg.br\/viverufmg\/vida-academica\/alimentacao-no-campus\/","title":{"rendered":"Alimenta\u00e7\u00e3o no campus"},"content":{"rendered":"\n<div class=\"wp-block-image\"><figure class=\"aligncenter size-full is-resized\"><img loading=\"lazy\" src=\"https:\/\/www.ufmg.br\/viverufmg\/wp-content\/uploads\/2023\/03\/Alimentacao-no-CAMPUS.png\" alt=\"\" class=\"wp-image-1617\" width=\"313\" height=\"100\" srcset=\"https:\/\/www.ufmg.br\/viverufmg\/wp-content\/uploads\/2023\/03\/Alimentacao-no-CAMPUS.png 1000w, https:\/\/www.ufmg.br\/viverufmg\/wp-content\/uploads\/2023\/03\/Alimentacao-no-CAMPUS-300x95.png 300w, https:\/\/www.ufmg.br\/viverufmg\/wp-content\/uploads\/2023\/03\/Alimentacao-no-CAMPUS-768x244.png 768w\" sizes=\"(max-width: 313px) 100vw, 313px\" \/><\/figure><\/div>\n\n\n\n<p class=\"has-medium-font-size\"><strong>Restaurantes Universit\u00e1rios <\/strong><\/p>\n\n\n\n<p>Os cinco Restaurantes Universit\u00e1rios (RUs), os famosos &#8220;bandej\u00f5es&#8221;, possuem a capacidade de fornecer, diariamente, mais de 13 mil refei\u00e7\u00f5es balanceadas e saud\u00e1veis (<a href=\"https:\/\/fump.ufmg.br\/programa-de-alimentacao\/\" data-type=\"URL\" data-id=\"https:\/\/fump.ufmg.br\/programa-de-alimentacao\/\" target=\"_blank\" rel=\"noreferrer noopener\">caf\u00e9 da manh\u00e3, almo\u00e7o e jantar<\/a>). S\u00e3o eles:<\/p>\n\n\n\n<ul><li>Restaurante <a rel=\"noreferrer noopener\" href=\"https:\/\/www.google.com.br\/maps\/place\/Restaurante+Universit%C3%A1rio+Setorial+I+-+UFMG\/@-19.8674732,-43.9665009,1335m\/data=!3m1!1e3!4m9!1m3!3m2!1s0x0000000000000000:0x134cf5a4b9456787!2sRestaurante+Setorial+I!3m4!1s0xa6912b84ff686f:0xbb4f9c210b3b9757!8m2!3d-19.8694882!4d-43.9600341\" target=\"_blank\">Setorial 1<\/a> e <a rel=\"noreferrer noopener\" href=\"https:\/\/www.google.com.br\/maps\/place\/Restaurante+Universit%C3%A1rio+Setorial+2\/@-19.8700908,-43.9670259,218m\/data=!3m1!1e3!4m5!1m2!2m1!1sRestaurante+Setorial+II!3m1!1s0x0000000000000000:0xd5ea31ac15e4649c!6m1!1e1\" target=\"_blank\">Setorial 2<\/a>, no campus Pampulha;<\/li><li>Restaurante do <a rel=\"noreferrer noopener\" href=\"https:\/\/www.google.com.br\/maps\/place\/Fump+-+Restaurante+Universit%C3%A1rio+campus+Sa%C3%BAde\/@-19.9250888,-43.9300962,19z\/data=!4m7!1m4!3m3!1s0xa699ec2b3b754b:0x821c6212a36dc4f1!2sAv.+Prof.+Alfredo+Balena,+Belo+Horizonte+-+MG!3b1!3m1!1s0x0000000000000000:0x7d0733f18ccf7c0b\" target=\"_blank\">Campus Sa\u00fade<\/a>;<\/li><li>Restaurante da <a rel=\"noreferrer noopener\" href=\"https:\/\/www.google.com.br\/maps\/place\/Av.+%C3%81lvares+Cabral,+211+-+Centro,+Belo+Horizonte+-+MG\/@-19.9255524,-43.9390733,17z\/data=!3m1!4b1!4m2!3m1!1s0xa699e6843b08eb:0x79e00f13b28bba5e\" target=\"_blank\">Faculdade de Direito<\/a>;<\/li><li>Restaurante do <a rel=\"noreferrer noopener\" href=\"https:\/\/www.google.com.br\/maps\/place\/Fump+-+Restaurante+Universit%C3%A1rio+ICA\/@-16.6805773,-43.8456186,16z\/data=!4m5!1m2!2m1!1sAv.+Universit%C3%A1ria,+1000,+Bairro+Universit%C3%A1rio+-+Montes+Claros+-+MG+!3m1!1s0x754aba4d4c63a73:0x14eef294c9e7aaff\" target=\"_blank\">Campus Montes Claros<\/a>.<\/li><\/ul>\n\n\n\n<p><\/p>\n\n\n\n<p><\/p>\n\n\n\n<p>Qualquer pessoa pode se alimentar nos bandej\u00f5es, mas os valores cobrados s\u00e3o diferentes dependendo do v\u00ednculo com a UFMG.<\/p>\n\n\n\n<p><\/p>\n\n\n\n<figure class=\"wp-block-table\"><table><tbody><tr><td>Estudantes posicionados pela Fump no n\u00edvel I<\/td><td>Gratuito<\/td><\/tr><tr><td>Estudantes posicionados pela Fump nos n\u00edveis II e III<\/td><td>R$ 1,00<\/td><\/tr><tr><td>Estudantes posicionados pela Fump no n\u00edvel IV-A<\/td><td>R$ 2,00<\/td><\/tr><tr><td>Estudantes posicionados pela Fump no n\u00edvel IV-B<\/td><td>R$ 2,90<\/td><\/tr><tr><td>Estudantes regularmente matriculados na UFMG e que n\u00e3o s\u00e3o posicionados pela Fump<\/td><td>R$ 5,60<\/td><\/tr><tr><td>Servidores t\u00e9cnico-administrativos em educa\u00e7\u00e3o<\/td><td>R$ 8,50<\/td><\/tr><tr><td>Prestadores de servi\u00e7os terceirizados vinculados aos contratos gerenciados pela Pr\u00f3-Reitoria de Administra\u00e7\u00e3o (PRA)<\/td><td>R$ 8,50 <\/td><\/tr><tr><td>Servidores docentes e usu\u00e1rios especiais<\/td><td>R$ 13,00<\/td><\/tr><tr><td>Visitantes<\/td><td>R$ 17,50<\/td><\/tr><\/tbody><\/table><figcaption>Tabela de pre\u00e7os praticados em fevereiro de 2024<\/figcaption><\/figure>\n\n\n\n<p>Os caf\u00e9s da manh\u00e3 s\u00e3o servidos gratuitamente apenas aos posicionados(as) n\u00edveis I, II e III, no campus Pampulha (Setorial 2) e nos campi Sa\u00fade e Montes Claros.<\/p>\n\n\n\n<p>Para comprovar o v\u00ednculo com a UFMG, os(as) usu\u00e1rios(as) devem apresentar a <a href=\"https:\/\/www.ufmg.br\/viverufmg\/primeiros-passos\/carteira-da-ufmg\/\" target=\"_blank\" rel=\"noreferrer noopener\">carteira da UFMG<\/a>. A carteirinha cont\u00e9m um c\u00f3digo interno que permite a identifica\u00e7\u00e3o autom\u00e1tica do pre\u00e7o da refei\u00e7\u00e3o do usu\u00e1rio, de acordo com sua categoria. <\/p>\n\n\n\n<p>Os(as) calouros(as) que ainda n\u00e3o possu\u00edrem a carteirinha devem apresentar o comprovante de matr\u00edcula e um documento oficial de identifica\u00e7\u00e3o com foto.<\/p>\n\n\n\n<p><a href=\"https:\/\/fump.ufmg.br\/programa-de-alimentacao\/\" data-type=\"URL\" data-id=\"https:\/\/fump.ufmg.br\/programa-de-alimentacao\/\" target=\"_blank\" rel=\"noreferrer noopener\">Hor\u00e1rios de funcionamento<\/a> dos RUs, <a rel=\"noreferrer noopener\" href=\"https:\/\/fump.ufmg.br\/cardapio-do-dia\/\" data-type=\"URL\" data-id=\"https:\/\/fump.ufmg.br\/cardapio-do-dia\/\" target=\"_blank\">card\u00e1pios do dia<\/a> e <a rel=\"noreferrer noopener\" href=\"https:\/\/fump.ufmg.br\/programa-de-alimentacao\/\" data-type=\"URL\" data-id=\"https:\/\/fump.ufmg.br\/programa-de-alimentacao\/\" target=\"_blank\">pre\u00e7os atualizados<\/a> est\u00e3o dispon\u00edveis no <a rel=\"noreferrer noopener\" href=\"https:\/\/fump.ufmg.br\/\" data-type=\"URL\" data-id=\"https:\/\/fump.ufmg.br\/\" target=\"_blank\">site da Fump<\/a>. Para informa\u00e7\u00f5es sobre como ter acesso aos programas de assist\u00eancia estudantil, <a rel=\"noreferrer noopener\" href=\"https:\/\/www.ufmg.br\/viverufmg\/como-ter-acesso\/\" data-type=\"URL\" data-id=\"https:\/\/www.ufmg.br\/viverufmg\/como-ter-acesso\/\" target=\"_blank\">clique aqui<\/a>.<\/p>\n\n\n\n<p><\/p>\n\n\n\n<h3>Outras Lanchonetes e Restaurantes<\/h3>\n\n\n\n<p>Os campi da UFMG contam com restaurantes e lanchonetes terceirizados em unidades acad\u00eamicas e \u00f3rg\u00e3os administrativos.&nbsp;Procure saber quais op\u00e7\u00f5es existem pr\u00f3ximas a sua unidade acad\u00eamica e nos locais que frequenta dentro do campus. <\/p>\n\n\n\n<p>As ofertas s\u00e3o variadas como self-service, pratos r\u00e1pidos, por\u00e7\u00f5es, lanches, prato feito, comida vegana, dentre outras. <\/p>\n\n\n\n<p>Se precisar, fale com o setor de fiscaliza\u00e7\u00e3o dos estabelecimentos pelo e-mail <a href=\"mailto:sfiscal@dsg.ufmg.br\">sfiscal@dsg.ufmg.br<\/a>.<\/p>\n\n\n\n<div class=\"wp-block-image\"><figure class=\"aligncenter size-full is-resized\"><img loading=\"lazy\" src=\"https:\/\/www.ufmg.br\/viverufmg\/wp-content\/uploads\/2023\/03\/Alimentacao-no-CAMPUS.png\" alt=\"\" class=\"wp-image-1617\" width=\"300\" height=\"96\" srcset=\"https:\/\/www.ufmg.br\/viverufmg\/wp-content\/uploads\/2023\/03\/Alimentacao-no-CAMPUS.png 1000w, https:\/\/www.ufmg.br\/viverufmg\/wp-content\/uploads\/2023\/03\/Alimentacao-no-CAMPUS-300x95.png 300w, https:\/\/www.ufmg.br\/viverufmg\/wp-content\/uploads\/2023\/03\/Alimentacao-no-CAMPUS-768x244.png 768w\" sizes=\"(max-width: 300px) 100vw, 300px\" \/><\/figure><\/div>\n","protected":false},"excerpt":{"rendered":"<p>Restaurantes Universit\u00e1rios Os cinco Restaurantes Universit\u00e1rios (RUs), os famosos &#8220;bandej\u00f5es&#8221;, [&hellip;]<\/p>\n","protected":false},"author":1,"featured_media":0,"parent":295,"menu_order":0,"comment_status":"closed","ping_status":"closed","template":"","meta":[],"_links":{"self":[{"href":"https:\/\/www.ufmg.br\/viverufmg\/wp-json\/wp\/v2\/pages\/667"}],"collection":[{"href":"https:\/\/www.ufmg.br\/viverufmg\/wp-json\/wp\/v2\/pages"}],"about":[{"href":"https:\/\/www.ufmg.br\/viverufmg\/wp-json\/wp\/v2\/types\/page"}],"author":[{"embeddable":true,"href":"https:\/\/www.ufmg.br\/viverufmg\/wp-json\/wp\/v2\/users\/1"}],"replies":[{"embeddable":true,"href":"https:\/\/www.ufmg.br\/viverufmg\/wp-json\/wp\/v2\/comments?post=667"}],"version-history":[{"count":34,"href":"https:\/\/www.ufmg.br\/viverufmg\/wp-json\/wp\/v2\/pages\/667\/revisions"}],"predecessor-version":[{"id":2160,"href":"https:\/\/www.ufmg.br\/viverufmg\/wp-json\/wp\/v2\/pages\/667\/revisions\/2160"}],"up":[{"embeddable":true,"href":"https:\/\/www.ufmg.br\/viverufmg\/wp-json\/wp\/v2\/pages\/295"}],"wp:attachment":[{"href":"https:\/\/www.ufmg.br\/viverufmg\/wp-json\/wp\/v2\/media?parent=667"}],"curies":[{"name":"wp","href":"https:\/\/api.w.org\/{rel}","templated":true}]}}